-- Table structure for table `llx_blockedlog_authority`
--

CREATE TABLE `llx_blockedlog_authority` (
  `rowid` int NOT NULL AUTO_INCREMENT,
  `blockchain` longtext CHARACTER SET utf8mb4 COLLATE utf8mb4_unicode_ci NOT NULL,
  `signature` varchar(100) CHARACTER SET utf8mb4 COLLATE utf8mb4_unicode_ci NOT NULL,
  `tms` timestamp NOT NULL DEFAULT CURRENT_TIMESTAMP ON UPDATE CURRENT_TIMESTAMP,
  PRIMARY KEY (`rowid`),
  KEY `signature` (`signature`)
) ENGINE=InnoDB DEFAULT CHARSET=utf8mb4 COLLATE=utf8mb4_unicode_ci;

--
-- Dumping data for table `llx_blockedlog_authority`
--


--
-- Table structure for table `llx_bom_bom`
--

CREATE TABLE `llx_bom_bom` (
  `rowid` int NOT NULL AUTO_INCREMENT,
  `entity` int NOT NULL DEFAULT '1',
  `ref` varchar(128) CHARACTER SET utf8mb4 COLLATE utf8mb4_unicode_ci NOT NULL,
  `bomtype` int DEFAULT '0',
  `label` varchar(255) CHARACTER SET utf8mb4 COLLATE utf8mb4_unicode_ci DEFAULT NULL,
  `fk_product` int DEFAULT NULL,
  `description` text CHARACTER SET utf8mb4 COLLATE utf8mb4_unicode_ci,
  `note_public` text CHARACTER SET utf8mb4 COLLATE utf8mb4_unicode_ci,
  `note_private` text CHARACTER SET utf8mb4 COLLATE utf8mb4_unicode_ci,
  `fk_warehouse` int DEFAULT NULL,
  `qty` double(24,8) DEFAULT NULL,
  `efficiency` double(24,8) DEFAULT '1.00000000',
  `duration` double(24,8) DEFAULT NULL,
  `date_creation` datetime NOT NULL,
  `date_valid` datetime DEFAULT NULL,
  `tms` timestamp NOT NULL DEFAULT CURRENT_TIMESTAMP ON UPDATE CURRENT_TIMESTAMP,
  `fk_user_creat` int NOT NULL,
  `fk_user_modif` int DEFAULT NULL,
  `fk_user_valid` int DEFAULT NULL,
  `import_key` varchar(14) CHARACTER SET utf8mb4 COLLATE utf8mb4_unicode_ci DEFAULT NULL,
  `model_pdf` varchar(255) CHARACTER SET utf8mb4 COLLATE utf8mb4_unicode_ci DEFAULT NULL,
  `last_main_doc` varchar(255) COLLATE utf8mb4_unicode_ci DEFAULT NULL,
  `status` int NOT NULL,
  PRIMARY KEY (`rowid`),
  UNIQUE KEY `uk_bom_bom_ref` (`ref`,`entity`),
  KEY `idx_bom_bom_rowid` (`rowid`),
  KEY `idx_bom_bom_ref` (`ref`),
  KEY `llx_bom_bom_fk_user_creat` (`fk_user_creat`),
  KEY `idx_bom_bom_status` (`status`),
  KEY `idx_bom_bom_fk_product` (`fk_product`),
  CONSTRAINT `llx_bom_bom_fk_user_creat` FOREIGN KEY (`fk_user_creat`) REFERENCES `llx_user` (`rowid`)
) ENGINE=InnoDB DEFAULT CHARSET=utf8mb4 COLLATE=utf8mb4_unicode_ci;

--
-- Dumping data for table `llx_bom_bom`
--


--
-- Table structure for table `llx_bom_bom_extrafields`
--

CREATE TABLE `llx_bom_bom_extrafields` (
  `rowid` int NOT NULL AUTO_INCREMENT,
  `tms` timestamp NOT NULL DEFAULT CURRENT_TIMESTAMP ON UPDATE CURRENT_TIMESTAMP,
  `fk_object` int NOT NULL,
  `import_key` varchar(14) CHARACTER SET utf8mb4 COLLATE utf8mb4_unicode_ci DEFAULT NULL,
  PRIMARY KEY (`rowid`),
  UNIQUE KEY `uk_bom_bom_extrafields_fk_object` (`fk_object`)
) ENGINE=InnoDB DEFAULT CHARSET=utf8mb4 COLLATE=utf8mb4_unicode_ci;

--
-- Dumping data for table `llx_bom_bom_extrafields`
--


--
-- Table structure for table `llx_bom_bomline`
--

CREATE TABLE `llx_bom_bomline` (
  `rowid` int NOT NULL AUTO_INCREMENT,
  `fk_bom` int NOT NULL,
  `fk_product` int NOT NULL,
  `fk_bom_child` int DEFAULT NULL,
  `description` text CHARACTER SET utf8mb4 COLLATE utf8mb4_unicode_ci,
  `import_key` varchar(14) CHARACTER SET utf8mb4 COLLATE utf8mb4_unicode_ci DEFAULT NULL,
  `qty` double(24,8) NOT NULL,
  `qty_frozen` smallint DEFAULT '0',
  `disable_stock_change` smallint DEFAULT '0',
  `efficiency` double(24,8) NOT NULL DEFAULT '1.00000000',
  `position` int NOT NULL DEFAULT '0',
  `fk_unit` int DEFAULT NULL,
  `fk_default_workstation` int DEFAULT NULL,
  `tms` timestamp NOT NULL DEFAULT CURRENT_TIMESTAMP ON UPDATE CURRENT_TIMESTAMP,
  PRIMARY KEY (`rowid`),
  KEY `idx_bom_bomline_rowid` (`rowid`),
  KEY `idx_bom_bomline_fk_product` (`fk_product`),
  KEY `idx_bom_bomline_fk_bom` (`fk_bom`),
  CONSTRAINT `llx_bom_bomline_fk_bom` FOREIGN KEY (`fk_bom`) REFERENCES `llx_bom_bom` (`rowid`)
) ENGINE=InnoDB DEFAULT CHARSET=utf8mb4 COLLATE=utf8mb4_unicode_ci;

--
-- Dumping data for table `llx_bom_bomline`
--


--
-- Table structure for table `llx_bom_bomline_extrafields`
--

CREATE TABLE `llx_bom_bomline_extrafields` (
  `rowid` int NOT NULL AUTO_INCREMENT,
  `tms` timestamp NOT NULL DEFAULT CURRENT_TIMESTAMP ON UPDATE CURRENT_TIMESTAMP,
  `fk_object` int NOT NULL,
  `import_key` varchar(14) CHARACTER SET utf8mb4 COLLATE utf8mb4_unicode_ci DEFAULT NULL,
  PRIMARY KEY (`rowid`)
) ENGINE=InnoDB DEFAULT CHARSET=utf8mb4 COLLATE=utf8mb4_unicode_ci;

--
-- Dumping data for table `llx_bom_bomline_extrafields`
--


--
-- Table structure for table `llx_bookmark`
--

CREATE TABLE `llx_bookmark` (
  `rowid` int NOT NULL AUTO_INCREMENT,
  `fk_user` int NOT NULL,
  `dateb` datetime DEFAULT NULL,
  `url` text CHARACTER SET utf8mb4 COLLATE utf8mb4_unicode_ci,
  `target` varchar(16) CHARACTER SET utf8mb4 COLLATE utf8mb4_unicode_ci DEFAULT NULL,
  `title` varchar(64) CHARACTER SET utf8mb4 COLLATE utf8mb4_unicode_ci DEFAULT NULL,
  `favicon` varchar(24) CHARACTER SET utf8mb4 COLLATE utf8mb4_unicode_ci DEFAULT NULL,
  `position` int DEFAULT '0',
  `entity` int NOT NULL DEFAULT '1',
  PRIMARY KEY (`rowid`),
  UNIQUE KEY `uk_bookmark_title` (`fk_user`,`entity`,`title`)
) ENGINE=InnoDB DEFAULT CHARSET=utf8mb4 COLLATE=utf8mb4_unicode_ci;

--
-- Dumping data for table `llx_bookmark`
--


--
-- Table structure for table `llx_bordereau_cheque`
--

CREATE TABLE `llx_bordereau_cheque` (
  `rowid` int NOT NULL AUTO_INCREMENT,
  `ref` varchar(30) CHARACTER SET utf8mb4 COLLATE utf8mb4_unicode_ci NOT NULL,
  `label` varchar(255) CHARACTER SET utf8mb4 COLLATE utf8mb4_unicode_ci DEFAULT NULL,
  `ref_ext` varchar(255) CHARACTER SET utf8mb4 COLLATE utf8mb4_unicode_ci DEFAULT NULL,
  `datec` datetime NOT NULL,
  `date_bordereau` date DEFAULT NULL,
  `amount` double(24,8) NOT NULL,
  `nbcheque` smallint NOT NULL,
  `fk_bank_account` int DEFAULT NULL,
  `fk_user_author` int DEFAULT NULL,
  `statut` smallint NOT NULL DEFAULT '0',
  `tms` timestamp NOT NULL DEFAULT CURRENT_TIMESTAMP ON UPDATE CURRENT_TIMESTAMP,
  `note` text CHARACTER SET utf8mb4 COLLATE utf8mb4_unicode_ci,
  `entity` int NOT NULL DEFAULT '1',
  `type` varchar(6) CHARACTER SET utf8mb4 COLLATE utf8mb4_unicode_ci DEFAULT 'CHQ',
  PRIMARY KEY (`rowid`),
  UNIQUE KEY `uk_bordereau_cheque` (`ref`,`entity`)
) ENGINE=InnoDB AUTO_INCREMENT=3 DEFAULT CHARSET=utf8mb4 COLLATE=utf8mb4_unicode_ci;

--
-- Dumping data for table `llx_bordereau_cheque`
--

INSERT INTO `llx_bordereau_cheque` (`rowid`, `ref`, `label`, `ref_ext`, `datec`, `date_bordereau`, `amount`, `nbcheque`, `fk_bank_account`, `fk_user_author`, `statut`, `tms`, `note`, `entity`, `type`) VALUES (2,'CHK2211-0001',NULL,'','2022-11-21 05:41:55','2022-11-21',5045.25000000,2,2,3,1,'2022-11-21 04:42:06',NULL,1,'CHQ');

--
-- Table structure for table `llx_boxes`
--

CREATE TABLE `llx_boxes` (
  `rowid` int NOT NULL AUTO_INCREMENT,
  `entity` int NOT NULL DEFAULT '1',
  `box_id` int NOT NULL,
  `position` smallint NOT NULL,
  `box_order` varchar(3) CHARACTER SET utf8mb4 COLLATE utf8mb4_unicode_ci NOT NULL,
  `fk_user` int NOT NULL DEFAULT '0',
  `maxline` int DEFAULT NULL,
  `params` varchar(255) CHARACTER SET utf8mb4 COLLATE utf8mb4_unicode_ci DEFAULT NULL,
  PRIMARY KEY (`rowid`),
  UNIQUE KEY `uk_boxes` (`entity`,`box_id`,`position`,`fk_user`),
  KEY `idx_boxes_boxid` (`box_id`),
  KEY `idx_boxes_fk_user` (`fk_user`),
  CONSTRAINT `fk_boxes_box_id` FOREIGN KEY (`box_id`) REFERENCES `llx_boxes_def` (`rowid`)
) ENGINE=InnoDB AUTO_INCREMENT=333 DEFAULT CHARSET=utf8mb4 COLLATE=utf8mb4_unicode_ci;

--
-- Dumping data for table `llx_boxes`
--

INSERT INTO `llx_boxes` (`rowid`, `entity`, `box_id`, `position`, `box_order`, `fk_user`, `maxline`, `params`) VALUES (7,1,6,0,'B22',0,NULL,NULL),(8,1,7,0,'B18',0,NULL,NULL),(9,1,7,27,'A35',0,NULL,NULL),(10,1,8,0,'A25',0,NULL,NULL),(14,1,12,0,'B12',0,NULL,NULL),(15,1,13,0,'B32',0,NULL,NULL),(16,1,14,0,'B26',0,NULL,NULL),(17,1,15,0,'A19',0,NULL,NULL),(18,1,16,0,'A13',0,NULL,NULL),(26,1,24,0,'A11',0,NULL,NULL),(28,1,28,0,'B10',0,NULL,NULL),(29,1,29,0,'B30',0,NULL,NULL),(30,1,30,0,'A23',0,NULL,NULL),(31,1,31,0,'B16',0,NULL,NULL),(32,1,32,0,'A09',0,NULL,NULL),(33,1,33,0,'A29',0,NULL,NULL),(43,1,45,0,'A31',0,NULL,NULL),(44,1,46,0,'B24',0,NULL,NULL),(98,1,70,0,'A05',0,NULL,NULL),(99,1,71,0,'B06',0,NULL,NULL),(100,1,72,0,'A07',0,NULL,NULL),(154,1,82,0,'0',0,NULL,NULL),(204,1,121,0,'0',0,NULL,NULL),(205,1,122,0,'0',0,NULL,NULL),(206,1,123,0,'0',0,NULL,NULL),(207,1,124,0,'0',0,NULL,NULL),(208,1,125,0,'0',0,NULL,NULL),(232,1,137,0,'0',0,NULL,NULL),(233,1,138,0,'0',0,NULL,NULL),(234,1,139,0,'0',0,NULL,NULL),(236,1,82,0,'A01',2,NULL,NULL),(237,1,121,0,'A02',2,NULL,NULL),(238,1,122,0,'A03',2,NULL,NULL),(239,1,123,0,'A04',2,NULL,NULL),(240,1,137,0,'A05',2,NULL,NULL),(241,1,138,0,'A06',2,NULL,NULL),(242,1,70,0,'A07',2,NULL,NULL),(243,1,72,0,'A08',2,NULL,NULL),(244,1,32,0,'A09',2,NULL,NULL),(245,1,24,0,'A10',2,NULL,NULL),(246,1,30,0,'A11',2,NULL,NULL),(247,1,8,0,'A12',2,NULL,NULL),(248,1,33,0,'A13',2,NULL,NULL),(249,1,45,0,'A14',2,NULL,NULL),(250,1,71,0,'B01',2,NULL,NULL),(251,1,139,0,'B02',2,NULL,NULL),(252,1,28,0,'B03',2,NULL,NULL),(253,1,12,0,'B04',2,NULL,NULL),(254,1,31,0,'B05',2,NULL,NULL),(255,1,6,0,'B06',2,NULL,NULL),(256,1,46,0,'B07',2,NULL,NULL),(257,1,14,0,'B08',2,NULL,NULL),(258,1,29,0,'B09',2,NULL,NULL),(259,1,13,0,'B10',2,NULL,NULL),(307,1,30,0,'A01',3,NULL,NULL),(308,1,28,0,'A02',3,NULL,NULL),(309,1,46,0,'A03',3,NULL,NULL),(310,1,24,0,'A04',3,NULL,NULL),(311,1,8,0,'A05',3,NULL,NULL),(312,1,12,0,'A06',3,NULL,NULL),(313,1,14,0,'A07',3,NULL,NULL),(314,1,139,0,'B01',3,NULL,NULL),(315,1,33,0,'B02',3,NULL,NULL),(316,1,29,0,'B03',3,NULL,NULL),(317,1,45,0,'B04',3,NULL,NULL),(318,1,139,0,'A01',11,NULL,NULL),(319,1,72,0,'A02',11,NULL,NULL),(320,1,146,0,'0',0,NULL,NULL),(321,1,147,0,'0',0,NULL,NULL),(322,1,148,0,'0',0,NULL,NULL),(323,1,149,0,'0',0,NULL,NULL),(324,1,150,0,'0',0,NULL,NULL),(325,1,151,0,'0',0,NULL,NULL),(326,1,152,0,'0',0,NULL,NULL),(329,1,155,0,'0',0,NULL,NULL),(330,1,156,0,'0',0,NULL,NULL),(331,1,157,0,'0',0,NULL,NULL),(332,1,158,0,'0',0,NULL,NULL);

--
-- Table structure for table `llx_boxes_def`
--

CREATE TABLE `llx_boxes_def` (
  `rowid` int NOT NULL AUTO_INCREMENT,
  `file` varchar(200) CHARACTER SET utf8mb4 COLLATE utf8mb4_unicode_ci NOT NULL,
  `entity` int NOT NULL DEFAULT '1',
  `tms` timestamp NOT NULL DEFAULT CURRENT_TIMESTAMP ON UPDATE CURRENT_TIMESTAMP,
  `note` varchar(130) CHARACTER SET utf8mb4 COLLATE utf8mb4_unicode_ci DEFAULT NULL,
  `fk_user` int NOT NULL DEFAULT '0',
  PRIMARY KEY (`rowid`),
  UNIQUE KEY `uk_boxes_def` (`file`,`entity`,`note`)
) ENGINE=InnoDB AUTO_INCREMENT=159 DEFAULT CHARSET=utf8mb4 COLLATE=utf8mb4_unicode_ci;

--
-- Dumping data for table `llx_boxes_def`
--

INSERT INTO `llx_boxes_def` (`rowid`, `file`, `entity`, `tms`, `note`, `fk_user`) VALUES (6,'box_produits.php',1,'2021-06-28 00:40:00',NULL,0),(7,'box_produits_alerte_stock.php',1,'2021-06-28 00:40:00',NULL,0),(8,'box_graph_product_distribution.php',1,'2021-06-28 00:40:00',NULL,0),(12,'box_clients.php',1,'2021-06-28 00:40:01',NULL,0),(13,'box_prospect.php',1,'2021-06-28 00:40:01',NULL,0),(14,'box_contacts.php',1,'2021-06-28 00:40:01',NULL,0),(15,'box_activity.php',1,'2021-06-28 00:40:01','(WarningUsingThisBoxSlowDown)',0),(16,'box_goodcustomers.php',1,'2021-06-28 00:40:01','(WarningUsingThisBoxSlowDown)',0),(24,'box_services_contracts.php',1,'2021-06-28 00:40:06',NULL,0),(28,'box_factures_imp.php',1,'2021-06-28 00:40:32',NULL,0),(29,'box_factures.php',1,'2021-06-28 00:40:32',NULL,0),(30,'box_graph_invoices_permonth.php',1,'2021-06-28 00:40:32',NULL,0),(31,'box_customers_outstanding_bill_reached.php',1,'2021-06-28 00:40:32',NULL,0),(32,'box_graph_propales_permonth.php',1,'2021-06-28 00:40:41',NULL,0),(33,'box_propales.php',1,'2021-06-28 00:40:41',NULL,0),(45,'box_contracts.php',1,'2021-06-28 00:45:01',NULL,0),(46,'box_services_expired.php',1,'2021-06-28 00:45:01',NULL,0),(56,'box_graph_ticket_by_severity.php',1,'2022-11-03 23:13:34',NULL,0),(59,'box_graph_new_vs_close_ticket.php',1,'2022-11-03 23:13:34',NULL,0),(70,'box_commandes.php',1,'2022-11-14 08:31:29',NULL,0),(71,'box_graph_orders_permonth.php',1,'2022-11-14 08:31:29',NULL,0),(72,'box_shipments.php',1,'2022-11-14 08:31:31',NULL,0),(82,'box_scheduled_jobs.php',1,'2023-11-23 05:04:12',NULL,0),(121,'box_project.php',1,'2024-03-14 17:56:11',NULL,0),(122,'box_project_opportunities.php',1,'2024-03-14 17:56:11',NULL,0),(123,'box_task.php',1,'2024-03-14 17:56:11',NULL,0),(124,'box_validated_projects.php',1,'2024-03-14 17:56:11',NULL,0),(125,'box_funnel_of_prospection.php',1,'2024-03-14 17:56:11',NULL,0),(137,'box_lastlogin.php',1,'2024-07-23 19:54:01',NULL,0),(138,'box_birthdays.php',1,'2024-07-23 19:54:01',NULL,0),(139,'box_dolibarr_state_board.php',1,'2024-07-23 19:54:01',NULL,0),(144,'box_accountancy_last_manual_entries.php',1,'2024-10-16 19:00:00',NULL,0),(145,'box_accountancy_suspense_account.php',1,'2024-10-16 19:00:00',NULL,0),(146,'box_graph_invoices_supplier_permonth.php',1,'2024-10-19 14:12:41',NULL,0),(147,'box_graph_orders_supplier_permonth.php',1,'2024-10-19 14:12:41',NULL,0),(148,'box_fournisseurs.php',1,'2024-10-19 14:12:41',NULL,0),(149,'box_factures_fourn_imp.php',1,'2024-10-19 14:12:41',NULL,0),(150,'box_factures_fourn.php',1,'2024-10-19 14:12:41',NULL,0),(151,'box_supplier_orders.php',1,'2024-10-19 14:12:41',NULL,0),(152,'box_supplier_orders_awaiting_reception.php',1,'2024-10-19 14:12:41',NULL,0),(155,'box_actions.php',1,'2025-03-05 03:55:18',NULL,0),(156,'box_actions_future.php',1,'2025-03-05 03:55:18',NULL,0),(157,'box_sellyoursaas_backup_errors.php@sellyoursaas',1,'2025-03-05 03:56:07',NULL,0),(158,'box_comptes.php',1,'2025-04-01 21:49:47',NULL,0);

--
-- Table structure for table `llx_budget`
--

CREATE TABLE `llx_budget` (
  `rowid` int NOT NULL AUTO_INCREMENT,
  `entity` int NOT NULL DEFAULT '1',
  `label` varchar(255) CHARACTER SET utf8mb4 COLLATE utf8mb4_unicode_ci NOT NULL,
  `status` int DEFAULT NULL,
  `note` text CHARACTER SET utf8mb4 COLLATE utf8mb4_unicode_ci,
  `date_start` date DEFAULT NULL,
  `date_end` date DEFAULT NULL,
  `datec` datetime DEFAULT NULL,
  `tms` timestamp NOT NULL DEFAULT CURRENT_TIMESTAMP ON UPDATE CURRENT_TIMESTAMP,
  `fk_user_creat` int DEFAULT NULL,
  `fk_user_modif` int DEFAULT NULL,
  `import_key` int DEFAULT NULL,
  PRIMARY KEY (`rowid`)
) ENGINE=InnoDB DEFAULT CHARSET=utf8mb4 COLLATE=utf8mb4_unicode_ci;

--
-- Dumping data for table `llx_budget`
--


--
-- Table structure for table `llx_budget_lines`
--

CREATE TABLE `llx_budget_lines` (
  `rowid` int NOT NULL AUTO_INCREMENT,
  `fk_budget` int NOT NULL,
  `fk_project_ids` varchar(180) CHARACTER SET utf8mb4 COLLATE utf8mb4_unicode_ci NOT NULL,
  `amount` double(24,8) NOT NULL,
  `datec` datetime DEFAULT NULL,
  `tms` timestamp NOT NULL DEFAULT CURRENT_TIMESTAMP ON UPDATE CURRENT_TIMESTAMP,
  `fk_user_creat` int DEFAULT NULL,
  `fk_user_modif` int DEFAULT NULL,
  `import_key` int DEFAULT NULL,
  PRIMARY KEY (`rowid`),
  UNIQUE KEY `uk_budget_lines` (`fk_budget`,`fk_project_ids`),
  CONSTRAINT `fk_budget_lines_budget` FOREIGN KEY (`fk_budget`) REFERENCES `llx_budget` (`rowid`)
) ENGINE=InnoDB DEFAULT CHARSET=utf8mb4 COLLATE=utf8mb4_unicode_ci;

--
-- Dumping data for table `llx_budget_lines`
--


--
-- Table structure for table `llx_c_accounting_category`
--

CREATE TABLE `llx_c_accounting_category` (
  `rowid` int NOT NULL AUTO_INCREMENT,
  `entity` int NOT NULL DEFAULT '1',
  `fk_report` int NOT NULL DEFAULT '1',
  `code` varchar(16) CHARACTER SET utf8mb4 COLLATE utf8mb4_unicode_ci NOT NULL,
  `label` varchar(255) CHARACTER SET utf8mb4 COLLATE utf8mb4_unicode_ci NOT NULL,
  `range_account` varchar(255) CHARACTER SET utf8mb4 COLLATE utf8mb4_unicode_ci NOT NULL,
  `sens` tinyint NOT NULL DEFAULT '0',
  `category_type` tinyint NOT NULL DEFAULT '0',
  `formula` varchar(255) CHARACTER SET utf8mb4 COLLATE utf8mb4_unicode_ci NOT NULL,
  `position` int DEFAULT '0',
  `fk_country` int DEFAULT NULL,
  `active` int DEFAULT '1',
  PRIMARY KEY (`rowid`),
  UNIQUE KEY `uk_c_accounting_category` (`code`,`entity`,`fk_report`)
) ENGINE=InnoDB AUTO_INCREMENT=4 DEFAULT CHARSET=utf8mb4 COLLATE=utf8mb4_unicode_ci;

--
-- Dumping data for table `llx_c_accounting_category`
--

INSERT INTO `llx_c_accounting_category` (`rowid`, `entity`, `fk_report`, `code`, `label`, `range_account`, `sens`, `category_type`, `formula`, `position`, `fk_country`, `active`) VALUES (1,1,1,'INCOMES','Income of products/services','Example: 7xxxxx',0,0,'',10,0,1),(2,1,1,'EXPENSES','Expenses of products/services','Example: 6xxxxx',0,0,'',20,0,1),(3,1,1,'PROFIT','Balance','',0,1,'INCOMES+EXPENSES',30,0,1);

--
-- Table structure for table `llx_c_accounting_report`
--

CREATE TABLE `llx_c_accounting_report` (
  `rowid` int NOT NULL AUTO_INCREMENT,
  `entity` int NOT NULL DEFAULT '1',
  `code` varchar(16) NOT NULL,
  `label` varchar(255) NOT NULL,
  `fk_country` int DEFAULT NULL,
  `active` int DEFAULT '1',
  PRIMARY KEY (`rowid`),
  UNIQUE KEY `uk_c_accounting_report` (`code`,`entity`)
) ENGINE=InnoDB AUTO_INCREMENT=3 DEFAULT CHARSET=utf8mb4 COLLATE=utf8mb4_0900_ai_ci;

--
-- Dumping data for table `llx_c_accounting_report`
--

INSERT INTO `llx_c_accounting_report` (`rowid`, `entity`, `code`, `label`, `fk_country`, `active`) VALUES (1,1,'REP','Report personalized',NULL,1);

--
-- Table structure for table `llx_c_action_trigger`
--

CREATE TABLE `llx_c_action_trigger` (
  `rowid` int NOT NULL AUTO_INCREMENT,
  `elementtype` varchar(64) CHARACTER SET utf8mb4 COLLATE utf8mb4_unicode_ci DEFAULT NULL,
  `code` varchar(128) CHARACTER SET utf8mb4 COLLATE utf8mb4_unicode_ci DEFAULT NULL,
  `label` varchar(128) CHARACTER SET utf8mb4 COLLATE utf8mb4_unicode_ci NOT NULL,
  `description` varchar(255) CHARACTER SET utf8mb4 COLLATE utf8mb4_unicode_ci DEFAULT NULL,
  `rang` int DEFAULT '0',
  `contexts` varchar(255) CHARACTER SET utf8mb4 COLLATE utf8mb4_unicode_ci DEFAULT NULL,
  PRIMARY KEY (`rowid`),
  UNIQUE KEY `uk_action_trigger_code` (`code`),
  KEY `idx_action_trigger_rang` (`rang`)
) ENGINE=InnoDB AUTO_INCREMENT=654 DEFAULT CHARSET=utf8mb4 COLLATE=utf8mb4_unicode_ci;

--
-- Dumping data for table `llx_c_action_trigger`
--

INSERT INTO `llx_c_action_trigger` (`rowid`, `elementtype`, `code`, `label`, `description`, `rang`, `contexts`) VALUES (497,'societe','COMPANY_CREATE','Third party created','Executed when a third party is created',1,NULL),(498,'societe','COMPANY_MODIFY','Third party update','Executed when you update third party',1,NULL),(499,'societe','COMPANY_SENTBYMAIL','Mails sent from third party card','Executed when you send email from third party card',1,NULL),(500,'societe','COMPANY_DELETE','Third party deleted','Executed when you delete third party',1,NULL),(501,'societe','COMPANY_RIB_CREATE','Third party payment information created','Executed when a third party payment information is created',1,NULL),(502,'societe','COMPANY_RIB_MODIFY','Third party payment information updated','Executed when a third party payment information is updated',1,NULL),(503,'societe','COMPANY_RIB_DELETE','Third party payment information deleted','Executed when a third party payment information is deleted',1,NULL),(504,'propal','PROPAL_VALIDATE','Customer proposal validated','Executed when a commercial proposal is validated',2,NULL),(505,'propal','PROPAL_MODIFY','Customer proposal modified','Executed when a customer proposal is modified',2,NULL),(506,'propal','PROPAL_SENTBYMAIL','Commercial proposal sent by mail','Executed when a commercial proposal is sent by mail',3,NULL),(507,'propal','PROPAL_CLOSE_SIGNED','Customer proposal closed signed','Executed when a customer proposal is closed signed',2,NULL),(508,'propal','PROPAL_CLOSE_REFUSED','Customer proposal closed refused','Executed when a customer proposal is closed refused',2,NULL),(509,'propal','PROPAL_CLASSIFY_BILLED','Customer proposal set billed','Executed when a customer proposal is set to billed',2,NULL),(510,'propal','PROPAL_DELETE','Customer proposal deleted','Executed when a customer proposal is deleted',2,NULL),(511,'commande','ORDER_VALIDATE','Customer order validate','Executed when a customer order is validated',4,NULL),(512,'commande','ORDER_CLOSE','Customer order classify delivered','Executed when a customer order is set delivered',5,NULL),(513,'commande','ORDER_MODIFY','Customer order modified','Executed when a customer order is set modified',5,NULL),(514,'commande','ORDER_CLASSIFY_BILLED','Customer order classify billed','Executed when a customer order is set to billed',5,NULL),(515,'commande','ORDER_CANCEL','Customer order canceled','Executed when a customer order is canceled',5,NULL),(516,'commande','ORDER_SENTBYMAIL','Customer order sent by mail','Executed when a customer order is sent by mail ',5,NULL),(517,'commande','ORDER_DELETE','Customer order deleted','Executed when a customer order is deleted',5,NULL),(518,'facture','BILL_VALIDATE','Customer invoice validated','Executed when a customer invoice is approved',6,NULL),(519,'facture','BILL_MODIFY','Customer invoice modified','Executed when a customer invoice is modified',7,NULL),(520,'facture','BILL_PAYED','Customer invoice payed','Executed when a customer invoice is payed',7,NULL),(521,'facture','BILL_CANCEL','Customer invoice canceled','Executed when a customer invoice is conceled',8,NULL),(522,'facture','BILL_SENTBYMAIL','Customer invoice sent by mail','Executed when a customer invoice is sent by mail',9,NULL),(523,'facture','BILL_UNVALIDATE','Customer invoice unvalidated','Executed when a customer invoice status set back to draft',9,NULL),(524,'facture','BILL_DELETE','Customer invoice deleted','Executed when a customer invoice is deleted',9,NULL),(525,'proposal_supplier','PROPOSAL_SUPPLIER_VALIDATE','Price request validated','Executed when a commercial proposal is validated',10,NULL),(526,'proposal_supplier','PROPOSAL_SUPPLIER_MODIFY','Price request modified','Executed when a commercial proposal is modified',10,NULL),(527,'proposal_supplier','PROPOSAL_SUPPLIER_SENTBYMAIL','Price request sent by mail','Executed when a commercial proposal is sent by mail',10,NULL),(528,'proposal_supplier','PROPOSAL_SUPPLIER_CLOSE_SIGNED','Price request closed signed','Executed when a customer proposal is closed signed',10,NULL),(529,'proposal_supplier','PROPOSAL_SUPPLIER_CLOSE_REFUSED','Price request closed refused','Executed when a customer proposal is closed refused',10,NULL),(530,'proposal_supplier','PROPOSAL_SUPPLIER_DELETE','Price request deleted','Executed when a customer proposal delete',10,NULL),(531,'order_supplier','ORDER_SUPPLIER_VALIDATE','Supplier order validated','Executed when a supplier order is validated',12,NULL),(532,'order_supplier','ORDER_SUPPLIER_APPROVE','Supplier order request approved','Executed when a supplier order is approved',13,NULL),(533,'order_supplier','ORDER_SUPPLIER_MODIFY','Supplier order request modified','Executed when a supplier order is modified',13,NULL),(534,'order_supplier','ORDER_SUPPLIER_SUBMIT','Supplier order request submited','Executed when a supplier order is approved',13,NULL),(535,'order_supplier','ORDER_SUPPLIER_RECEIVE','Supplier order request received','Executed when a supplier order is received',13,NULL),(536,'order_supplier','ORDER_SUPPLIER_REFUSE','Supplier order request refused','Executed when a supplier order is refused',13,NULL),(537,'order_supplier','ORDER_SUPPLIER_CANCEL','Supplier order request canceled','Executed when a supplier order is canceled',13,NULL),(538,'order_supplier','ORDER_SUPPLIER_SENTBYMAIL','Supplier order sent by mail','Executed when a supplier order is sent by mail',14,NULL),(539,'order_supplier','ORDER_SUPPLIER_CLASSIFY_BILLED','Supplier order set billed','Executed when a supplier order is set as billed',14,NULL),(540,'order_supplier','ORDER_SUPPLIER_DELETE','Supplier order deleted','Executed when a supplier order is deleted',14,NULL),(541,'invoice_supplier','BILL_SUPPLIER_VALIDATE','Supplier invoice validated','Executed when a supplier invoice is validated',15,NULL),(542,'invoice_supplier','BILL_SUPPLIER_MODIFY','Supplier invoice modified','Executed when a supplier invoice is modified',15,NULL),(543,'invoice_supplier','BILL_SUPPLIER_UNVALIDATE','Supplier invoice unvalidated','Executed when a supplier invoice status is set back to draft',15,NULL),(544,'invoice_supplier','BILL_SUPPLIER_PAYED','Supplier invoice payed','Executed when a supplier invoice is payed',16,NULL),(545,'invoice_supplier','BILL_SUPPLIER_SENTBYMAIL','Supplier invoice sent by mail','Executed when a supplier invoice is sent by mail',17,NULL),(546,'invoice_supplier','BILL_SUPPLIER_CANCELED','Supplier invoice cancelled','Executed when a supplier invoice is cancelled',17,NULL),(547,'invoice_supplier','BILL_SUPPLIER_DELETE','Supplier invoice deleted','Executed when a supplier invoice is deleted',17,NULL),(548,'contrat','CONTRACT_VALIDATE','Contract validated','Executed when a contract is validated',18,NULL),(549,'contrat','CONTRACT_MODIFY','Contract modified','Executed when a contract is modified',18,NULL),(550,'contrat','CONTRACT_SENTBYMAIL','Contract sent by mail','Executed when a contract is sent by mail',18,NULL),(551,'contrat','CONTRACT_DELETE','Contract deleted','Executed when a contract is deleted',18,NULL),(552,'shipping','SHIPPING_VALIDATE','Shipping validated','Executed when a shipping is validated',20,NULL),(553,'shipping','SHIPPING_MODIFY','Shipping modified','Executed when a shipping is modified',20,NULL),(554,'shipping','SHIPPING_SENTBYMAIL','Shipping sent by mail','Executed when a shipping is sent by mail',21,NULL),(555,'shipping','SHIPPING_DELETE','Shipping sent is deleted','Executed when a shipping is deleted',21,NULL),(556,'reception','RECEPTION_VALIDATE','Reception validated','Executed when a reception is validated',22,NULL),(557,'reception','RECEPTION_SENTBYMAIL','Reception sent by mail','Executed when a reception is sent by mail',22,NULL),(558,'member','MEMBER_VALIDATE','Member validated','Executed when a member is validated',22,NULL),(559,'member','MEMBER_MODIFY','Member modified','Executed when a member is modified',23,NULL),(560,'member','MEMBER_SENTBYMAIL','Mails sent from member card','Executed when you send email from member card',23,NULL),(561,'member','MEMBER_SUBSCRIPTION_CREATE','Member subscribtion recorded','Executed when a member subscribtion is deleted',24,NULL),(562,'member','MEMBER_SUBSCRIPTION_MODIFY','Member subscribtion modified','Executed when a member subscribtion is modified',24,NULL),(563,'member','MEMBER_SUBSCRIPTION_DELETE','Member subscribtion deleted','Executed when a member subscribtion is deleted',24,NULL),(564,'member','MEMBER_RESILIATE','Member resiliated','Executed when a member is resiliated',25,NULL),(565,'member','MEMBER_DELETE','Member deleted','Executed when a member is deleted',26,NULL),(566,'member','MEMBER_EXCLUDE','Member excluded','Executed when a member is excluded',27,NULL),(567,'ficheinter','FICHINTER_VALIDATE','Intervention validated','Executed when a intervention is validated',30,NULL),(568,'ficheinter','FICHINTER_MODIFY','Intervention modify','Executed when a intervention is modify',30,NULL),(569,'ficheinter','FICHINTER_CLASSIFY_BILLED','Intervention set billed','Executed when a intervention is set to billed (when option FICHINTER_CLASSIFY_BILLED is set)',32,NULL),(570,'ficheinter','FICHINTER_CLASSIFY_UNBILLED','Intervention set unbilled','Executed when a intervention is set to unbilled (when option FICHINTER_CLASSIFY_BILLED is set)',33,NULL),(571,'ficheinter','FICHINTER_REOPEN','Intervention opened','Executed when a intervention is re-opened',34,NULL),(572,'ficheinter','FICHINTER_SENTBYMAIL','Intervention sent by mail','Executed when a intervention is sent by mail',35,NULL),(573,'ficheinter','FICHINTER_DELETE','Intervention is deleted','Executed when a intervention is deleted',35,NULL),(574,'ficheinter','FICHINTER_CLOSE','Intervention is done','Executed when a intervention is done',36,NULL),(575,'product','PRODUCT_CREATE','Product or service created','Executed when a product or sevice is created',40,NULL),(576,'product','PRODUCT_MODIFY','Product or service modified','Executed when a product or sevice is modified',41,NULL),(577,'product','PRODUCT_DELETE','Product or service deleted','Executed when a product or sevice is deleted',42,NULL),(578,'expensereport','EXPENSE_REPORT_CREATE','Expense report created','Executed when an expense report is created',201,NULL),(579,'expensereport','EXPENSE_REPORT_VALIDATE','Expense report validated','Executed when an expense report is validated',202,NULL),(580,'expensereport','EXPENSE_REPORT_MODIFY','Expense report modified','Executed when an expense report is modified',202,NULL),(581,'expensereport','EXPENSE_REPORT_APPROVE','Expense report approved','Executed when an expense report is approved',203,NULL),(582,'expensereport','EXPENSE_REPORT_PAID','Expense report billed','Executed when an expense report is set as billed',204,NULL),(583,'expensereport','EXPENSE_REPORT_DELETE','Expense report deleted','Executed when an expense report is deleted',205,NULL),(584,'project','PROJECT_CREATE','Project creation','Executed when a project is created',140,NULL),(585,'project','PROJECT_VALIDATE','Project validation','Executed when a project is validated',141,NULL),(586,'project','PROJECT_MODIFY','Project modified','Executed when a project is modified',142,NULL),(587,'project','PROJECT_DELETE','Project deleted','Executed when a project is deleted',143,NULL),(588,'project','PROJECT_SENTBYMAIL','Project sent by mail','Executed when a project is sent by email',144,NULL),(589,'project','PROJECT_CLOSE','Project closed','Executed when a project is closed',145,NULL),(590,'ticket','TICKET_CREATE','Ticket created','Executed when a ticket is created',161,NULL),(591,'ticket','TICKET_MODIFY','Ticket modified','Executed when a ticket is modified',163,NULL),(592,'ticket','TICKET_ASSIGNED','Ticket assigned','Executed when a ticket is modified',164,NULL),(593,'ticket','TICKET_CLOSE','Ticket closed','Executed when a ticket is closed',165,NULL),(594,'ticket','TICKET_SENTBYMAIL','Ticket message sent by email','Executed when a message is sent from the ticket record',166,NULL),(595,'ticket','TICKET_DELETE','Ticket deleted','Executed when a ticket is deleted',167,NULL),(596,'user','USER_SENTBYMAIL','Email sent','Executed when an email is sent from user card',300,NULL),(597,'user','USER_CREATE','User created','Executed when a user is created',301,NULL),(598,'user','USER_MODIFY','User update','Executed when a user is updated',302,NULL),(599,'user','USER_DELETE','User update','Executed when a user is deleted',303,NULL),(600,'user','USER_NEW_PASSWORD','User update','Executed when a user is change password',304,NULL),(601,'user','USER_ENABLEDISABLE','User update','Executed when a user is enable or disable',305,NULL),(603,'bom','BOM_VALIDATE','BOM validated','Executed when a BOM is validated',650,NULL),(604,'bom','BOM_UNVALIDATE','BOM unvalidated','Executed when a BOM is unvalidated',651,NULL),(605,'bom','BOM_CLOSE','BOM disabled','Executed when a BOM is disabled',652,NULL),(606,'bom','BOM_REOPEN','BOM reopen','Executed when a BOM is re-open',653,NULL),(607,'bom','BOM_DELETE','BOM deleted','Executed when a BOM deleted',654,NULL),(608,'mrp','MRP_MO_VALIDATE','MO validated','Executed when a MO is validated',660,NULL),(609,'mrp','MRP_MO_PRODUCED','MO produced','Executed when a MO is produced',661,NULL),(610,'mrp','MRP_MO_DELETE','MO deleted','Executed when a MO is deleted',662,NULL),(611,'mrp','MRP_MO_CANCEL','MO canceled','Executed when a MO is canceled',663,NULL),(612,'contact','CONTACT_CREATE','Contact address created','Executed when a contact is created',50,NULL),(613,'contact','CONTACT_MODIFY','Contact address update','Executed when a contact is updated',51,NULL),(614,'contact','CONTACT_SENTBYMAIL','Mails sent from third party card','Executed when you send email from contact address record',52,NULL),(615,'contact','CONTACT_DELETE','Contact address deleted','Executed when a contact is deleted',53,NULL),(616,'recruitment','RECRUITMENTJOBPOSITION_CREATE','Job created','Executed when a job is created',7500,NULL),(617,'recruitment','RECRUITMENTJOBPOSITION_MODIFY','Job modified','Executed when a job is modified',7502,NULL),(618,'recruitment','RECRUITMENTJOBPOSITION_SENTBYMAIL','Mails sent from job record','Executed when you send email from job record',7504,NULL),(619,'recruitment','RECRUITMENTJOBPOSITION_DELETE','Job deleted','Executed when a job is deleted',7506,NULL),(620,'recruitment','RECRUITMENTCANDIDATURE_CREATE','Candidature created','Executed when a candidature is created',7510,NULL),(621,'recruitment','RECRUITMENTCANDIDATURE_MODIFY','Candidature modified','Executed when a candidature is modified',7512,NULL),(622,'recruitment','RECRUITMENTCANDIDATURE_SENTBYMAIL','Mails sent from candidature record','Executed when you send email from candidature record',7514,NULL),(623,'recruitment','RECRUITMENTCANDIDATURE_DELETE','Candidature deleted','Executed when a candidature is deleted',7516,NULL),(624,'project','TASK_CREATE','Task created','Executed when a project task is created',150,NULL),(625,'project','TASK_MODIFY','Task modified','Executed when a project task is modified',151,NULL),(626,'project','TASK_DELETE','Task deleted','Executed when a project task is deleted',152,NULL),(627,'agenda','ACTION_CREATE','Action added','Executed when an action is added to the agenda',700,NULL),(628,'holiday','HOLIDAY_CREATE','Holiday created','Executed when a holiday is created',800,NULL),(629,'holiday','HOLIDAY_MODIFY','Holiday modified','Executed when a holiday is modified',801,NULL),(630,'holiday','HOLIDAY_VALIDATE','Holiday validated','Executed when a holiday is validated',802,NULL),(631,'holiday','HOLIDAY_APPROVE','Holiday approved','Executed when a holiday is aprouved',803,NULL),(632,'holiday','HOLIDAY_CANCEL','Holiday canceled','Executed when a holiday is canceled',802,NULL),(633,'holiday','HOLIDAY_DELETE','Holiday deleted','Executed when a holiday is deleted',804,NULL),(634,'hrm','HRM_EVALUATION_CREATE','HR Evaluation created','Executed when an evaluation is created',4000,NULL),(635,'hrm','HRM_EVALUATION_MODIFY','HR Evaluation modified','Executed when an evaluation is modified',4001,NULL),(636,'hrm','HRM_EVALUATION_VALIDATE','HR Evaluation validated','Executed when an evaluation is validated',4002,NULL),(637,'hrm','HRM_EVALUATION_UNVALIDATE','HR Evaluation back to draft','Executed when an evaluation is back to draft',4003,NULL),(638,'hrm','HRM_EVALUATION_DELETE','HR Evaluation deleted','Executed when an evaluation is dleted',4005,NULL),(639,'facturerec','BILLREC_CREATE','Template invoices created','Executed when a Template invoices is created',900,NULL),(640,'facturerec','BILLREC_MODIFY','Template invoices update','Executed when a Template invoices is updated',901,NULL),(641,'facturerec','BILLREC_DELETE','Template invoices deleted','Executed when a Template invoices is deleted',902,NULL),(642,'partnership','PARTNERSHIP_CREATE','Partnership created','Executed when a partnership is created',58000,NULL),(643,'partnership','PARTNERSHIP_MODIFY','Partnership modified','Executed when a partnership is modified',58002,NULL),(644,'partnership','PARTNERSHIP_SENTBYMAIL','Mails sent from partnership file','Executed when you send email from partnership file',58004,NULL),(645,'partnership','PARTNERSHIP_DELETE','Partnership deleted','Executed when a partnership is deleted',58006,NULL),(646,'knowledgemanagement','KNOWLEDGERECORD_CREATE','Knowledge article created','Executed when a article is created',57001,NULL),(647,'knowledgemanagement','KNOWLEDGERECORD_MODIFY','Knowledge article modified','Executed when a article is modified',57002,NULL),(648,'knowledgemanagement','KNOWLEDGERECORD_VALIDATE','Knowledge article Evaluation validated','Executed when an evaluation is validated',57004,NULL),(649,'knowledgemanagement','KNOWLEDGERECORD_REOPEN','Knowledge article reopen','Executed when an evaluation is back to draft',57004,NULL),(650,'knowledgemanagement','KNOWLEDGERECORD_UNVALIDATE','Knowledge article invalidated','Executed when an evaluation is back to draft',57004,NULL),(651,'knowledgemanagement','KNOWLEDGERECORD_CANCEL','Knowledge article cancel','Executed when an evaluation to cancel',57004,NULL),(652,'knowledgemanagement','KNOWLEDGERECORD_SENTBYMAIL','Mails sent from article file','article when you send email from article file',57004,NULL),(653,'knowledgemanagement','KNOWLEDGERECORD_DELETE','Knowledge article deleted','Executed when a article is deleted',57006,NULL);

--
-- Table structure for table `llx_c_actioncomm`
--

CREATE TABLE `llx_c_actioncomm` (
  `id` int NOT NULL,
  `code` varchar(50) CHARACTER SET utf8mb4 COLLATE utf8mb4_unicode_ci NOT NULL,
  `type` varchar(50) CHARACTER SET utf8mb4 COLLATE utf8mb4_unicode_ci NOT NULL DEFAULT 'system',
  `libelle` varchar(128) CHARACTER SET utf8mb4 COLLATE utf8mb4_unicode_ci DEFAULT NULL,
  `module` varchar(50) CHARACTER SET utf8mb4 COLLATE utf8mb4_unicode_ci DEFAULT NULL,
  `active` tinyint NOT NULL DEFAULT '1',
  `todo` tinyint DEFAULT NULL,
  `color` varchar(9) CHARACTER SET utf8mb4 COLLATE utf8mb4_unicode_ci DEFAULT NULL,
  `picto` varchar(48) CHARACTER SET utf8mb4 COLLATE utf8mb4_unicode_ci DEFAULT NULL,
  `position` int NOT NULL DEFAULT '0',
  PRIMARY KEY (`id`),
  UNIQUE KEY `uk_c_actioncomm` (`code`)
) ENGINE=InnoDB DEFAULT CHARSET=utf8mb4 COLLATE=utf8mb4_unicode_ci;

--
-- Dumping data for table `llx_c_actioncomm`
--

INSERT INTO `llx_c_actioncomm` (`id`, `code`, `type`, `libelle`, `module`, `active`, `todo`, `color`, `picto`, `position`) VALUES (1,'AC_TEL','system','Phone call',NULL,1,NULL,NULL,NULL,2),(2,'AC_FAX','system','Send Fax',NULL,0,NULL,NULL,NULL,3),(4,'AC_EMAIL','system','Send Email',NULL,0,NULL,NULL,NULL,4),(5,'AC_RDV','system','Rendez-vous',NULL,1,NULL,NULL,NULL,1),(6,'AC_EMAIL_IN','system','Reception Email',NULL,0,NULL,NULL,NULL,4),(11,'AC_INT','system','Intervention on site',NULL,1,NULL,NULL,NULL,4),(40,'AC_OTH_AUTO','systemauto','Other (automatically inserted events)',NULL,1,NULL,NULL,NULL,20),(50,'AC_OTH','system','Other (manually inserted events)',NULL,1,NULL,NULL,NULL,5),(60,'AC_EO_ONLINECONF','module','Online/Virtual conference','conference@eventorganization',1,NULL,NULL,NULL,60),(61,'AC_EO_INDOORCONF','module','Indoor conference','conference@eventorganization',1,NULL,NULL,NULL,61),(62,'AC_EO_ONLINEBOOTH','module','Online/Virtual booth','booth@eventorganization',1,NULL,NULL,NULL,62),(63,'AC_EO_INDOORBOOTH','module','Indoor booth','booth@eventorganization',1,NULL,NULL,NULL,63);

--
-- Table structure for table `llx_c_asset_disposal_type`
--

CREATE TABLE `llx_c_asset_disposal_type` (
  `rowid` int NOT NULL AUTO_INCREMENT,
  `entity` int NOT NULL DEFAULT '1',
  `code` varchar(16) CHARACTER SET utf8mb4 COLLATE utf8mb4_general_ci NOT NULL,
  `label` varchar(50) CHARACTER SET utf8mb4 COLLATE utf8mb4_general_ci NOT NULL,
  `active` int NOT NULL DEFAULT '1',
  PRIMARY KEY (`rowid`),
  UNIQUE KEY `uk_c_asset_disposal_type` (`code`,`entity`)
) ENGINE=InnoDB DEFAULT CHARSET=utf8mb4 COLLATE=utf8mb4_general_ci;

--
-- Dumping data for table `llx_c_asset_disposal_type`
--


--
-- Table structure for table `llx_c_availability`
--

CREATE TABLE `llx_c_availability` (
  `rowid` int NOT NULL AUTO_INCREMENT,
  `code` varchar(30) CHARACTER SET utf8mb4 COLLATE utf8mb4_unicode_ci NOT NULL,
  `label` varchar(128) CHARACTER SET utf8mb4 COLLATE utf8mb4_unicode_ci DEFAULT NULL,
  `active` tinyint NOT NULL DEFAULT '1',
  `position` int NOT NULL DEFAULT '0',
  `type_duration` varchar(1) CHARACTER SET utf8mb4 COLLATE utf8mb4_unicode_ci DEFAULT NULL,
  `qty` double DEFAULT '0',
  PRIMARY KEY (`rowid`),
  UNIQUE KEY `uk_c_availability` (`code`)
) ENGINE=InnoDB AUTO_INCREMENT=22 DEFAULT CHARSET=utf8mb4 COLLATE=utf8mb4_unicode_ci;

--
-- Dumping data for table `llx_c_availability`
--

INSERT INTO `llx_c_availability` (`rowid`, `code`, `label`, `active`, `position`, `type_duration`, `qty`) VALUES (1,'AV_NOW','Immediate',1,0,NULL,0),(2,'AV_1W','1 week',1,0,'w',1),(3,'AV_2W','2 weeks',1,0,'w',2),(4,'AV_3W','3 weeks',1,0,'w',3),(6,'AV_1D','1 day',1,11,'d',1),(7,'AV_2D','2 days',1,12,'d',2),(8,'AV_3D','3 days',1,13,'d',3),(9,'AV_4D','4 days',1,14,'d',4),(10,'AV_5D','5 days',1,15,'d',5),(14,'AV_4W','4 weeks',1,50,'w',4),(15,'AV_5W','5 weeks',1,60,'w',5),(16,'AV_6W','6 weeks',1,70,'w',6),(17,'AV_8W','8 weeks',1,80,'w',8),(18,'AV_10W','10 weeks',1,90,'w',10),(19,'AV_12W','12 weeks',1,100,'w',12),(20,'AV_14W','14 weeks',1,110,'w',14),(21,'AV_16W','16 weeks',1,120,'w',16);

--
-- Table structure for table `llx_c_barcode_type`
--

CREATE TABLE `llx_c_barcode_type` (
  `rowid` int NOT NULL AUTO_INCREMENT,
  `code` varchar(16) CHARACTER SET utf8mb4 COLLATE utf8mb4_unicode_ci NOT NULL,
  `entity` int NOT NULL DEFAULT '1',
  `libelle` varchar(128) CHARACTER SET utf8mb4 COLLATE utf8mb4_unicode_ci DEFAULT NULL,
  `coder` varchar(16) CHARACTER SET utf8mb4 COLLATE utf8mb4_unicode_ci NOT NULL,
  `example` varchar(16) CHARACTER SET utf8mb4 COLLATE utf8mb4_unicode_ci NOT NULL,
  PRIMARY KEY (`rowid`),
  UNIQUE KEY `uk_c_barcode_type` (`code`,`entity`)
) ENGINE=InnoDB AUTO_INCREMENT=25 DEFAULT CHARSET=utf8mb4 COLLATE=utf8mb4_unicode_ci;

--
-- Dumping data for table `llx_c_barcode_type`
--

INSERT INTO `llx_c_barcode_type` (`rowid`, `code`, `entity`, `libelle`, `coder`, `example`) VALUES (1,'EAN8',1,'EAN8','tcpdfbarcode','1234567'),(2,'EAN13',1,'EAN13','phpbarcode','123456789012'),(3,'UPC',1,'UPC','phpbarcode','123456789012'),(4,'ISBN',1,'ISBN','phpbarcode','123456789'),(5,'C39',1,'Code 39','tcpdfbarcode','1234567890'),(6,'C128',1,'Code 128','tcpdfbarcode','ABCD1234567890'),(7,'DATAMATRIX',1,'Datamatrix','tcpdfbarcode','1234567xyz'),(8,'QRCODE',1,'Qr Code','tcpdfbarcode','www.dolibarr.org');

--
-- Table structure for table `llx_c_chargesociales`
--

CREATE TABLE `llx_c_chargesociales` (
  `id` int NOT NULL AUTO_INCREMENT,
  `libelle` varchar(128) CHARACTER SET utf8mb4 COLLATE utf8mb4_unicode_ci DEFAULT NULL,
  `deductible` smallint NOT NULL DEFAULT '0',
  `active` tinyint NOT NULL DEFAULT '1',
  `code` varchar(12) CHARACTER SET utf8mb4 COLLATE utf8mb4_unicode_ci NOT NULL,
  `accountancy_code` varchar(32) CHARACTER SET utf8mb4 COLLATE utf8mb4_unicode_ci DEFAULT NULL,
  `fk_pays` int NOT NULL DEFAULT '1',
  `module` varchar(32) CHARACTER SET utf8mb4 COLLATE utf8mb4_unicode_ci DEFAULT NULL,
  PRIMARY KEY (`id`)
) ENGINE=InnoDB AUTO_INCREMENT=10214 DEFAULT CHARSET=utf8mb4 COLLATE=utf8mb4_unicode_ci;

--
-- Dumping data for table `llx_c_chargesociales`
--

INSERT INTO `llx_c_chargesociales` (`id`, `libelle`, `deductible`, `active`, `code`, `accountancy_code`, `fk_pays`, `module`) VALUES (1,'Allocations familiales',1,1,'TAXFAM',NULL,1,NULL),(2,'CSG Deductible',1,1,'TAXCSGD',NULL,1,NULL),(3,'CSG/CRDS NON Deductible',0,1,'TAXCSGND',NULL,1,NULL),(10,'Taxe apprentissage',0,1,'TAXAPP',NULL,1,NULL),(11,'Taxe professionnelle',0,1,'TAXPRO',NULL,1,NULL),(12,'Cotisation fonciere des entreprises',0,1,'TAXCFE',NULL,1,NULL),(13,'Cotisation sur la valeur ajoutee des entreprises',0,1,'TAXCVAE',NULL,1,NULL),(20,'Impots locaux/fonciers',0,1,'TAXFON',NULL,1,NULL),(25,'Impots revenus',0,1,'TAXREV',NULL,1,NULL),(30,'Assurance Sante',0,1,'TAXSECU',NULL,1,NULL),(40,'Mutuelle',0,1,'TAXMUT',NULL,1,NULL),(50,'Assurance vieillesse',0,1,'TAXRET',NULL,1,NULL),(60,'Assurance Chomage',0,1,'TAXCHOM',NULL,1,NULL),(70,'impôts sur les sociétés (IS)',0,1,'TAXIS',NULL,1,NULL),(201,'ONSS',1,1,'TAXBEONSS',NULL,2,NULL),(210,'Precompte professionnel',1,1,'TAXBEPREPRO',NULL,2,NULL),(220,'Prime existence',1,1,'TAXBEPRIEXI',NULL,2,NULL),(230,'Precompte immobilier',1,1,'TAXBEPREIMMO',NULL,2,NULL),(4101,'Krankenversicherung',1,1,'TAXATKV',NULL,41,NULL),(4102,'Unfallversicherung',1,1,'TAXATUV',NULL,41,NULL),(4103,'Pensionsversicherung',1,1,'TAXATPV',NULL,41,NULL),(4104,'Arbeitslosenversicherung',1,1,'TAXATAV',NULL,41,NULL),(4105,'Insolvenzentgeltsicherungsfond',1,1,'TAXATIESG',NULL,41,NULL),(4106,'Wohnbauförderung',1,1,'TAXATWF',NULL,41,NULL),(4107,'Arbeiterkammerumlage',1,1,'TAXATAK',NULL,41,NULL),(4108,'Mitarbeitervorsorgekasse',1,1,'TAXATMVK',NULL,41,NULL),(4109,'Familienlastenausgleichsfond',1,1,'TAXATFLAF',NULL,41,NULL),(10201,'Αναλυτική Περιοδική Δήλωση (ΑΠΔ)',1,1,'ΑΠΔ',NULL,102,NULL),(10202,'Φόρος Μισθωτών Υπηρεσιών (ΦΜΥ)',1,1,'ΦΜΥ',NULL,102,NULL),(10203,'Ασφαλιστικές εισφορές (ΕΦΚΑ)',1,1,'ΕΦΚΑ',NULL,102,NULL),(10204,'Προκαταβολή Φόρου Εισοδήματος',0,1,'ΕΦΟΡΙΑ',NULL,102,NULL),(10205,'Ενιαίος Φόρος Ιδιοκτησίας Ακινήτων (ΕΝ.Φ.Ι.Α) ',0,1,'ΕΝΦΙΑ',NULL,102,NULL),(10206,'Ετήσιο τέλος διατήρησης Μερίδας στο Γ.Ε.ΜΗ.',1,1,'ΓΕΜΗ',NULL,102,NULL),(10207,'Επαγγελματικό Επιμελητήριο',1,1,'ΕΕ',NULL,102,NULL),(10208,'Εμπορικό και Βιομηχανικό Επιμελητηρίο',1,1,'ΕΒΕ',NULL,102,NULL),(10209,'Τέλη Κυκλοφορίας',1,1,'ΤΕΛΗ',NULL,102,NULL),(10210,'Ασφάλιση οχήματος',1,1,'ΑΣΦΑΛΕΙΑ',NULL,102,NULL),(10211,'Ενοίκιο',1,1,'ΕΝΟΙΚΙΟ',NULL,102,NULL),(10212,'Κοινόχρηστα',1,1,'ΚΟΙΝΟ',NULL,102,NULL),(10213,'Ηλεκτροδότηση',1,1,'ΡΕΥΜΑ',NULL,102,NULL);

--
-- Table structure for table `llx_c_civility`
--

CREATE TABLE `llx_c_civility` (
  `rowid` int NOT NULL AUTO_INCREMENT,
  `code` varchar(6) CHARACTER SET utf8mb4 COLLATE utf8mb4_unicode_ci NOT NULL,
  `label` varchar(128) CHARACTER SET utf8mb4 COLLATE utf8mb4_unicode_ci DEFAULT NULL,
  `active` tinyint NOT NULL DEFAULT '1',
  `module` varchar(32) CHARACTER SET utf8mb4 COLLATE utf8mb4_unicode_ci DEFAULT NULL,
  PRIMARY KEY (`rowid`),
  UNIQUE KEY `uk_c_civility` (`code`)
) ENGINE=InnoDB AUTO_INCREMENT=14 DEFAULT CHARSET=utf8mb4 COLLATE=utf8mb4_unicode_ci;

--
-- Dumping data for table `llx_c_civility`
--

INSERT INTO `llx_c_civility` (`rowid`, `code`, `label`, `active`, `module`) VALUES (1,'MME','Madame',1,NULL),(3,'MR','Monsieur',1,NULL),(5,'MLE','Mademoiselle',1,NULL),(7,'MTRE','Maître',1,NULL),(8,'DR','Docteur',1,NULL);

--
-- Table structure for table `llx_c_country`
--

CREATE TABLE `llx_c_country` (
  `rowid` int NOT NULL,
  `code` varchar(2) CHARACTER SET utf8mb4 COLLATE utf8mb4_unicode_ci NOT NULL,
  `code_iso` varchar(3) CHARACTER SET utf8mb4 COLLATE utf8mb4_unicode_ci DEFAULT NULL,
  `label` varchar(128) CHARACTER SET utf8mb4 COLLATE utf8mb4_unicode_ci DEFAULT NULL,
  `eec` tinyint NOT NULL DEFAULT '0',
  `active` tinyint NOT NULL DEFAULT '1',
  `favorite` tinyint NOT NULL DEFAULT '0',
  `numeric_code` varchar(3) CHARACTER SET utf8mb4 COLLATE utf8mb4_unicode_ci DEFAULT NULL,
  PRIMARY KEY (`rowid`),
  UNIQUE KEY `idx_c_country_code` (`code`),
  UNIQUE KEY `idx_c_country_label` (`label`),
  UNIQUE KEY `idx_c_country_code_iso` (`code_iso`)
) ENGINE=InnoDB DEFAULT CHARSET=utf8mb4 COLLATE=utf8mb4_unicode_ci;

--
-- Dumping data for table `llx_c_country`
--

INSERT INTO `llx_c_country` (`rowid`, `code`, `code_iso`, `label`, `eec`, `active`, `favorite`, `numeric_code`) VALUES (0,'',NULL,'-',0,1,1,NULL),(1,'FR','FRA','France',1,1,0,'250'),(2,'BE','BEL','Belgium',1,1,0,'056'),(3,'IT','ITA','Italy',1,1,0,'380'),(4,'ES','ESP','Spain',1,1,0,'724'),(5,'DE','DEU','Germany',1,1,0,'276'),(6,'CH','CHE','Switzerland',0,1,0,'756'),(7,'GB','GBR','United Kingdom',1,1,0,'826'),(8,'IE','IRL','Irland',1,1,0,'372'),(9,'CN','CHN','China',0,1,0,'156'),(10,'TN','TUN','Tunisia',0,1,0,'788'),(11,'US','USA','United States',0,1,0,'840'),(12,'MA','MAR','Maroc',0,1,0,'504'),(13,'DZ','DZA','Algeria',0,1,0,'012'),(14,'CA','CAN','Canada',0,1,0,'124'),(15,'TG','TGO','Togo',0,1,0,'768'),(16,'GA','GAB','Gabon',0,1,0,'266'),(17,'NL','NLD','Nederland',1,1,0,'528'),(18,'HU','HUN','Hongrie',1,1,0,'348'),(19,'RU','RUS','Russia',0,1,0,'643'),(20,'SE','SWE','Sweden',1,1,0,'752'),(21,'CI','CIV','Côte d\'Ivoire',0,1,0,'384'),(22,'SN','SEN','Senegal',0,1,0,'686'),(23,'AR','ARG','Argentine',0,1,0,'032'),(24,'CM','CMR','Cameroun',0,1,0,'120'),(25,'PT','PRT','Portugal',1,1,0,'620'),(26,'SA','SAU','Saudi Arabia',0,1,0,'682'),(27,'MC','MCO','Monaco',1,1,0,'492'),(28,'AU','AUS','Australia',0,1,0,'036'),(29,'SG','SGP','Singapour',0,1,0,'702'),(30,'AF','AFG','Afghanistan',0,1,0,'004'),(31,'AX','ALA','Iles Aland',0,1,0,'248'),(32,'AL','ALB','Albanie',0,1,0,'008'),(33,'AS','ASM','Samoa américaines',0,1,0,'016'),(34,'AD','AND','Andorre',0,1,0,'020'),(35,'AO','AGO','Angola',0,1,0,'024'),(36,'AI','AIA','Anguilla',0,1,0,'660'),(37,'AQ','ATA','Antarctique',0,1,0,'010'),(38,'AG','ATG','Antigua-et-Barbuda',0,1,0,'028'),(39,'AM','ARM','Arménie',0,1,0,'051'),(40,'AW','ABW','Aruba',0,1,0,'533'),(41,'AT','AUT','Autriche',1,1,0,'040'),(42,'AZ','AZE','Azerbaïdjan',0,1,0,'031'),(43,'BS','BHS','Bahamas',0,1,0,'044'),(44,'BH','BHR','Bahreïn',0,1,0,'048'),(45,'BD','BGD','Bangladesh',0,1,0,'050'),(46,'BB','BRB','Barbade',0,1,0,'052'),(47,'BY','BLR','Biélorussie',0,1,0,'112'),(48,'BZ','BLZ','Belize',0,1,0,'084'),(49,'BJ','BEN','Bénin',0,1,0,'204'),(50,'BM','BMU','Bermudes',0,1,0,'060'),(51,'BT','BTN','Bhoutan',0,1,0,'064'),(52,'BO','BOL','Bolivie',0,1,0,'068'),(53,'BA','BIH','Bosnie-Herzégovine',0,1,0,'070'),(54,'BW','BWA','Botswana',0,1,0,'072'),(55,'BV','BVT','Ile Bouvet',0,1,0,'074'),(56,'BR','BRA','Brazil',0,1,0,'076'),(57,'IO','IOT','Territoire britannique de l\'Océan Indien',0,1,0,'086'),(58,'BN','BRN','Brunei',0,1,0,'096'),(59,'BG','BGR','Bulgarie',1,1,0,'100'),(60,'BF','BFA','Burkina Faso',0,1,0,'854'),(61,'BI','BDI','Burundi',0,1,0,'108'),(62,'KH','KHM','Cambodge',0,1,0,'116'),(63,'CV','CPV','Cap-Vert',0,1,0,'132'),(64,'KY','CYM','Iles Cayman',0,1,0,'136'),(65,'CF','CAF','République centrafricaine',0,1,0,'140'),(66,'TD','TCD','Tchad',0,1,0,'148'),(67,'CL','CHL','Chili',0,1,0,'152'),(68,'CX','CXR','Ile Christmas',0,1,0,'162'),(69,'CC','CCK','Iles des Cocos (Keeling)',0,1,0,'166'),(70,'CO','COL','Colombie',0,1,0,'170'),(71,'KM','COM','Comores',0,1,0,'174'),(72,'CG','COG','Congo',0,1,0,'178'),(73,'CD','COD','République démocratique du Congo',0,1,0,'180'),(74,'CK','COK','Iles Cook',0,1,0,'184'),(75,'CR','CRI','Costa Rica',0,1,0,'188'),(76,'HR','HRV','Croatie',1,1,0,'191'),(77,'CU','CUB','Cuba',0,1,0,'192'),(78,'CY','CYP','Cyprus',1,1,0,'196'),(79,'CZ','CZE','République Tchèque',1,1,0,'203'),(80,'DK','DNK','Danemark',1,1,0,'208'),(81,'DJ','DJI','Djibouti',0,1,0,'262'),(82,'DM','DMA','Dominique',0,1,0,'212'),(83,'DO','DOM','République Dominicaine',0,1,0,'214'),(84,'EC','ECU','Equateur',0,1,0,'218'),(85,'EG','EGY','Egypte',0,1,0,'818'),(86,'SV','SLV','Salvador',0,1,0,'222'),(87,'GQ','GNQ','Guinée Equatoriale',0,1,0,'226'),(88,'ER','ERI','Erythrée',0,1,0,'232'),(89,'EE','EST','Estonia',1,1,0,'233'),(90,'ET','ETH','Ethiopie',0,1,0,'231'),(91,'FK','FLK','Iles Falkland',0,1,0,'238'),(92,'FO','FRO','Iles Féroé',0,1,0,'234'),(93,'FJ','FJI','Iles Fidji',0,1,0,'242'),(94,'FI','FIN','Finlande',1,1,0,'246'),(95,'GF','GUF','Guyane française',0,1,0,'254'),(96,'PF','PYF','Polynésie française',0,1,0,'258'),(97,'TF','ATF','Terres australes françaises',0,1,0,'260'),(98,'GM','GMB','Gambie',0,1,0,'270'),(99,'GE','GEO','Georgia',0,1,0,'268'),(100,'GH','GHA','Ghana',0,1,0,'288'),(101,'GI','GIB','Gibraltar',0,1,0,'292'),(102,'GR','GRC','Greece',1,1,0,'300'),(103,'GL','GRL','Groenland',0,1,0,'304'),(104,'GD','GRD','Grenade',0,1,0,'308'),(106,'GU','GUM','Guam',0,1,0,'316'),(107,'GT','GTM','Guatemala',0,1,0,'320'),(108,'GN','GIN','Guinea',0,1,0,'324'),(109,'GW','GNB','Guinea-Bissao',0,1,0,'624'),(111,'HT','HTI','Haiti',0,1,0,'332'),(112,'HM','HMD','Iles Heard et McDonald',0,1,0,'334'),(113,'VA','VAT','Saint-Siège (Vatican)',0,1,0,'336'),(114,'HN','HND','Honduras',0,1,0,'340'),(115,'HK','HKG','Hong Kong',0,1,0,'344'),(116,'IS','ISL','Islande',0,1,0,'352'),(117,'IN','IND','India',0,1,0,'356'),(118,'ID','IDN','Indonésie',0,1,0,'360'),(119,'IR','IRN','Iran',0,1,0,'364'),(120,'IQ','IRQ','Iraq',0,1,0,'368'),(121,'IL','ISR','Israel',0,1,0,'376'),(122,'JM','JAM','Jamaïque',0,1,0,'388'),(123,'JP','JPN','Japon',0,1,0,'392'),(124,'JO','JOR','Jordanie',0,1,0,'400'),(125,'KZ','KAZ','Kazakhstan',0,1,0,'398'),(126,'KE','KEN','Kenya',0,1,0,'404'),(127,'KI','KIR','Kiribati',0,1,0,'296'),(128,'KP','PRK','North Corea',0,1,0,'408'),(129,'KR','KOR','South Corea',0,1,0,'410'),(130,'KW','KWT','Koweït',0,1,0,'414'),(131,'KG','KGZ','Kirghizistan',0,1,0,'417'),(132,'LA','LAO','Laos',0,1,0,'418'),(133,'LV','LVA','Lettonie',1,1,0,'428'),(134,'LB','LBN','Liban',0,1,0,'422'),(135,'LS','LSO','Lesotho',0,1,0,'426'),(136,'LR','LBR','Liberia',0,1,0,'430'),(137,'LY','LBY','Libye',0,1,0,'434'),(138,'LI','LIE','Liechtenstein',0,1,0,'438'),(139,'LT','LTU','Lituanie',1,1,0,'440'),(140,'LU','LUX','Luxembourg',1,1,0,'442'),(141,'MO','MAC','Macao',0,1,0,'446'),(142,'MK','MKD','ex-République yougoslave de Macédoine',0,1,0,'807'),(143,'MG','MDG','Madagascar',0,1,0,'450'),(144,'MW','MWI','Malawi',0,1,0,'454'),(145,'MY','MYS','Malaisie',0,1,0,'458'),(146,'MV','MDV','Maldives',0,1,0,'462'),(147,'ML','MLI','Mali',0,1,0,'466'),(148,'MT','MLT','Malte',1,1,0,'470'),(149,'MH','MHL','Iles Marshall',0,1,0,'584'),(151,'MR','MRT','Mauritanie',0,1,0,'478'),(152,'MU','MUS','Maurice',0,1,0,'480'),(153,'YT','MYT','Mayotte',0,1,0,'175'),(154,'MX','MEX','Mexique',0,1,0,'484'),(155,'FM','FSM','Micronésie',0,1,0,'583'),(156,'MD','MDA','Moldavie',0,1,0,'498'),(157,'MN','MNG','Mongolie',0,1,0,'496'),(158,'MS','MSR','Monserrat',0,1,0,'500'),(159,'MZ','MOZ','Mozambique',0,1,0,'508'),(160,'MM','MMR','Birmanie (Myanmar)',0,1,0,'104'),(161,'NA','NAM','Namibie',0,1,0,'516'),(162,'NR','NRU','Nauru',0,1,0,'520'),(163,'NP','NPL','Népal',0,1,0,'524'),(165,'NC','NCL','Nouvelle-Calédonie',0,1,0,'540'),(166,'NZ','NZL','Nouvelle-Zélande',0,1,0,'554'),(167,'NI','NIC','Nicaragua',0,1,0,'558'),(168,'NE','NER','Niger',0,1,0,'562'),(169,'NG','NGA','Nigeria',0,1,0,'566'),(170,'NU','NIU','Nioué',0,1,0,'570'),(171,'NF','NFK','Ile Norfolk',0,1,0,'574'),(172,'MP','MNP','Mariannes du Nord',0,1,0,'580'),(173,'NO','NOR','Norvège',0,1,0,'578'),(174,'OM','OMN','Oman',0,1,0,'512'),(175,'PK','PAK','Pakistan',0,1,0,'586'),(176,'PW','PLW','Palaos',0,1,0,'585'),(177,'PS','PSE','Territoire Palestinien Occupé',0,1,0,'275'),(178,'PA','PAN','Panama',0,1,0,'591'),(179,'PG','PNG','Papouasie-Nouvelle-Guinée',0,1,0,'598'),(180,'PY','PRY','Paraguay',0,1,0,'600'),(181,'PE','PER','Peru',0,1,0,'604'),(182,'PH','PHL','Philippines',0,1,0,'608'),(183,'PN','PCN','Iles Pitcairn',0,1,0,'612'),(184,'PL','POL','Pologne',1,1,0,'616'),(185,'PR','PRI','Porto Rico',0,1,0,'630'),(186,'QA','QAT','Qatar',0,1,0,'634'),(188,'RO','ROU','Roumanie',1,1,0,'642'),(189,'RW','RWA','Rwanda',0,1,0,'646'),(190,'SH','SHN','Sainte-Hélène',0,1,0,'654'),(191,'KN','KNA','Saint-Christophe-et-Niévès',0,1,0,'659'),(192,'LC','LCA','Sainte-Lucie',0,1,0,'662'),(193,'PM','SPM','Saint-Pierre-et-Miquelon',0,1,0,'666'),(194,'VC','VCT','Saint-Vincent-et-les-Grenadines',0,1,0,'670'),(195,'WS','WSM','Samoa',0,1,0,'882'),(196,'SM','SMR','Saint-Marin',0,1,0,'674'),(197,'ST','STP','Sao Tomé-et-Principe',0,1,0,'678'),(198,'RS','SRB','Serbie',0,1,0,'688'),(199,'SC','SYC','Seychelles',0,1,0,'690'),(200,'SL','SLE','Sierra Leone',0,1,0,'694'),(201,'SK','SVK','Slovaquie',1,1,0,'703'),(202,'SI','SVN','Slovénie',1,1,0,'705'),(203,'SB','SLB','Iles Salomon',0,1,0,'090'),(204,'SO','SOM','Somalie',0,1,0,'706'),(205,'ZA','ZAF','South Africa',0,1,0,'710'),(206,'GS','SGS','Iles Géorgie du Sud et Sandwich du Sud',0,1,0,'239'),(207,'LK','LKA','Sri Lanka',0,1,0,'144'),(208,'SD','SDN','Soudan',0,1,0,'729'),(209,'SR','SUR','Suriname',0,1,0,'740'),(210,'SJ','SJM','Iles Svalbard et Jan Mayen',0,1,0,'744'),(211,'SZ','SWZ','Swaziland',0,1,0,'748'),(212,'SY','SYR','Syrie',0,1,0,'760'),(213,'TW','TWN','Taïwan',0,1,0,'158'),(214,'TJ','TJK','Tadjikistan',0,1,0,'762'),(215,'TZ','TZA','Tanzanie',0,1,0,'834'),(216,'TH','THA','Thaïlande',0,1,0,'764'),(217,'TL','TLS','Timor Oriental',0,1,0,'626'),(218,'TK','TKL','Tokélaou',0,1,0,'772'),(219,'TO','TON','Tonga',0,1,0,'776'),(220,'TT','TTO','Trinité-et-Tobago',0,1,0,'780'),(221,'TR','TUR','Turquie',0,1,0,'792'),(222,'TM','TKM','Turkménistan',0,1,0,'795'),(223,'TC','TCA','Iles Turks-et-Caicos',0,1,0,'796'),(224,'TV','TUV','Tuvalu',0,1,0,'798'),(225,'UG','UGA','Ouganda',0,1,0,'800'),(226,'UA','UKR','Ukraine',0,1,0,'804'),(227,'AE','ARE','United Arab Emirates',0,1,0,'784'),(228,'UM','UMI','Iles mineures éloignées des États-Unis',0,1,0,'581'),(229,'UY','URY','Uruguay',0,1,0,'858'),(230,'UZ','UZB','Ouzbékistan',0,1,0,'860'),(231,'VU','VUT','Vanuatu',0,1,0,'548'),(232,'VE','VEN','Vénézuela',0,1,0,'862'),(233,'VN','VNM','Viêt Nam',0,1,0,'704'),(234,'VG','VGB','Iles Vierges britanniques',0,1,0,'092'),(235,'VI','VIR','Iles Vierges américaines',0,1,0,'850'),(236,'WF','WLF','Wallis-et-Futuna',0,1,0,'876'),(237,'EH','ESH','Sahara occidental',0,1,0,'732'),(238,'YE','YEM','Yémen',0,1,0,'887'),(239,'ZM','ZMB','Zambie',0,1,0,'894'),(240,'ZW','ZWE','Zimbabwe',0,1,0,'716'),(241,'GG','GGY','Guernesey',0,1,0,'831'),(242,'IM','IMN','Ile de Man',1,1,0,'833'),(243,'JE','JEY','Jersey',0,1,0,'832'),(244,'ME','MNE','Monténégro',0,1,0,'499'),(245,'BL','BLM','Saint-Barthélemy',0,1,0,'652'),(246,'MF','MAF','Saint-Martin',0,1,0,'663'),(247,'XK','XKX','Kosovo',0,1,0,NULL),(300,'CW','CUW','Curaçao',0,1,0,'531'),(301,'SX','SXM','Sint Maarten',0,1,0,'534');

--
-- Table structure for table `llx_c_currencies`
--

CREATE TABLE `llx_c_currencies` (
  `code_iso` varchar(3) CHARACTER SET utf8mb4 COLLATE utf8mb4_unicode_ci NOT NULL,
  `label` varchar(128) CHARACTER SET utf8mb4 COLLATE utf8mb4_unicode_ci DEFAULT NULL,
  `unicode` varchar(32) CHARACTER SET utf8mb4 COLLATE utf8mb4_unicode_ci DEFAULT NULL,
  `active` tinyint NOT NULL DEFAULT '1',
  PRIMARY KEY (`code_iso`),
  UNIQUE KEY `uk_c_currencies_code_iso` (`code_iso`)
) ENGINE=InnoDB DEFAULT CHARSET=utf8mb4 COLLATE=utf8mb4_unicode_ci;

--
-- Dumping data for table `llx_c_currencies`
--

INSERT INTO `llx_c_currencies` (`code_iso`, `label`, `unicode`, `active`) VALUES ('AED','United Arab Emirates Dirham',NULL,1),('AFN','Afghanistan Afghani','[1547]',1),('ALL','Albania Lek','[76,101,107]',1),('ANG','Netherlands Antilles Guilder','[402]',1),('AOA','Angola Kwanza',NULL,1),('ARP','Pesos argentins',NULL,0),('ARS','Argentino Peso','[36]',1),('ATS','Shiliing autrichiens',NULL,0),('AUD','Australia Dollar','[36]',1),('AWG','Aruba Guilder','[402]',1),('AZN','Azerbaijan New Manat','[1084,1072,1085]',1),('BAM','Bosnia and Herzegovina Convertible Marka','[75,77]',1),('BBD','Barbados Dollar','[36]',1),('BDT','Bangladeshi Taka','[2547]',1),('BEF','Francs belges',NULL,0),('BGN','Bulgaria Lev','[1083,1074]',1),('BHD','Bahrain',NULL,1),('BIF','Burundi Franc',NULL,1),('BMD','Bermuda Dollar','[36]',1),('BND','Brunei Darussalam Dollar','[36]',1),('BOB','Bolivia Boliviano','[36,98]',1),('BRL','Brazil Real','[82,36]',1),('BSD','Bahamas Dollar','[36]',1),('BWP','Botswana Pula','[80]',1),('BYR','Belarus Ruble','[112,46]',1),('BZD','Belize Dollar','[66,90,36]',1),('CAD','Canada Dollar','[36]',1),('CHF','Switzerland Franc','[67,72,70]',1),('CLP','Chile Peso','[36]',1),('CNY','China Yuan Renminbi','[165]',1),('COP','Colombia Peso','[36]',1),('CRC','Costa Rica Colon','[8353]',1),('CUP','Cuba Peso','[8369]',1),('CVE','Cap Verde Escudo','[4217]',1),('CZK','Czech Republic Koruna','[75,269]',1),('DEM','Deutsche Mark',NULL,0),('DKK','Denmark Krone','[107,114]',1),('DOP','Dominican Republic Peso','[82,68,36]',1),('DZD','Algeria Dinar',NULL,1),('ECS','Ecuador Sucre','[83,47,46]',1),('EEK','Estonia Kroon','[107,114]',1),('EGP','Egypt Pound','[163]',1),('ESP','Pesete',NULL,0),('ETB','Ethiopian Birr',NULL,1),('EUR','Euro Member Countries','[8364]',1),('FIM','Mark finlandais',NULL,0),('FJD','Fiji Dollar','[36]',1),('FKP','Falkland Islands (Malvinas) Pound','[163]',1),('FRF','Francs francais',NULL,0),('GBP','United Kingdom Pound','[163]',1),('GGP','Guernsey Pound','[163]',1),('GHC','Ghana Cedis','[162]',1),('GIP','Gibraltar Pound','[163]',1),('GNF','Guinea Franc','[70,71]',1),('GRD','Drachme (grece)',NULL,0),('GTQ','Guatemala Quetzal','[81]',1),('GYD','Guyana Dollar','[36]',1),('HKD','Hong Kong Dollar','[36]',1),('HNL','Honduras Lempira','[76]',1),('HRK','Croatia Kuna','[107,110]',1),('HUF','Hungary Forint','[70,116]',1),('IDR','Indonesia Rupiah','[82,112]',1),('IEP','Livres irlandaises',NULL,0),('ILS','Israel Shekel','[8362]',1),('IMP','Isle of Man Pound','[163]',1),('INR','India Rupee','[8377]',1),('IRR','Iran Rial','[65020]',1),('ISK','Iceland Krona','[107,114]',1),('ITL','Lires',NULL,0),('JEP','Jersey Pound','[163]',1),('JMD','Jamaica Dollar','[74,36]',1),('JPY','Japan Yen','[165]',1),('KES','Kenya Shilling',NULL,1),('KGS','Kyrgyzstan Som','[1083,1074]',1),('KHR','Cambodia Riel','[6107]',1),('KPW','Korea (North) Won','[8361]',1),('KRW','Korea (South) Won','[8361]',1),('KYD','Cayman Islands Dollar','[36]',1),('KZT','Kazakhstan Tenge','[1083,1074]',1),('LAK','Laos Kip','[8365]',1),('LBP','Lebanon Pound','[163]',1),('LKR','Sri Lanka Rupee','[8360]',1),('LRD','Liberia Dollar','[36]',1),('LTL','Lithuania Litas','[76,116]',1),('LUF','Francs luxembourgeois',NULL,0),('LVL','Latvia Lat','[76,115]',1),('MAD','Morocco Dirham',NULL,1),('MDL','Moldova Leu',NULL,1),('MGA','Ariary',NULL,1),('MKD','Macedonia Denar','[1076,1077,1085]',1),('MMK','Myanmar Kyat','[75]',1),('MNT','Mongolia Tughrik','[8366]',1),('MRO','Mauritania Ouguiya',NULL,1),('MUR','Mauritius Rupee','[8360]',1),('MXN','Mexico Peso','[36]',1),('MXP','Pesos Mexicans',NULL,0),('MYR','Malaysia Ringgit','[82,77]',1),('MZN','Mozambique Metical','[77,84]',1),('NAD','Namibia Dollar','[36]',1),('NGN','Nigeria Naira','[8358]',1),('NIO','Nicaragua Cordoba','[67,36]',1),('NLG','Florins',NULL,0),('NOK','Norway Krone','[107,114]',1),('NPR','Nepal Rupee','[8360]',1),('NZD','New Zealand Dollar','[36]',1),('OMR','Oman Rial','[65020]',1),('PAB','Panama Balboa','[66,47,46]',1),('PEN','Peru Nuevo Sol','[83,47,46]',1),('PHP','Philippines Peso','[8369]',1),('PKR','Pakistan Rupee','[8360]',1),('PLN','Poland Zloty','[122,322]',1),('PTE','Escudos',NULL,0),('PYG','Paraguay Guarani','[71,115]',1),('QAR','Qatar Riyal','[65020]',1),('RON','Romania New Leu','[108,101,105]',1),('RSD','Serbia Dinar','[1044,1080,1085,46]',1),('RUB','Russia Ruble','[1088,1091,1073]',1),('SAR','Saudi Arabia Riyal','[65020]',1),('SBD','Solomon Islands Dollar','[36]',1),('SCR','Seychelles Rupee','[8360]',1),('SEK','Sweden Krona','[107,114]',1),('SGD','Singapore Dollar','[36]',1),('SHP','Saint Helena Pound','[163]',1),('SKK','Couronnes slovaques',NULL,0),('SOS','Somalia Shilling','[83]',1),('SRD','Suriname Dollar','[36]',1),('SUR','Rouble',NULL,0),('SVC','El Salvador Colon','[36]',1),('SYP','Syria Pound','[163]',1),('THB','Thailand Baht','[3647]',1),('TND','Tunisia Dinar',NULL,1),('TRL','Turkey Lira','[84,76]',0),('TRY','Turkey Lira','[8356]',1),('TTD','Trinidad and Tobago Dollar','[84,84,36]',1),('TVD','Tuvalu Dollar','[36]',1),('TWD','Taiwan New Dollar','[78,84,36]',1),('UAH','Ukraine Hryvna','[8372]',1),('USD','United States Dollar','[36]',1),('UYU','Uruguay Peso','[36,85]',1),('UZS','Uzbekistan Som','[1083,1074]',1),('VEF','Venezuela Bolivar Fuerte','[66,115]',1),('VND','Viet Nam Dong','[8363]',1),('XAF','Communaute Financiere Africaine (BEAC) CFA Franc',NULL,1),('XCD','East Caribbean Dollar','[36]',1),('XEU','Ecus',NULL,0),('XOF','Communaute Financiere Africaine (BCEAO) Franc',NULL,1),('XPF','Franc CFP','[70]',1),('YER','Yemen Rial','[65020]',1),('ZAR','South Africa Rand','[82]',1),('ZWD','Zimbabwe Dollar','[90,36]',1);

--
-- Table structure for table `llx_c_departements`
--

CREATE TABLE `llx_c_departements` (
  `rowid` int NOT NULL AUTO_INCREMENT,
  `code_departement` varchar(6) CHARACTER SET utf8mb4 COLLATE utf8mb4_unicode_ci NOT NULL,
  `fk_region` int DEFAULT NULL,
  `cheflieu` varchar(50) CHARACTER SET utf8mb4 COLLATE utf8mb4_unicode_ci DEFAULT NULL,
  `tncc` int DEFAULT NULL,
  `ncc` varchar(50) CHARACTER SET utf8mb4 COLLATE utf8mb4_unicode_ci DEFAULT NULL,
  `nom` varchar(50) CHARACTER SET utf8mb4 COLLATE utf8mb4_unicode_ci DEFAULT NULL,
  `active` tinyint NOT NULL DEFAULT '1',
  PRIMARY KEY (`rowid`),
  UNIQUE KEY `uk_departements` (`code_departement`,`fk_region`),
  KEY `idx_departements_fk_region` (`fk_region`),
  CONSTRAINT `fk_departements_fk_region` FOREIGN KEY (`fk_region`) REFERENCES `llx_c_regions` (`code_region`)
) ENGINE=InnoDB AUTO_INCREMENT=4856 DEFAULT CHARSET=utf8mb4 COLLATE=utf8mb4_unicode_ci;

--
-- Dumping data for table `llx_c_departements`
--

INSERT INTO `llx_c_departements` (`rowid`, `code_departement`, `fk_region`, `cheflieu`, `tncc`, `ncc`, `nom`, `active`) VALUES (1,'0',0,'0',0,'-','-',1),(2,'971',1,'97105',3,'GUADELOUPE','Guadeloupe',1),(3,'972',2,'97209',3,'MARTINIQUE','Martinique',1),(4,'973',3,'97302',3,'GUYANE','Guyane',1),(5,'974',4,'97411',3,'REUNION','Réunion',1),(6,'976',6,'97601',3,'MAYOTTE','Mayotte',1),(7,'01',84,'01053',5,'AIN','Ain',1),(8,'02',32,'02408',5,'AISNE','Aisne',1),(9,'03',84,'03190',5,'ALLIER','Allier',1),(10,'04',93,'04070',4,'ALPES-DE-HAUTE-PROVENCE','Alpes-de-Haute-Provence',1),(11,'05',93,'05061',4,'HAUTES-ALPES','Hautes-Alpes',1),(12,'06',93,'06088',4,'ALPES-MARITIMES','Alpes-Maritimes',1),(13,'07',84,'07186',5,'ARDECHE','Ardèche',1),(14,'08',44,'08105',4,'ARDENNES','Ardennes',1),(15,'09',76,'09122',5,'ARIEGE','Ariège',1),(16,'10',44,'10387',5,'AUBE','Aube',1),(17,'11',76,'11069',5,'AUDE','Aude',1),(18,'12',76,'12202',5,'AVEYRON','Aveyron',1),(19,'13',93,'13055',4,'BOUCHES-DU-RHONE','Bouches-du-Rhône',1),(20,'14',28,'14118',2,'CALVADOS','Calvados',1),(21,'15',84,'15014',2,'CANTAL','Cantal',1),(22,'16',75,'16015',3,'CHARENTE','Charente',1),(23,'17',75,'17300',3,'CHARENTE-MARITIME','Charente-Maritime',1),(24,'18',24,'18033',2,'CHER','Cher',1),(25,'19',75,'19272',3,'CORREZE','Corrèze',1),(26,'2A',94,'2A004',3,'CORSE-DU-SUD','Corse-du-Sud',1),(27,'2B',94,'2B033',3,'HAUTE-CORSE','Haute-Corse',1),(28,'21',27,'21231',3,'COTE-D OR','Côte-d Or',1),(29,'22',53,'22278',4,'COTES-D ARMOR','Côtes-d Armor',1),(30,'23',75,'23096',3,'CREUSE','Creuse',1),(31,'24',75,'24322',3,'DORDOGNE','Dordogne',1),(32,'25',27,'25056',2,'DOUBS','Doubs',1),(33,'26',84,'26362',3,'DROME','Drôme',1),(34,'27',28,'27229',5,'EURE','Eure',1),(35,'28',24,'28085',1,'EURE-ET-LOIR','Eure-et-Loir',1),(36,'29',53,'29232',2,'FINISTERE','Finistère',1),(37,'30',76,'30189',2,'GARD','Gard',1),(38,'31',76,'31555',3,'HAUTE-GARONNE','Haute-Garonne',1),(39,'32',76,'32013',2,'GERS','Gers',1),(40,'33',75,'33063',3,'GIRONDE','Gironde',1),(41,'34',76,'34172',5,'HERAULT','Hérault',1),(42,'35',53,'35238',1,'ILLE-ET-VILAINE','Ille-et-Vilaine',1),(43,'36',24,'36044',5,'INDRE','Indre',1),(44,'37',24,'37261',1,'INDRE-ET-LOIRE','Indre-et-Loire',1),(45,'38',84,'38185',5,'ISERE','Isère',1),(46,'39',27,'39300',2,'JURA','Jura',1),(47,'40',75,'40192',4,'LANDES','Landes',1),(48,'41',24,'41018',0,'LOIR-ET-CHER','Loir-et-Cher',1),(49,'42',84,'42218',3,'LOIRE','Loire',1),(50,'43',84,'43157',3,'HAUTE-LOIRE','Haute-Loire',1),(51,'44',52,'44109',3,'LOIRE-ATLANTIQUE','Loire-Atlantique',1),(52,'45',24,'45234',2,'LOIRET','Loiret',1),(53,'46',76,'46042',2,'LOT','Lot',1),(54,'47',75,'47001',0,'LOT-ET-GARONNE','Lot-et-Garonne',1),(55,'48',76,'48095',3,'LOZERE','Lozère',1),(56,'49',52,'49007',0,'MAINE-ET-LOIRE','Maine-et-Loire',1),(57,'50',28,'50502',3,'MANCHE','Manche',1),(58,'51',44,'51108',3,'MARNE','Marne',1),(59,'52',44,'52121',3,'HAUTE-MARNE','Haute-Marne',1),(60,'53',52,'53130',3,'MAYENNE','Mayenne',1),(61,'54',44,'54395',0,'MEURTHE-ET-MOSELLE','Meurthe-et-Moselle',1),(62,'55',44,'55029',3,'MEUSE','Meuse',1),(63,'56',53,'56260',2,'MORBIHAN','Morbihan',1),(64,'57',44,'57463',3,'MOSELLE','Moselle',1),(65,'58',27,'58194',3,'NIEVRE','Nièvre',1),(66,'59',32,'59350',2,'NORD','Nord',1),(67,'60',32,'60057',5,'OISE','Oise',1),(68,'61',28,'61001',5,'ORNE','Orne',1),(69,'62',32,'62041',2,'PAS-DE-CALAIS','Pas-de-Calais',1),(70,'63',84,'63113',2,'PUY-DE-DOME','Puy-de-Dôme',1),(71,'64',75,'64445',4,'PYRENEES-ATLANTIQUES','Pyrénées-Atlantiques',1),(72,'65',76,'65440',4,'HAUTES-PYRENEES','Hautes-Pyrénées',1),(73,'66',76,'66136',4,'PYRENEES-ORIENTALES','Pyrénées-Orientales',1),(74,'67',44,'67482',2,'BAS-RHIN','Bas-Rhin',1),(75,'68',44,'68066',2,'HAUT-RHIN','Haut-Rhin',1),(76,'69',84,'69123',2,'RHONE','Rhône',1),(77,'70',27,'70550',3,'HAUTE-SAONE','Haute-Saône',1),(78,'71',27,'71270',0,'SAONE-ET-LOIRE','Saône-et-Loire',1),(79,'72',52,'72181',3,'SARTHE','Sarthe',1),(80,'73',84,'73065',3,'SAVOIE','Savoie',1),(81,'74',84,'74010',3,'HAUTE-SAVOIE','Haute-Savoie',1),(82,'75',11,'75056',0,'PARIS','Paris',1),(83,'76',28,'76540',3,'SEINE-MARITIME','Seine-Maritime',1),(84,'77',11,'77288',0,'SEINE-ET-MARNE','Seine-et-Marne',1),(85,'78',11,'78646',4,'YVELINES','Yvelines',1),(86,'79',75,'79191',4,'DEUX-SEVRES','Deux-Sèvres',1),(87,'80',32,'80021',3,'SOMME','Somme',1),(88,'81',76,'81004',2,'TARN','Tarn',1),(89,'82',76,'82121',0,'TARN-ET-GARONNE','Tarn-et-Garonne',1),(90,'83',93,'83137',2,'VAR','Var',1),(91,'84',93,'84007',0,'VAUCLUSE','Vaucluse',1),(92,'85',52,'85191',3,'VENDEE','Vendée',1),(93,'86',75,'86194',3,'VIENNE','Vienne',1),(94,'87',75,'87085',3,'HAUTE-VIENNE','Haute-Vienne',1),(95,'88',44,'88160',4,'VOSGES','Vosges',1),(96,'89',27,'89024',5,'YONNE','Yonne',1),(97,'90',27,'90010',0,'TERRITOIRE DE BELFORT','Territoire de Belfort',1),(98,'91',11,'91228',5,'ESSONNE','Essonne',1),(99,'92',11,'92050',4,'HAUTS-DE-SEINE','Hauts-de-Seine',1),(100,'93',11,'93008',3,'SEINE-SAINT-DENIS','Seine-Saint-Denis',1),(101,'94',11,'94028',2,'VAL-DE-MARNE','Val-de-Marne',1),(102,'95',11,'95500',2,'VAL-D OISE','Val-d Oise',1),(103,'B',4101,NULL,NULL,'BURGENLAND','Burgenland',1),(104,'K',4101,NULL,NULL,'KAERNTEN','Kärnten',1),(105,'N',4101,NULL,NULL,'NIEDEROESTERREICH','Niederösterreich',1),(106,'O',4101,NULL,NULL,'OBEROESTERREICH','Oberösterreich',1),(107,'S',4101,NULL,NULL,'SALZBURG','Salzburg',1),(108,'ST',4101,NULL,NULL,'STEIERMARK','Steiermark',1),(109,'T',4101,NULL,NULL,'TIROL','Tirol',1),(110,'V',4101,NULL,NULL,'VORARLBERG','Vorarlberg',1),(111,'W',4101,NULL,NULL,'WIEN','Wien',1),(112,'01',201,'',1,'ANVERS','Anvers',1),(113,'02',203,'',3,'BRUXELLES-CAPITALE','Bruxelles-Capitale',1),(114,'03',202,'',2,'BRABANT-WALLON','Brabant-Wallon',1),(115,'04',201,'',1,'BRABANT-FLAMAND','Brabant-Flamand',1),(116,'05',201,'',1,'FLANDRE-OCCIDENTALE','Flandre-Occidentale',1),(117,'06',201,'',1,'FLANDRE-ORIENTALE','Flandre-Orientale',1),(118,'07',202,'',2,'HAINAUT','Hainaut',1),(119,'08',201,'',2,'LIEGE','Liège',1),(120,'09',202,'',1,'LIMBOURG','Limbourg',1),(121,'10',202,'',2,'LUXEMBOURG','Luxembourg',1),(122,'11',201,'',2,'NAMUR','Namur',1),(123,'AG',315,NULL,NULL,NULL,'AGRIGENTO',1),(124,'AL',312,NULL,NULL,NULL,'ALESSANDRIA',1),(125,'AN',310,NULL,NULL,NULL,'ANCONA',1),(126,'AO',319,NULL,NULL,NULL,'AOSTA',1),(127,'AR',316,NULL,NULL,NULL,'AREZZO',1),(128,'AP',310,NULL,NULL,NULL,'ASCOLI PICENO',1),(129,'AT',312,NULL,NULL,NULL,'ASTI',1),(130,'AV',304,NULL,NULL,NULL,'AVELLINO',1),(131,'BA',313,NULL,NULL,NULL,'BARI',1),(132,'BT',313,NULL,NULL,NULL,'BARLETTA-ANDRIA-TRANI',1),(133,'BL',320,NULL,NULL,NULL,'BELLUNO',1),(134,'BN',304,NULL,NULL,NULL,'BENEVENTO',1),(135,'BG',309,NULL,NULL,NULL,'BERGAMO',1),(136,'BI',312,NULL,NULL,NULL,'BIELLA',1),(137,'BO',305,NULL,NULL,NULL,'BOLOGNA',1),(138,'BZ',317,NULL,NULL,NULL,'BOLZANO',1),(139,'BS',309,NULL,NULL,NULL,'BRESCIA',1),(140,'BR',313,NULL,NULL,NULL,'BRINDISI',1),(141,'CA',314,NULL,NULL,NULL,'CAGLIARI',1),(142,'CL',315,NULL,NULL,NULL,'CALTANISSETTA',1),(143,'CB',311,NULL,NULL,NULL,'CAMPOBASSO',1),(144,'CI',314,NULL,NULL,NULL,'CARBONIA-IGLESIAS',1),(145,'CE',304,NULL,NULL,NULL,'CASERTA',1),(146,'CT',315,NULL,NULL,NULL,'CATANIA',1),(147,'CZ',303,NULL,NULL,NULL,'CATANZARO',1),(148,'CH',301,NULL,NULL,NULL,'CHIETI',1),(149,'CO',309,NULL,NULL,NULL,'COMO',1),(150,'CS',303,NULL,NULL,NULL,'COSENZA',1),(151,'CR',309,NULL,NULL,NULL,'CREMONA',1),(152,'KR',303,NULL,NULL,NULL,'CROTONE',1),(153,'CN',312,NULL,NULL,NULL,'CUNEO',1),(154,'EN',315,NULL,NULL,NULL,'ENNA',1),(155,'FM',310,NULL,NULL,NULL,'FERMO',1),(156,'FE',305,NULL,NULL,NULL,'FERRARA',1),(157,'FI',316,NULL,NULL,NULL,'FIRENZE',1),(158,'FG',313,NULL,NULL,NULL,'FOGGIA',1),(159,'FC',305,NULL,NULL,NULL,'FORLI-CESENA',1),(160,'FR',307,NULL,NULL,NULL,'FROSINONE',1),(161,'GE',308,NULL,NULL,NULL,'GENOVA',1),(162,'GO',306,NULL,NULL,NULL,'GORIZIA',1),(163,'GR',316,NULL,NULL,NULL,'GROSSETO',1),(164,'IM',308,NULL,NULL,NULL,'IMPERIA',1),(165,'IS',311,NULL,NULL,NULL,'ISERNIA',1),(166,'SP',308,NULL,NULL,NULL,'LA SPEZIA',1),(167,'AQ',301,NULL,NULL,NULL,'L AQUILA',1),(168,'LT',307,NULL,NULL,NULL,'LATINA',1),(169,'LE',313,NULL,NULL,NULL,'LECCE',1),(170,'LC',309,NULL,NULL,NULL,'LECCO',1),(171,'LI',314,NULL,NULL,NULL,'LIVORNO',1),(172,'LO',309,NULL,NULL,NULL,'LODI',1),(173,'LU',316,NULL,NULL,NULL,'LUCCA',1),(174,'MC',310,NULL,NULL,NULL,'MACERATA',1),(175,'MN',309,NULL,NULL,NULL,'MANTOVA',1),(176,'MS',316,NULL,NULL,NULL,'MASSA-CARRARA',1),(177,'MT',302,NULL,NULL,NULL,'MATERA',1),(178,'VS',314,NULL,NULL,NULL,'MEDIO CAMPIDANO',1),(179,'ME',315,NULL,NULL,NULL,'MESSINA',1),(180,'MI',309,NULL,NULL,NULL,'MILANO',1),(181,'MB',309,NULL,NULL,NULL,'MONZA e BRIANZA',1),(182,'MO',305,NULL,NULL,NULL,'MODENA',1),(183,'NA',304,NULL,NULL,NULL,'NAPOLI',1),(184,'NO',312,NULL,NULL,NULL,'NOVARA',1),(185,'NU',314,NULL,NULL,NULL,'NUORO',1),(186,'OG',314,NULL,NULL,NULL,'OGLIASTRA',1),(187,'OT',314,NULL,NULL,NULL,'OLBIA-TEMPIO',1),(188,'OR',314,NULL,NULL,NULL,'ORISTANO',1),(189,'PD',320,NULL,NULL,NULL,'PADOVA',1),(190,'PA',315,NULL,NULL,NULL,'PALERMO',1),(191,'PR',305,NULL,NULL,NULL,'PARMA',1),(192,'PV',309,NULL,NULL,NULL,'PAVIA',1),(193,'PG',318,NULL,NULL,NULL,'PERUGIA',1),(194,'PU',310,NULL,NULL,NULL,'PESARO e URBINO',1),(195,'PE',301,NULL,NULL,NULL,'PESCARA',1),(196,'PC',305,NULL,NULL,NULL,'PIACENZA',1),(197,'PI',316,NULL,NULL,NULL,'PISA',1),(198,'PT',316,NULL,NULL,NULL,'PISTOIA',1),(199,'PN',306,NULL,NULL,NULL,'PORDENONE',1),(200,'PZ',302,NULL,NULL,NULL,'POTENZA',1),(201,'PO',316,NULL,NULL,NULL,'PRATO',1),(202,'RG',315,NULL,NULL,NULL,'RAGUSA',1),(203,'RA',305,NULL,NULL,NULL,'RAVENNA',1),(204,'RC',303,NULL,NULL,NULL,'REGGIO CALABRIA',1),(205,'RE',305,NULL,NULL,NULL,'REGGIO NELL EMILIA',1),(206,'RI',307,NULL,NULL,NULL,'RIETI',1),(207,'RN',305,NULL,NULL,NULL,'RIMINI',1),(208,'RM',307,NULL,NULL,NULL,'ROMA',1),(209,'RO',320,NULL,NULL,NULL,'ROVIGO',1),(210,'SA',304,NULL,NULL,NULL,'SALERNO',1),(211,'SS',314,NULL,NULL,NULL,'SASSARI',1),(212,'SV',308,NULL,NULL,NULL,'SAVONA',1),(213,'SI',316,NULL,NULL,NULL,'SIENA',1),(214,'SR',315,NULL,NULL,NULL,'SIRACUSA',1),(215,'SO',309,NULL,NULL,NULL,'SONDRIO',1),(216,'TA',313,NULL,NULL,NULL,'TARANTO',1),(217,'TE',301,NULL,NULL,NULL,'TERAMO',1),(218,'TR',318,NULL,NULL,NULL,'TERNI',1),(219,'TO',312,NULL,NULL,NULL,'TORINO',1),(220,'TP',315,NULL,NULL,NULL,'TRAPANI',1),(221,'TN',317,NULL,NULL,NULL,'TRENTO',1),(222,'TV',320,NULL,NULL,NULL,'TREVISO',1),(223,'TS',306,NULL,NULL,NULL,'TRIESTE',1),(224,'UD',306,NULL,NULL,NULL,'UDINE',1),(225,'VA',309,NULL,NULL,NULL,'VARESE',1),(226,'VE',320,NULL,NULL,NULL,'VENEZIA',1),(227,'VB',312,NULL,NULL,NULL,'VERBANO-CUSIO-OSSOLA',1),(228,'VC',312,NULL,NULL,NULL,'VERCELLI',1),(229,'VR',320,NULL,NULL,NULL,'VERONA',1),(230,'VV',303,NULL,NULL,NULL,'VIBO VALENTIA',1),(231,'VI',320,NULL,NULL,NULL,'VICENZA',1),(232,'VT',307,NULL,NULL,NULL,'VITERBO',1),(233,'AL01',1301,'',0,'','Wilaya d\'Adrar',1),(234,'AL02',1301,'',0,'','Wilaya de Chlef',1),(235,'AL03',1301,'',0,'','Wilaya de Laghouat',1),(236,'AL04',1301,'',0,'','Wilaya d\'Oum El Bouaghi',1),(237,'AL05',1301,'',0,'','Wilaya de Batna',1),(238,'AL06',1301,'',0,'','Wilaya de Béjaïa',1),(239,'AL07',1301,'',0,'','Wilaya de Biskra',1),(240,'AL08',1301,'',0,'','Wilaya de Béchar',1),(241,'AL09',1301,'',0,'','Wilaya de Blida',1),(242,'AL10',1301,'',0,'','Wilaya de Bouira',1),(243,'AL11',1301,'',0,'','Wilaya de Tamanrasset',1),(244,'AL12',1301,'',0,'','Wilaya de Tébessa',1),(245,'AL13',1301,'',0,'','Wilaya de Tlemcen',1),(246,'AL14',1301,'',0,'','Wilaya de Tiaret',1),(247,'AL15',1301,'',0,'','Wilaya de Tizi Ouzou',1),(248,'AL16',1301,'',0,'','Wilaya d\'Alger',1),(249,'AL17',1301,'',0,'','Wilaya de Djelfa',1),(250,'AL18',1301,'',0,'','Wilaya de Jijel',1),(251,'AL19',1301,'',0,'','Wilaya de Sétif	',1),(252,'AL20',1301,'',0,'','Wilaya de Saïda',1),(253,'AL21',1301,'',0,'','Wilaya de Skikda',1),(254,'AL22',1301,'',0,'','Wilaya de Sidi Bel Abbès',1),(255,'AL23',1301,'',0,'','Wilaya d\'Annaba',1),(256,'AL24',1301,'',0,'','Wilaya de Guelma',1),(257,'AL25',1301,'',0,'','Wilaya de Constantine',1),(258,'AL26',1301,'',0,'','Wilaya de Médéa',1),(259,'AL27',1301,'',0,'','Wilaya de Mostaganem',1),(260,'AL28',1301,'',0,'','Wilaya de M\'Sila',1),(261,'AL29',1301,'',0,'','Wilaya de Mascara',1),(262,'AL30',1301,'',0,'','Wilaya d\'Ouargla',1),(263,'AL31',1301,'',0,'','Wilaya d\'Oran',1),(264,'AL32',1301,'',0,'','Wilaya d\'El Bayadh',1),(265,'AL33',1301,'',0,'','Wilaya d\'Illizi',1),(266,'AL34',1301,'',0,'','Wilaya de Bordj Bou Arreridj',1),(267,'AL35',1301,'',0,'','Wilaya de Boumerdès',1),(268,'AL36',1301,'',0,'','Wilaya d\'El Tarf',1),(269,'AL37',1301,'',0,'','Wilaya de Tindouf',1),(270,'AL38',1301,'',0,'','Wilaya de Tissemsilt',1),(271,'AL39',1301,'',0,'','Wilaya d\'El Oued',1),(272,'AL40',1301,'',0,'','Wilaya de Khenchela',1),(273,'AL41',1301,'',0,'','Wilaya de Souk Ahras',1),(274,'AL42',1301,'',0,'','Wilaya de Tipaza',1),(275,'AL43',1301,'',0,'','Wilaya de Mila',1),(276,'AL44',1301,'',0,'','Wilaya d\'Aïn Defla',1),(277,'AL45',1301,'',0,'','Wilaya de Naâma',1),(278,'AL46',1301,'',0,'','Wilaya d\'Aïn Témouchent',1),(279,'AL47',1301,'',0,'','Wilaya de Ghardaia',1),(280,'AL48',1301,'',0,'','Wilaya de Relizane',1),(281,'MA',1209,'',0,'','Province de Benslimane',1),(282,'MA1',1209,'',0,'','Province de Berrechid',1),(283,'MA2',1209,'',0,'','Province de Khouribga',1),(284,'MA3',1209,'',0,'','Province de Settat',1),(285,'MA4',1210,'',0,'','Province d\'El Jadida',1),(286,'MA5',1210,'',0,'','Province de Safi',1),(287,'MA6',1210,'',0,'','Province de Sidi Bennour',1),(288,'MA7',1210,'',0,'','Province de Youssoufia',1),(289,'MA6B',1205,'',0,'','Préfecture de Fès',1),(290,'MA7B',1205,'',0,'','Province de Boulemane',1),(291,'MA8',1205,'',0,'','Province de Moulay Yacoub',1),(292,'MA9',1205,'',0,'','Province de Sefrou',1),(293,'MA8A',1202,'',0,'','Province de Kénitra',1),(294,'MA9A',1202,'',0,'','Province de Sidi Kacem',1),(295,'MA10',1202,'',0,'','Province de Sidi Slimane',1),(296,'MA11',1208,'',0,'','Préfecture de Casablanca',1),(297,'MA12',1208,'',0,'','Préfecture de Mohammédia',1),(298,'MA13',1208,'',0,'','Province de Médiouna',1),(299,'MA14',1208,'',0,'','Province de Nouaceur',1),(300,'MA15',1214,'',0,'','Province d\'Assa-Zag',1),(301,'MA16',1214,'',0,'','Province d\'Es-Semara',1),(302,'MA17A',1214,'',0,'','Province de Guelmim',1),(303,'MA18',1214,'',0,'','Province de Tata',1),(304,'MA19',1214,'',0,'','Province de Tan-Tan',1),(305,'MA15',1215,'',0,'','Province de Boujdour',1),(306,'MA16',1215,'',0,'','Province de Lâayoune',1),(307,'MA17',1215,'',0,'','Province de Tarfaya',1),(308,'MA18',1211,'',0,'','Préfecture de Marrakech',1),(309,'MA19',1211,'',0,'','Province d\'Al Haouz',1),(310,'MA20',1211,'',0,'','Province de Chichaoua',1),(311,'MA21',1211,'',0,'','Province d\'El Kelâa des Sraghna',1),(312,'MA22',1211,'',0,'','Province d\'Essaouira',1),(313,'MA23',1211,'',0,'','Province de Rehamna',1),(314,'MA24',1206,'',0,'','Préfecture de Meknès',1),(315,'MA25',1206,'',0,'','Province d’El Hajeb',1),(316,'MA26',1206,'',0,'','Province d\'Errachidia',1),(317,'MA27',1206,'',0,'','Province d’Ifrane',1),(318,'MA28',1206,'',0,'','Province de Khénifra',1),(319,'MA29',1206,'',0,'','Province de Midelt',1),(320,'MA30',1204,'',0,'','Préfecture d\'Oujda-Angad',1),(321,'MA31',1204,'',0,'','Province de Berkane',1),(322,'MA32',1204,'',0,'','Province de Driouch',1),(323,'MA33',1204,'',0,'','Province de Figuig',1),(324,'MA34',1204,'',0,'','Province de Jerada',1),(325,'MA35',1204,'',0,'','Province de Nador',1),(326,'MA36',1204,'',0,'','Province de Taourirt',1),(327,'MA37',1216,'',0,'','Province d\'Aousserd',1),(328,'MA38',1216,'',0,'','Province d\'Oued Ed-Dahab',1),(329,'MA39',1207,'',0,'','Préfecture de Rabat',1),(330,'MA40',1207,'',0,'','Préfecture de Skhirat-Témara',1),(331,'MA41',1207,'',0,'','Préfecture de Salé',1),(332,'MA42',1207,'',0,'','Province de Khémisset',1),(333,'MA43',1213,'',0,'','Préfecture d\'Agadir Ida-Outanane',1),(334,'MA44',1213,'',0,'','Préfecture d\'Inezgane-Aït Melloul',1),(335,'MA45',1213,'',0,'','Province de Chtouka-Aït Baha',1),(336,'MA46',1213,'',0,'','Province d\'Ouarzazate',1),(337,'MA47',1213,'',0,'','Province de Sidi Ifni',1),(338,'MA48',1213,'',0,'','Province de Taroudant',1),(339,'MA49',1213,'',0,'','Province de Tinghir',1),(340,'MA50',1213,'',0,'','Province de Tiznit',1),(341,'MA51',1213,'',0,'','Province de Zagora',1),(342,'MA52',1212,'',0,'','Province d\'Azilal',1),(343,'MA53',1212,'',0,'','Province de Beni Mellal',1),(344,'MA54',1212,'',0,'','Province de Fquih Ben Salah',1),(345,'MA55',1201,'',0,'','Préfecture de M\'diq-Fnideq',1),(346,'MA56',1201,'',0,'','Préfecture de Tanger-Asilah',1),(347,'MA57',1201,'',0,'','Province de Chefchaouen',1),(348,'MA58',1201,'',0,'','Province de Fahs-Anjra',1),(349,'MA59',1201,'',0,'','Province de Larache',1),(350,'MA60',1201,'',0,'','Province d\'Ouezzane',1),(351,'MA61',1201,'',0,'','Province de Tétouan',1),(352,'MA62',1203,'',0,'','Province de Guercif',1),(353,'MA63',1203,'',0,'','Province d\'Al Hoceïma',1),(354,'MA64',1203,'',0,'','Province de Taounate',1),(355,'MA65',1203,'',0,'','Province de Taza',1),(356,'MA6A',1205,'',0,'','Préfecture de Fès',1),(357,'MA7A',1205,'',0,'','Province de Boulemane',1),(358,'MA15A',1214,'',0,'','Province d\'Assa-Zag',1),(359,'MA16A',1214,'',0,'','Province d\'Es-Semara',1),(360,'MA18A',1211,'',0,'','Préfecture de Marrakech',1),(361,'MA19A',1214,'',0,'','Province de Tan-Tan',1),(362,'MA19B',1214,'',0,'','Province de Tan-Tan',1),(363,'TN01',1001,'',0,'','Ariana',1),(364,'TN02',1001,'',0,'','Béja',1),(365,'TN03',1001,'',0,'','Ben Arous',1),(366,'TN04',1001,'',0,'','Bizerte',1),(367,'TN05',1001,'',0,'','Gabès',1),(368,'TN06',1001,'',0,'','Gafsa',1),(369,'TN07',1001,'',0,'','Jendouba',1),(370,'TN08',1001,'',0,'','Kairouan',1),(371,'TN09',1001,'',0,'','Kasserine',1),(372,'TN10',1001,'',0,'','Kébili',1),(373,'TN11',1001,'',0,'','La Manouba',1),(374,'TN12',1001,'',0,'','Le Kef',1),(375,'TN13',1001,'',0,'','Mahdia',1),(376,'TN14',1001,'',0,'','Médenine',1),(377,'TN15',1001,'',0,'','Monastir',1),(378,'TN16',1001,'',0,'','Nabeul',1),(379,'TN17',1001,'',0,'','Sfax',1),(380,'TN18',1001,'',0,'','Sidi Bouzid',1),(381,'TN19',1001,'',0,'','Siliana',1),(382,'TN20',1001,'',0,'','Sousse',1),(383,'TN21',1001,'',0,'','Tataouine',1),(384,'TN22',1001,'',0,'','Tozeur',1),(385,'TN23',1001,'',0,'','Tunis',1),(386,'TN24',1001,'',0,'','Zaghouan',1),(387,'001',5201,'',0,'','Belisario Boeto',1),(388,'002',5201,'',0,'','Hernando Siles',1),(389,'003',5201,'',0,'','Jaime Zudáñez',1),(390,'004',5201,'',0,'','Juana Azurduy de Padilla',1),(391,'005',5201,'',0,'','Luis Calvo',1),(392,'006',5201,'',0,'','Nor Cinti',1),(393,'007',5201,'',0,'','Oropeza',1),(394,'008',5201,'',0,'','Sud Cinti',1),(395,'009',5201,'',0,'','Tomina',1),(396,'010',5201,'',0,'','Yamparáez',1),(397,'011',5202,'',0,'','Abel Iturralde',1),(398,'012',5202,'',0,'','Aroma',1),(399,'013',5202,'',0,'','Bautista Saavedra',1),(400,'014',5202,'',0,'','Caranavi',1),(401,'015',5202,'',0,'','Eliodoro Camacho',1),(402,'016',5202,'',0,'','Franz Tamayo',1),(403,'017',5202,'',0,'','Gualberto Villarroel',1),(404,'018',5202,'',0,'','Ingaví',1),(405,'019',5202,'',0,'','Inquisivi',1),(406,'020',5202,'',0,'','José Ramón Loayza',1),(407,'021',5202,'',0,'','Larecaja',1),(408,'022',5202,'',0,'','Los Andes (Bolivia)',1),(409,'023',5202,'',0,'','Manco Kapac',1),(410,'024',5202,'',0,'','Muñecas',1),(411,'025',5202,'',0,'','Nor Yungas',1),(412,'026',5202,'',0,'','Omasuyos',1),(413,'027',5202,'',0,'','Pacajes',1),(414,'028',5202,'',0,'','Pedro Domingo Murillo',1),(415,'029',5202,'',0,'','Sud Yungas',1),(416,'030',5202,'',0,'','General José Manuel Pando',1),(417,'031',5203,'',0,'','Arani',1),(418,'032',5203,'',0,'','Arque',1),(419,'033',5203,'',0,'','Ayopaya',1),(420,'034',5203,'',0,'','Bolívar (Bolivia)',1),(421,'035',5203,'',0,'','Campero',1),(422,'036',5203,'',0,'','Capinota',1),(423,'037',5203,'',0,'','Cercado (Cochabamba)',1),(424,'038',5203,'',0,'','Esteban Arze',1),(425,'039',5203,'',0,'','Germán Jordán',1),(426,'040',5203,'',0,'','José Carrasco',1),(427,'041',5203,'',0,'','Mizque',1),(428,'042',5203,'',0,'','Punata',1),(429,'043',5203,'',0,'','Quillacollo',1),(430,'044',5203,'',0,'','Tapacarí',1),(431,'045',5203,'',0,'','Tiraque',1),(432,'046',5203,'',0,'','Chapare',1),(433,'047',5204,'',0,'','Carangas',1),(434,'048',5204,'',0,'','Cercado (Oruro)',1),(435,'049',5204,'',0,'','Eduardo Avaroa',1),(436,'050',5204,'',0,'','Ladislao Cabrera',1),(437,'051',5204,'',0,'','Litoral de Atacama',1),(438,'052',5204,'',0,'','Mejillones',1),(439,'053',5204,'',0,'','Nor Carangas',1),(440,'054',5204,'',0,'','Pantaleón Dalence',1),(441,'055',5204,'',0,'','Poopó',1),(442,'056',5204,'',0,'','Sabaya',1),(443,'057',5204,'',0,'','Sajama',1),(444,'058',5204,'',0,'','San Pedro de Totora',1),(445,'059',5204,'',0,'','Saucarí',1),(446,'060',5204,'',0,'','Sebastián Pagador',1),(447,'061',5204,'',0,'','Sud Carangas',1),(448,'062',5204,'',0,'','Tomás Barrón',1),(449,'063',5205,'',0,'','Alonso de Ibáñez',1),(450,'064',5205,'',0,'','Antonio Quijarro',1),(451,'065',5205,'',0,'','Bernardino Bilbao',1),(452,'066',5205,'',0,'','Charcas (Potosí)',1),(453,'067',5205,'',0,'','Chayanta',1),(454,'068',5205,'',0,'','Cornelio Saavedra',1),(455,'069',5205,'',0,'','Daniel Campos',1),(456,'070',5205,'',0,'','Enrique Baldivieso',1),(457,'071',5205,'',0,'','José María Linares',1),(458,'072',5205,'',0,'','Modesto Omiste',1),(459,'073',5205,'',0,'','Nor Chichas',1),(460,'074',5205,'',0,'','Nor Lípez',1),(461,'075',5205,'',0,'','Rafael Bustillo',1),(462,'076',5205,'',0,'','Sud Chichas',1),(463,'077',5205,'',0,'','Sud Lípez',1),(464,'078',5205,'',0,'','Tomás Frías',1),(465,'079',5206,'',0,'','Aniceto Arce',1),(466,'080',5206,'',0,'','Burdet O\'Connor',1),(467,'081',5206,'',0,'','Cercado (Tarija)',1),(468,'082',5206,'',0,'','Eustaquio Méndez',1),(469,'083',5206,'',0,'','José María Avilés',1),(470,'084',5206,'',0,'','Gran Chaco',1),(471,'085',5207,'',0,'','Andrés Ibáñez',1),(472,'086',5207,'',0,'','Caballero',1),(473,'087',5207,'',0,'','Chiquitos',1),(474,'088',5207,'',0,'','Cordillera (Bolivia)',1),(475,'089',5207,'',0,'','Florida',1),(476,'090',5207,'',0,'','Germán Busch',1),(477,'091',5207,'',0,'','Guarayos',1),(478,'092',5207,'',0,'','Ichilo',1),(479,'093',5207,'',0,'','Obispo Santistevan',1),(480,'094',5207,'',0,'','Sara',1),(481,'095',5207,'',0,'','Vallegrande',1),(482,'096',5207,'',0,'','Velasco',1),(483,'097',5207,'',0,'','Warnes',1),(484,'098',5207,'',0,'','Ángel Sandóval',1),(485,'099',5207,'',0,'','Ñuflo de Chaves',1),(486,'100',5208,'',0,'','Cercado (Beni)',1),(487,'101',5208,'',0,'','Iténez',1),(488,'102',5208,'',0,'','Mamoré',1),(489,'103',5208,'',0,'','Marbán',1),(490,'104',5208,'',0,'','Moxos',1),(491,'105',5208,'',0,'','Vaca Díez',1),(492,'106',5208,'',0,'','Yacuma',1),(493,'107',5208,'',0,'','General José Ballivián Segurola',1),(494,'108',5209,'',0,'','Abuná',1),(495,'109',5209,'',0,'','Madre de Dios',1),(496,'110',5209,'',0,'','Manuripi',1),(497,'111',5209,'',0,'','Nicolás Suárez',1),(498,'112',5209,'',0,'','General Federico Román',1),(499,'NSW',2801,'',1,'','New South Wales',1),(500,'VIC',2801,'',1,'','Victoria',1),(501,'QLD',2801,'',1,'','Queensland',1),(502,'SA',2801,'',1,'','South Australia',1),(503,'ACT',2801,'',1,'','Australia Capital Territory',1),(504,'TAS',2801,'',1,'','Tasmania',1),(505,'WA',2801,'',1,'','Western Australia',1),(506,'NT',2801,'',1,'','Northern Territory',1),(507,'ON',1401,'',1,'','Ontario',1),(508,'QC',1401,'',1,'','Quebec',1),(509,'NS',1401,'',1,'','Nova Scotia',1),(510,'NB',1401,'',1,'','New Brunswick',1),(511,'MB',1401,'',1,'','Manitoba',1),(512,'BC',1401,'',1,'','British Columbia',1),(513,'PE',1401,'',1,'','Prince Edward Island',1),(514,'SK',1401,'',1,'','Saskatchewan',1),(515,'AB',1401,'',1,'','Alberta',1),(516,'NL',1401,'',1,'','Newfoundland and Labrador',1),(517,'VI',419,'01',19,'ALAVA','Álava',1),(518,'AB',404,'02',4,'ALBACETE','Albacete',1),(519,'A',411,'03',11,'ALICANTE','Alicante',1),(520,'AL',401,'04',1,'ALMERIA','Almería',1),(521,'O',418,'33',18,'ASTURIAS','Asturias',1),(522,'AV',403,'05',3,'AVILA','Ávila',1),(523,'BA',412,'06',12,'BADAJOZ','Badajoz',1),(524,'B',406,'08',6,'BARCELONA','Barcelona',1),(525,'BU',403,'09',8,'BURGOS','Burgos',1),(526,'CC',412,'10',12,'CACERES','Cáceres',1),(527,'CA',401,'11',1,'CADIZ','Cádiz',1),(528,'S',410,'39',10,'CANTABRIA','Cantabria',1),(529,'CS',411,'12',11,'CASTELLON','Castellón',1),(530,'CE',407,'51',7,'CEUTA','Ceuta',1),(531,'CR',404,'13',4,'CIUDAD REAL','Ciudad Real',1),(532,'CO',401,'14',1,'CORDOBA','Córdoba',1),(533,'CU',404,'16',4,'CUENCA','Cuenca',1),(534,'GI',406,'17',6,'GERONA','Gerona',1),(535,'GR',401,'18',1,'GRANADA','Granada',1),(536,'GU',404,'19',4,'GUADALAJARA','Guadalajara',1),(537,'SS',419,'20',19,'GUIPUZCOA','Guipúzcoa',1),(538,'H',401,'21',1,'HUELVA','Huelva',1),(539,'HU',402,'22',2,'HUESCA','Huesca',1),(540,'PM',414,'07',14,'ISLAS BALEARES','Islas Baleares',1),(541,'J',401,'23',1,'JAEN','Jaén',1),(542,'C',413,'15',13,'LA CORUÑA','La Coruña',1),(543,'LO',415,'26',15,'LA RIOJA','La Rioja',1),(544,'GC',405,'35',5,'LAS PALMAS','Las Palmas',1),(545,'LE',403,'24',3,'LEON','León',1),(546,'L',406,'25',6,'LERIDA','Lérida',1),(547,'LU',413,'27',13,'LUGO','Lugo',1),(548,'M',416,'28',16,'MADRID','Madrid',1),(549,'MA',401,'29',1,'MALAGA','Málaga',1),(550,'ML',409,'52',9,'MELILLA','Melilla',1),(551,'MU',417,'30',17,'MURCIA','Murcia',1),(552,'NA',408,'31',8,'NAVARRA','Navarra',1),(553,'OR',413,'32',13,'ORENSE','Orense',1),(554,'P',403,'34',3,'PALENCIA','Palencia',1),(555,'PO',413,'36',13,'PONTEVEDRA','Pontevedra',1),(556,'SA',403,'37',3,'SALAMANCA','Salamanca',1),(557,'TF',405,'38',5,'STA. CRUZ DE TENERIFE','Santa Cruz de Tenerife',1),(558,'SG',403,'40',3,'SEGOVIA','Segovia',1),(559,'SE',401,'41',1,'SEVILLA','Sevilla',1),(560,'SO',403,'42',3,'SORIA','Soria',1),(561,'T',406,'43',6,'TARRAGONA','Tarragona',1),(562,'TE',402,'44',2,'TERUEL','Teruel',1),(563,'TO',404,'45',5,'TOLEDO','Toledo',1),(564,'V',411,'46',11,'VALENCIA','Valencia',1),(565,'VA',403,'47',3,'VALLADOLID','Valladolid',1),(566,'BI',419,'48',19,'VIZCAYA','Vizcaya',1),(567,'ZA',403,'49',3,'ZAMORA','Zamora',1),(568,'Z',402,'50',1,'ZARAGOZA','Zaragoza',1),(569,'BW',501,NULL,NULL,'BADEN-WÜRTTEMBERG','Baden-Württemberg',1),(570,'BY',501,NULL,NULL,'BAYERN','Bayern',1),(571,'BE',501,NULL,NULL,'BERLIN','Berlin',1),(572,'BB',501,NULL,NULL,'BRANDENBURG','Brandenburg',1),(573,'HB',501,NULL,NULL,'BREMEN','Bremen',1),(574,'HH',501,NULL,NULL,'HAMBURG','Hamburg',1),(575,'HE',501,NULL,NULL,'HESSEN','Hessen',1),(576,'MV',501,NULL,NULL,'MECKLENBURG-VORPOMMERN','Mecklenburg-Vorpommern',1),(577,'NI',501,NULL,NULL,'NIEDERSACHSEN','Niedersachsen',1),(578,'NW',501,NULL,NULL,'NORDRHEIN-WESTFALEN','Nordrhein-Westfalen',1),(579,'RP',501,NULL,NULL,'RHEINLAND-PFALZ','Rheinland-Pfalz',1),(580,'SL',501,NULL,NULL,'SAARLAND','Saarland',1),(581,'SN',501,NULL,NULL,'SACHSEN','Sachsen',1),(582,'ST',501,NULL,NULL,'SACHSEN-ANHALT','Sachsen-Anhalt',1),(583,'SH',501,NULL,NULL,'SCHLESWIG-HOLSTEIN','Schleswig-Holstein',1),(584,'TH',501,NULL,NULL,'THÜRINGEN','Thüringen',1),(585,'66',10201,'',0,'','Αθήνα',1),(586,'67',10205,'',0,'','Δράμα',1),(587,'01',10205,'',0,'','Έβρος',1),(588,'02',10205,'',0,'','Θάσος',1),(589,'03',10205,'',0,'','Καβάλα',1),(590,'04',10205,'',0,'','Ξάνθη',1),(591,'05',10205,'',0,'','Ροδόπη',1),(592,'06',10203,'',0,'','Ημαθία',1),(593,'07',10203,'',0,'','Θεσσαλονίκη',1),(594,'08',10203,'',0,'','Κιλκίς',1),(595,'09',10203,'',0,'','Πέλλα',1),(596,'10',10203,'',0,'','Πιερία',1),(597,'11',10203,'',0,'','Σέρρες',1),(598,'12',10203,'',0,'','Χαλκιδική',1),(599,'13',10206,'',0,'','Άρτα',1),(600,'14',10206,'',0,'','Θεσπρωτία',1),(601,'15',10206,'',0,'','Ιωάννινα',1),(602,'16',10206,'',0,'','Πρέβεζα',1),(603,'17',10213,'',0,'','Γρεβενά',1),(604,'18',10213,'',0,'','Καστοριά',1),(605,'19',10213,'',0,'','Κοζάνη',1),(606,'20',10213,'',0,'','Φλώρινα',1),(607,'21',10212,'',0,'','Καρδίτσα',1),(608,'22',10212,'',0,'','Λάρισα',1),(609,'23',10212,'',0,'','Μαγνησία',1),(610,'24',10212,'',0,'','Τρίκαλα',1),(611,'25',10212,'',0,'','Σποράδες',1),(612,'26',10212,'',0,'','Βοιωτία',1),(613,'27',10202,'',0,'','Εύβοια',1),(614,'28',10202,'',0,'','Ευρυτανία',1),(615,'29',10202,'',0,'','Φθιώτιδα',1),(616,'30',10202,'',0,'','Φωκίδα',1),(617,'31',10209,'',0,'','Αργολίδα',1),(618,'32',10209,'',0,'','Αρκαδία',1),(619,'33',10209,'',0,'','Κορινθία',1),(620,'34',10209,'',0,'','Λακωνία',1),(621,'35',10209,'',0,'','Μεσσηνία',1),(622,'36',10211,'',0,'','Αιτωλοακαρνανία',1),(623,'37',10211,'',0,'','Αχαΐα',1),(624,'38',10211,'',0,'','Ηλεία',1),(625,'39',10207,'',0,'','Ζάκυνθος',1),(626,'40',10207,'',0,'','Κέρκυρα',1),(627,'41',10207,'',0,'','Κεφαλληνία',1),(628,'42',10207,'',0,'','Ιθάκη',1),(629,'43',10207,'',0,'','Λευκάδα',1),(630,'44',10208,'',0,'','Ικαρία',1),(631,'45',10208,'',0,'','Λέσβος',1),(632,'46',10208,'',0,'','Λήμνος',1),(633,'47',10208,'',0,'','Σάμος',1),(634,'48',10208,'',0,'','Χίος',1),(635,'49',10210,'',0,'','Άνδρος',1),(636,'50',10210,'',0,'','Θήρα',1),(637,'51',10210,'',0,'','Κάλυμνος',1),(638,'52',10210,'',0,'','Κάρπαθος',1),(639,'53',10210,'',0,'','Κέα-Κύθνος',1),(640,'54',10210,'',0,'','Κω',1),(641,'55',10210,'',0,'','Μήλος',1),(642,'56',10210,'',0,'','Μύκονος',1),(643,'57',10210,'',0,'','Νάξος',1),(644,'58',10210,'',0,'','Πάρος',1),(645,'59',10210,'',0,'','Ρόδος',1),(646,'60',10210,'',0,'','Σύρος',1),(647,'61',10210,'',0,'','Τήνος',1),(648,'62',10204,'',0,'','Ηράκλειο',1),(649,'63',10204,'',0,'','Λασίθι',1),(650,'64',10204,'',0,'','Ρέθυμνο',1),(651,'65',10204,'',0,'','Χανιά',1),(652,'AG',601,NULL,NULL,'ARGOVIE','Argovie',1),(653,'AI',601,NULL,NULL,'APPENZELL RHODES INTERIEURES','Appenzell Rhodes intérieures',1),(654,'AR',601,NULL,NULL,'APPENZELL RHODES EXTERIEURES','Appenzell Rhodes extérieures',1),(655,'BE',601,NULL,NULL,'BERNE','Berne',1),(656,'BL',601,NULL,NULL,'BALE CAMPAGNE','Bâle Campagne',1),(657,'BS',601,NULL,NULL,'BALE VILLE','Bâle Ville',1),(658,'FR',601,NULL,NULL,'FRIBOURG','Fribourg',1),(659,'GE',601,NULL,NULL,'GENEVE','Genève',1),(660,'GL',601,NULL,NULL,'GLARIS','Glaris',1),(661,'GR',601,NULL,NULL,'GRISONS','Grisons',1),(662,'JU',601,NULL,NULL,'JURA','Jura',1),(663,'LU',601,NULL,NULL,'LUCERNE','Lucerne',1),(664,'NE',601,NULL,NULL,'NEUCHATEL','Neuchâtel',1),(665,'NW',601,NULL,NULL,'NIDWALD','Nidwald',1),(666,'OW',601,NULL,NULL,'OBWALD','Obwald',1),(667,'SG',601,NULL,NULL,'SAINT-GALL','Saint-Gall',1),(668,'SH',601,NULL,NULL,'SCHAFFHOUSE','Schaffhouse',1),(669,'SO',601,NULL,NULL,'SOLEURE','Soleure',1),(670,'SZ',601,NULL,NULL,'SCHWYZ','Schwyz',1),(671,'TG',601,NULL,NULL,'THURGOVIE','Thurgovie',1),(672,'TI',601,NULL,NULL,'TESSIN','Tessin',1),(673,'UR',601,NULL,NULL,'URI','Uri',1),(674,'VD',601,NULL,NULL,'VAUD','Vaud',1),(675,'VS',601,NULL,NULL,'VALAIS','Valais',1),(676,'ZG',601,NULL,NULL,'ZUG','Zug',1),(677,'ZH',601,NULL,NULL,'ZURICH','Zürich',1),(678,'701',701,NULL,0,NULL,'Bedfordshire',1),(679,'702',701,NULL,0,NULL,'Berkshire',1),(680,'703',701,NULL,0,NULL,'Bristol, City of',1),(681,'704',701,NULL,0,NULL,'Buckinghamshire',1),(682,'705',701,NULL,0,NULL,'Cambridgeshire',1),(683,'706',701,NULL,0,NULL,'Cheshire',1),(684,'707',701,NULL,0,NULL,'Cleveland',1),(685,'708',701,NULL,0,NULL,'Cornwall',1),(686,'709',701,NULL,0,NULL,'Cumberland',1),(687,'710',701,NULL,0,NULL,'Cumbria',1),(688,'711',701,NULL,0,NULL,'Derbyshire',1),(689,'712',701,NULL,0,NULL,'Devon',1),(690,'713',701,NULL,0,NULL,'Dorset',1),(691,'714',701,NULL,0,NULL,'Co. Durham',1),(692,'715',701,NULL,0,NULL,'East Riding of Yorkshire',1),(693,'716',701,NULL,0,NULL,'East Sussex',1),(694,'717',701,NULL,0,NULL,'Essex',1),(695,'718',701,NULL,0,NULL,'Gloucestershire',1),(696,'719',701,NULL,0,NULL,'Greater Manchester',1),(697,'720',701,NULL,0,NULL,'Hampshire',1),(698,'721',701,NULL,0,NULL,'Hertfordshire',1),(699,'722',701,NULL,0,NULL,'Hereford and Worcester',1),(700,'723',701,NULL,0,NULL,'Herefordshire',1),(701,'724',701,NULL,0,NULL,'Huntingdonshire',1),(702,'725',701,NULL,0,NULL,'Isle of Man',1),(703,'726',701,NULL,0,NULL,'Isle of Wight',1),(704,'727',701,NULL,0,NULL,'Jersey',1),(705,'728',701,NULL,0,NULL,'Kent',1),(706,'729',701,NULL,0,NULL,'Lancashire',1),(707,'730',701,NULL,0,NULL,'Leicestershire',1),(708,'731',701,NULL,0,NULL,'Lincolnshire',1),(709,'732',701,NULL,0,NULL,'London - City of London',1),(710,'733',701,NULL,0,NULL,'Merseyside',1),(711,'734',701,NULL,0,NULL,'Middlesex',1),(712,'735',701,NULL,0,NULL,'Norfolk',1),(713,'736',701,NULL,0,NULL,'North Yorkshire',1),(714,'737',701,NULL,0,NULL,'North Riding of Yorkshire',1),(715,'738',701,NULL,0,NULL,'Northamptonshire',1),(716,'739',701,NULL,0,NULL,'Northumberland',1),(717,'740',701,NULL,0,NULL,'Nottinghamshire',1),(718,'741',701,NULL,0,NULL,'Oxfordshire',1),(719,'742',701,NULL,0,NULL,'Rutland',1),(720,'743',701,NULL,0,NULL,'Shropshire',1),(721,'744',701,NULL,0,NULL,'Somerset',1),(722,'745',701,NULL,0,NULL,'Staffordshire',1),(723,'746',701,NULL,0,NULL,'Suffolk',1),(724,'747',701,NULL,0,NULL,'Surrey',1),(725,'748',701,NULL,0,NULL,'Sussex',1),(726,'749',701,NULL,0,NULL,'Tyne and Wear',1),(727,'750',701,NULL,0,NULL,'Warwickshire',1),(728,'751',701,NULL,0,NULL,'West Midlands',1),(729,'752',701,NULL,0,NULL,'West Sussex',1),(730,'753',701,NULL,0,NULL,'West Yorkshire',1),(731,'754',701,NULL,0,NULL,'West Riding of Yorkshire',1),(732,'755',701,NULL,0,NULL,'Wiltshire',1),(733,'756',701,NULL,0,NULL,'Worcestershire',1),(734,'757',701,NULL,0,NULL,'Yorkshire',1),(735,'758',702,NULL,0,NULL,'Anglesey',1),(736,'759',702,NULL,0,NULL,'Breconshire',1),(737,'760',702,NULL,0,NULL,'Caernarvonshire',1),(738,'761',702,NULL,0,NULL,'Cardiganshire',1),(739,'762',702,NULL,0,NULL,'Carmarthenshire',1),(740,'763',702,NULL,0,NULL,'Ceredigion',1),(741,'764',702,NULL,0,NULL,'Denbighshire',1),(742,'765',702,NULL,0,NULL,'Flintshire',1),(743,'766',702,NULL,0,NULL,'Glamorgan',1),(744,'767',702,NULL,0,NULL,'Gwent',1),(745,'768',702,NULL,0,NULL,'Gwynedd',1),(746,'769',702,NULL,0,NULL,'Merionethshire',1),(747,'770',702,NULL,0,NULL,'Monmouthshire',1),(748,'771',702,NULL,0,NULL,'Mid Glamorgan',1),(749,'772',702,NULL,0,NULL,'Montgomeryshire',1),(750,'773',702,NULL,0,NULL,'Pembrokeshire',1),(751,'774',702,NULL,0,NULL,'Powys',1),(752,'775',702,NULL,0,NULL,'Radnorshire',1),(753,'776',702,NULL,0,NULL,'South Glamorgan',1),(754,'777',703,NULL,0,NULL,'Aberdeen, City of',1),(755,'778',703,NULL,0,NULL,'Angus',1),(756,'779',703,NULL,0,NULL,'Argyll',1),(757,'780',703,NULL,0,NULL,'Ayrshire',1),(758,'781',703,NULL,0,NULL,'Banffshire',1),(759,'782',703,NULL,0,NULL,'Berwickshire',1),(760,'783',703,NULL,0,NULL,'Bute',1),(761,'784',703,NULL,0,NULL,'Caithness',1),(762,'785',703,NULL,0,NULL,'Clackmannanshire',1),(763,'786',703,NULL,0,NULL,'Dumfriesshire',1),(764,'787',703,NULL,0,NULL,'Dumbartonshire',1),(765,'788',703,NULL,0,NULL,'Dundee, City of',1),(766,'789',703,NULL,0,NULL,'East Lothian',1),(767,'790',703,NULL,0,NULL,'Fife',1),(768,'791',703,NULL,0,NULL,'Inverness',1),(769,'792',703,NULL,0,NULL,'Kincardineshire',1),(770,'793',703,NULL,0,NULL,'Kinross-shire',1),(771,'794',703,NULL,0,NULL,'Kirkcudbrightshire',1),(772,'795',703,NULL,0,NULL,'Lanarkshire',1),(773,'796',703,NULL,0,NULL,'Midlothian',1),(774,'797',703,NULL,0,NULL,'Morayshire',1),(775,'798',703,NULL,0,NULL,'Nairnshire',1),(776,'799',703,NULL,0,NULL,'Orkney',1),(777,'800',703,NULL,0,NULL,'Peebleshire',1),(778,'801',703,NULL,0,NULL,'Perthshire',1),(779,'802',703,NULL,0,NULL,'Renfrewshire',1),(780,'803',703,NULL,0,NULL,'Ross & Cromarty',1),(781,'804',703,NULL,0,NULL,'Roxburghshire',1),(782,'805',703,NULL,0,NULL,'Selkirkshire',1),(783,'806',703,NULL,0,NULL,'Shetland',1),(784,'807',703,NULL,0,NULL,'Stirlingshire',1),(785,'808',703,NULL,0,NULL,'Sutherland',1),(786,'809',703,NULL,0,NULL,'West Lothian',1),(787,'810',703,NULL,0,NULL,'Wigtownshire',1),(788,'811',704,NULL,0,NULL,'Antrim',1),(789,'812',704,NULL,0,NULL,'Armagh',1),(790,'813',704,NULL,0,NULL,'Co. Down',1),(791,'814',704,NULL,0,NULL,'Co. Fermanagh',1),(792,'815',704,NULL,0,NULL,'Co. Londonderry',1),(793,'AL',1101,'',0,'ALABAMA','Alabama',1),(794,'AK',1101,'',0,'ALASKA','Alaska',1),(795,'AZ',1101,'',0,'ARIZONA','Arizona',1),(796,'AR',1101,'',0,'ARKANSAS','Arkansas',1),(797,'CA',1101,'',0,'CALIFORNIA','California',1),(798,'CO',1101,'',0,'COLORADO','Colorado',1),(799,'CT',1101,'',0,'CONNECTICUT','Connecticut',1),(800,'DE',1101,'',0,'DELAWARE','Delaware',1),(801,'FL',1101,'',0,'FLORIDA','Florida',1),(802,'GA',1101,'',0,'GEORGIA','Georgia',1),(803,'HI',1101,'',0,'HAWAII','Hawaii',1),(804,'ID',1101,'',0,'IDAHO','Idaho',1),(805,'IL',1101,'',0,'ILLINOIS','Illinois',1),(806,'IN',1101,'',0,'INDIANA','Indiana',1),(807,'IA',1101,'',0,'IOWA','Iowa',1),(808,'KS',1101,'',0,'KANSAS','Kansas',1),(809,'KY',1101,'',0,'KENTUCKY','Kentucky',1),(810,'LA',1101,'',0,'LOUISIANA','Louisiana',1),(811,'ME',1101,'',0,'MAINE','Maine',1),(812,'MD',1101,'',0,'MARYLAND','Maryland',1),(813,'MA',1101,'',0,'MASSACHUSSETTS','Massachusetts',1),(814,'MI',1101,'',0,'MICHIGAN','Michigan',1),(815,'MN',1101,'',0,'MINNESOTA','Minnesota',1),(816,'MS',1101,'',0,'MISSISSIPPI','Mississippi',1),(817,'MO',1101,'',0,'MISSOURI','Missouri',1),(818,'MT',1101,'',0,'MONTANA','Montana',1),(819,'NE',1101,'',0,'NEBRASKA','Nebraska',1),(820,'NV',1101,'',0,'NEVADA','Nevada',1),(821,'NH',1101,'',0,'NEW HAMPSHIRE','New Hampshire',1),(822,'NJ',1101,'',0,'NEW JERSEY','New Jersey',1),(823,'NM',1101,'',0,'NEW MEXICO','New Mexico',1),(824,'NY',1101,'',0,'NEW YORK','New York',1),(825,'NC',1101,'',0,'NORTH CAROLINA','North Carolina',1),(826,'ND',1101,'',0,'NORTH DAKOTA','North Dakota',1),(827,'OH',1101,'',0,'OHIO','Ohio',1),(828,'OK',1101,'',0,'OKLAHOMA','Oklahoma',1),(829,'OR',1101,'',0,'OREGON','Oregon',1),(830,'PA',1101,'',0,'PENNSYLVANIA','Pennsylvania',1),(831,'RI',1101,'',0,'RHODE ISLAND','Rhode Island',1),(832,'SC',1101,'',0,'SOUTH CAROLINA','South Carolina',1),(833,'SD',1101,'',0,'SOUTH DAKOTA','South Dakota',1),(834,'TN',1101,'',0,'TENNESSEE','Tennessee',1),(835,'TX',1101,'',0,'TEXAS','Texas',1),(836,'UT',1101,'',0,'UTAH','Utah',1),(837,'VT',1101,'',0,'VERMONT','Vermont',1),(838,'VA',1101,'',0,'VIRGINIA','Virginia',1),(839,'WA',1101,'',0,'WASHINGTON','Washington',1),(840,'WV',1101,'',0,'WEST VIRGINIA','West Virginia',1),(841,'WI',1101,'',0,'WISCONSIN','Wisconsin',1),(842,'WY',1101,'',0,'WYOMING','Wyoming',1),(843,'GR',1701,NULL,NULL,NULL,'Groningen',1),(844,'FR',1701,NULL,NULL,NULL,'Friesland',1),(845,'DR',1701,NULL,NULL,NULL,'Drenthe',1),(846,'OV',1701,NULL,NULL,NULL,'Overijssel',1),(847,'GD',1701,NULL,NULL,NULL,'Gelderland',1),(848,'FL',1701,NULL,NULL,NULL,'Flevoland',1),(849,'UT',1701,NULL,NULL,NULL,'Utrecht',1),(850,'NH',1701,NULL,NULL,NULL,'Noord-Holland',1),(851,'ZH',1701,NULL,NULL,NULL,'Zuid-Holland',1),(852,'ZL',1701,NULL,NULL,NULL,'Zeeland',1),(853,'NB',1701,NULL,NULL,NULL,'Noord-Brabant',1),(854,'LB',1701,NULL,NULL,NULL,'Limburg',1),(855,'SS',8601,'',0,'','San Salvador',1),(856,'SA',8603,'',0,'','Santa Ana',1),(857,'AH',8603,'',0,'','Ahuachapan',1),(858,'SO',8603,'',0,'','Sonsonate',1),(859,'US',8602,'',0,'','Usulutan',1),(860,'SM',8602,'',0,'','San Miguel',1),(861,'MO',8602,'',0,'','Morazan',1),(862,'LU',8602,'',0,'','La Union',1),(863,'LL',8601,'',0,'','La Libertad',1),(864,'CH',8601,'',0,'','Chalatenango',1),(865,'CA',8601,'',0,'','Cabañas',1),(866,'LP',8601,'',0,'','La Paz',1),(867,'SV',8601,'',0,'','San Vicente',1),(868,'CU',8601,'',0,'','Cuscatlan',1),(869,'2301',2301,'',0,'CATAMARCA','Catamarca',1),(870,'2302',2301,'',0,'JUJUY','Jujuy',1),(871,'2303',2301,'',0,'TUCAMAN','Tucamán',1),(872,'2304',2301,'',0,'SANTIAGO DEL ESTERO','Santiago del Estero',1),(873,'2305',2301,'',0,'SALTA','Salta',1),(874,'2306',2302,'',0,'CHACO','Chaco',1),(875,'2307',2302,'',0,'CORRIENTES','Corrientes',1),(876,'2308',2302,'',0,'ENTRE RIOS','Entre Ríos',1),(877,'2309',2302,'',0,'FORMOSA','Formosa',1),(878,'2310',2302,'',0,'SANTA FE','Santa Fe',1),(879,'2311',2303,'',0,'LA RIOJA','La Rioja',1),(880,'2312',2303,'',0,'MENDOZA','Mendoza',1),(881,'2313',2303,'',0,'SAN JUAN','San Juan',1),(882,'2314',2303,'',0,'SAN LUIS','San Luis',1),(883,'2315',2304,'',0,'CORDOBA','Córdoba',1),(884,'2316',2304,'',0,'BUENOS AIRES','Buenos Aires',1),(885,'2317',2304,'',0,'CABA','Caba',1),(886,'2318',2305,'',0,'LA PAMPA','La Pampa',1),(887,'2319',2305,'',0,'NEUQUEN','Neuquén',1),(888,'2320',2305,'',0,'RIO NEGRO','Río Negro',1),(889,'2321',2305,'',0,'CHUBUT','Chubut',1),(890,'2322',2305,'',0,'SANTA CRUZ','Santa Cruz',1),(891,'2323',2305,'',0,'TIERRA DEL FUEGO','Tierra del Fuego',1),(892,'2324',2305,'',0,'ISLAS MALVINAS','Islas Malvinas',1),(893,'2325',2305,'',0,'ANTARTIDA','Antártida',1),(894,'2326',2305,'',0,'MISIONES','Misiones',1),(895,'CC',4601,'Oistins',0,'CC','Christ Church',1),(896,'SA',4601,'Greenland',0,'SA','Saint Andrew',1),(897,'SG',4601,'Bulkeley',0,'SG','Saint George',1),(898,'JA',4601,'Holetown',0,'JA','Saint James',1),(899,'SJ',4601,'Four Roads',0,'SJ','Saint John',1),(900,'SB',4601,'Bathsheba',0,'SB','Saint Joseph',1),(901,'SL',4601,'Crab Hill',0,'SL','Saint Lucy',1),(902,'SM',4601,'Bridgetown',0,'SM','Saint Michael',1),(903,'SP',4601,'Speightstown',0,'SP','Saint Peter',1),(904,'SC',4601,'Crane',0,'SC','Saint Philip',1),(905,'ST',4601,'Hillaby',0,'ST','Saint Thomas',1),(906,'AC',5601,'ACRE',0,'AC','Acre',1),(907,'AL',5601,'ALAGOAS',0,'AL','Alagoas',1),(908,'AP',5601,'AMAPA',0,'AP','Amapá',1),(909,'AM',5601,'AMAZONAS',0,'AM','Amazonas',1),(910,'BA',5601,'BAHIA',0,'BA','Bahia',1),(911,'CE',5601,'CEARA',0,'CE','Ceará',1),(912,'ES',5601,'ESPIRITO SANTO',0,'ES','Espirito Santo',1),(913,'GO',5601,'GOIAS',0,'GO','Goiás',1),(914,'MA',5601,'MARANHAO',0,'MA','Maranhão',1),(915,'MT',5601,'MATO GROSSO',0,'MT','Mato Grosso',1),(916,'MS',5601,'MATO GROSSO DO SUL',0,'MS','Mato Grosso do Sul',1),(917,'MG',5601,'MINAS GERAIS',0,'MG','Minas Gerais',1),(918,'PA',5601,'PARA',0,'PA','Pará',1),(919,'PB',5601,'PARAIBA',0,'PB','Paraiba',1),(920,'PR',5601,'PARANA',0,'PR','Paraná',1),(921,'PE',5601,'PERNAMBUCO',0,'PE','Pernambuco',1),(922,'PI',5601,'PIAUI',0,'PI','Piauí',1),(923,'RJ',5601,'RIO DE JANEIRO',0,'RJ','Rio de Janeiro',1),(924,'RN',5601,'RIO GRANDE DO NORTE',0,'RN','Rio Grande do Norte',1),(925,'RS',5601,'RIO GRANDE DO SUL',0,'RS','Rio Grande do Sul',1),(926,'RO',5601,'RONDONIA',0,'RO','Rondônia',1),(927,'RR',5601,'RORAIMA',0,'RR','Roraima',1),(928,'SC',5601,'SANTA CATARINA',0,'SC','Santa Catarina',1),(929,'SE',5601,'SERGIPE',0,'SE','Sergipe',1),(930,'SP',5601,'SAO PAULO',0,'SP','Sao Paulo',1),(931,'TO',5601,'TOCANTINS',0,'TO','Tocantins',1),(932,'DF',5601,'DISTRITO FEDERAL',0,'DF','Distrito Federal',1),(933,'151',6715,'',0,'151','Arica',1),(934,'152',6715,'',0,'152','Parinacota',1),(935,'011',6701,'',0,'011','Iquique',1),(936,'014',6701,'',0,'014','Tamarugal',1),(937,'021',6702,'',0,'021','Antofagasa',1),(938,'022',6702,'',0,'022','El Loa',1),(939,'023',6702,'',0,'023','Tocopilla',1),(940,'031',6703,'',0,'031','Copiapó',1),(941,'032',6703,'',0,'032','Chañaral',1),(942,'033',6703,'',0,'033','Huasco',1),(943,'041',6704,'',0,'041','Elqui',1),(944,'042',6704,'',0,'042','Choapa',1),(945,'043',6704,'',0,'043','Limarí',1),(946,'051',6705,'',0,'051','Valparaíso',1),(947,'052',6705,'',0,'052','Isla de Pascua',1),(948,'053',6705,'',0,'053','Los Andes',1),(949,'054',6705,'',0,'054','Petorca',1),(950,'055',6705,'',0,'055','Quillota',1),(951,'056',6705,'',0,'056','San Antonio',1),(952,'057',6705,'',0,'057','San Felipe de Aconcagua',1),(953,'058',6705,'',0,'058','Marga Marga',1),(954,'061',6706,'',0,'061','Cachapoal',1),(955,'062',6706,'',0,'062','Cardenal Caro',1),(956,'063',6706,'',0,'063','Colchagua',1),(957,'071',6707,'',0,'071','Talca',1),(958,'072',6707,'',0,'072','Cauquenes',1),(959,'073',6707,'',0,'073','Curicó',1),(960,'074',6707,'',0,'074','Linares',1),(961,'081',6708,'',0,'081','Concepción',1),(962,'082',6708,'',0,'082','Arauco',1),(963,'083',6708,'',0,'083','Biobío',1),(964,'084',6708,'',0,'084','Ñuble',1),(965,'091',6709,'',0,'091','Cautín',1),(966,'092',6709,'',0,'092','Malleco',1),(967,'141',6714,'',0,'141','Valdivia',1),(968,'142',6714,'',0,'142','Ranco',1),(969,'101',6710,'',0,'101','Llanquihue',1),(970,'102',6710,'',0,'102','Chiloé',1),(971,'103',6710,'',0,'103','Osorno',1),(972,'104',6710,'',0,'104','Palena',1),(973,'111',6711,'',0,'111','Coihaique',1),(974,'112',6711,'',0,'112','Aisén',1),(975,'113',6711,'',0,'113','Capitán Prat',1),(976,'114',6711,'',0,'114','General Carrera',1),(977,'121',6712,'',0,'121','Magallanes',1),(978,'122',6712,'',0,'122','Antártica Chilena',1),(979,'123',6712,'',0,'123','Tierra del Fuego',1),(980,'124',6712,'',0,'124','Última Esperanza',1),(981,'131',6713,'',0,'131','Santiago',1),(982,'132',6713,'',0,'132','Cordillera',1),(983,'133',6713,'',0,'133','Chacabuco',1),(984,'134',6713,'',0,'134','Maipo',1),(985,'135',6713,'',0,'135','Melipilla',1),(986,'136',6713,'',0,'136','Talagante',1),(987,'AN',11701,NULL,0,'AN','Andaman & Nicobar',1),(988,'AP',11701,NULL,0,'AP','Andhra Pradesh',1),(989,'AR',11701,NULL,0,'AR','Arunachal Pradesh',1),(990,'AS',11701,NULL,0,'AS','Assam',1),(991,'BR',11701,NULL,0,'BR','Bihar',1),(992,'CG',11701,NULL,0,'CG','Chattisgarh',1),(993,'CH',11701,NULL,0,'CH','Chandigarh',1),(994,'DD',11701,NULL,0,'DD','Daman & Diu',1),(995,'DL',11701,NULL,0,'DL','Delhi',1),(996,'DN',11701,NULL,0,'DN','Dadra and Nagar Haveli',1),(997,'GA',11701,NULL,0,'GA','Goa',1),(998,'GJ',11701,NULL,0,'GJ','Gujarat',1),(999,'HP',11701,NULL,0,'HP','Himachal Pradesh',1),(1000,'HR',11701,NULL,0,'HR','Haryana',1),(1001,'JH',11701,NULL,0,'JH','Jharkhand',1),(1002,'JK',11701,NULL,0,'JK','Jammu & Kashmir',1),(1003,'KA',11701,NULL,0,'KA','Karnataka',1),(1004,'KL',11701,NULL,0,'KL','Kerala',1),(1005,'LD',11701,NULL,0,'LD','Lakshadweep',1),(1006,'MH',11701,NULL,0,'MH','Maharashtra',1),(1007,'ML',11701,NULL,0,'ML','Meghalaya',1),(1008,'MN',11701,NULL,0,'MN','Manipur',1),(1009,'MP',11701,NULL,0,'MP','Madhya Pradesh',1),(1010,'MZ',11701,NULL,0,'MZ','Mizoram',1),(1011,'NL',11701,NULL,0,'NL','Nagaland',1),(1012,'OR',11701,NULL,0,'OR','Orissa',1),(1013,'PB',11701,NULL,0,'PB','Punjab',1),(1014,'PY',11701,NULL,0,'PY','Puducherry',1),(1015,'RJ',11701,NULL,0,'RJ','Rajasthan',1),(1016,'SK',11701,NULL,0,'SK','Sikkim',1),(1017,'TE',11701,NULL,0,'TE','Telangana',1),(1018,'TN',11701,NULL,0,'TN','Tamil Nadu',1),(1019,'TR',11701,NULL,0,'TR','Tripura',1),(1020,'UL',11701,NULL,0,'UL','Uttarakhand',1),(1021,'UP',11701,NULL,0,'UP','Uttar Pradesh',1),(1022,'WB',11701,NULL,0,'WB','West Bengal',1),(1023,'BA',11801,NULL,0,'BA','Bali',1),(1024,'BB',11801,NULL,0,'BB','Bangka Belitung',1),(1025,'BT',11801,NULL,0,'BT','Banten',1),(1026,'BE',11801,NULL,0,'BA','Bengkulu',1),(1027,'YO',11801,NULL,0,'YO','DI Yogyakarta',1),(1028,'JK',11801,NULL,0,'JK','DKI Jakarta',1),(1029,'GO',11801,NULL,0,'GO','Gorontalo',1),(1030,'JA',11801,NULL,0,'JA','Jambi',1),(1031,'JB',11801,NULL,0,'JB','Jawa Barat',1),(1032,'JT',11801,NULL,0,'JT','Jawa Tengah',1),(1033,'JI',11801,NULL,0,'JI','Jawa Timur',1),(1034,'KB',11801,NULL,0,'KB','Kalimantan Barat',1),(1035,'KS',11801,NULL,0,'KS','Kalimantan Selatan',1),(1036,'KT',11801,NULL,0,'KT','Kalimantan Tengah',1),(1037,'KI',11801,NULL,0,'KI','Kalimantan Timur',1),(1038,'KU',11801,NULL,0,'KU','Kalimantan Utara',1),(1039,'KR',11801,NULL,0,'KR','Kepulauan Riau',1),(1040,'LA',11801,NULL,0,'LA','Lampung',1),(1041,'MA',11801,NULL,0,'MA','Maluku',1),(1042,'MU',11801,NULL,0,'MU','Maluku Utara',1),(1043,'AC',11801,NULL,0,'AC','Nanggroe Aceh Darussalam',1),(1044,'NB',11801,NULL,0,'NB','Nusa Tenggara Barat',1),(1045,'NT',11801,NULL,0,'NT','Nusa Tenggara Timur',1),(1046,'PA',11801,NULL,0,'PA','Papua',1),(1047,'PB',11801,NULL,0,'PB','Papua Barat',1),(1048,'RI',11801,NULL,0,'RI','Riau',1),(1049,'SR',11801,NULL,0,'SR','Sulawesi Barat',1),(1050,'SN',11801,NULL,0,'SN','Sulawesi Selatan',1),(1051,'ST',11801,NULL,0,'ST','Sulawesi Tengah',1),(1052,'SG',11801,NULL,0,'SG','Sulawesi Tenggara',1),(1053,'SA',11801,NULL,0,'SA','Sulawesi Utara',1),(1054,'SB',11801,NULL,0,'SB','Sumatera Barat',1),(1055,'SS',11801,NULL,0,'SS','Sumatera Selatan',1),(1056,'SU',11801,NULL,0,'SU','Sumatera Utara	',1),(1057,'CMX',15401,'',0,'CMX','Ciudad de México',1),(1058,'AGS',15401,'',0,'AGS','Aguascalientes',1),(1059,'BCN',15401,'',0,'BCN','Baja California Norte',1),(1060,'BCS',15401,'',0,'BCS','Baja California Sur',1),(1061,'CAM',15401,'',0,'CAM','Campeche',1),(1062,'CHP',15401,'',0,'CHP','Chiapas',1),(1063,'CHI',15401,'',0,'CHI','Chihuahua',1),(1064,'COA',15401,'',0,'COA','Coahuila',1),(1065,'COL',15401,'',0,'COL','Colima',1),(1066,'DUR',15401,'',0,'DUR','Durango',1),(1067,'GTO',15401,'',0,'GTO','Guanajuato',1),(1068,'GRO',15401,'',0,'GRO','Guerrero',1),(1069,'HGO',15401,'',0,'HGO','Hidalgo',1),(1070,'JAL',15401,'',0,'JAL','Jalisco',1),(1071,'MEX',15401,'',0,'MEX','México',1),(1072,'MIC',15401,'',0,'MIC','Michoacán de Ocampo',1),(1073,'MOR',15401,'',0,'MOR','Morelos',1),(1074,'NAY',15401,'',0,'NAY','Nayarit',1),(1075,'NLE',15401,'',0,'NLE','Nuevo León',1),(1076,'OAX',15401,'',0,'OAX','Oaxaca',1),(1077,'PUE',15401,'',0,'PUE','Puebla',1),(1078,'QRO',15401,'',0,'QRO','Querétaro',1),(1079,'ROO',15401,'',0,'ROO','Quintana Roo',1),(1080,'SLP',15401,'',0,'SLP','San Luis Potosí',1),(1081,'SIN',15401,'',0,'SIN','Sinaloa',1),(1082,'SON',15401,'',0,'SON','Sonora',1),(1083,'TAB',15401,'',0,'TAB','Tabasco',1),(1084,'TAM',15401,'',0,'TAM','Tamaulipas',1),(1085,'TLX',15401,'',0,'TLX','Tlaxcala',1),(1086,'VER',15401,'',0,'VER','Veracruz',1),(1087,'YUC',15401,'',0,'YUC','Yucatán',1),(1088,'ZAC',15401,'',0,'ZAC','Zacatecas',1),(1089,'ANT',7001,'',0,'ANT','Antioquia',1),(1090,'BOL',7001,'',0,'BOL','Bolívar',1),(1091,'BOY',7001,'',0,'BOY','Boyacá',1),(1092,'CAL',7001,'',0,'CAL','Caldas',1),(1093,'CAU',7001,'',0,'CAU','Cauca',1),(1094,'CUN',7001,'',0,'CUN','Cundinamarca',1),(1095,'HUI',7001,'',0,'HUI','Huila',1),(1096,'LAG',7001,'',0,'LAG','La Guajira',1),(1097,'MET',7001,'',0,'MET','Meta',1),(1098,'NAR',7001,'',0,'NAR','Nariño',1),(1099,'NDS',7001,'',0,'NDS','Norte de Santander',1),(1100,'SAN',7001,'',0,'SAN','Santander',1),(1101,'SUC',7001,'',0,'SUC','Sucre',1),(1102,'TOL',7001,'',0,'TOL','Tolima',1),(1103,'VAC',7001,'',0,'VAC','Valle del Cauca',1),(1104,'RIS',7001,'',0,'RIS','Risalda',1),(1105,'ATL',7001,'',0,'ATL','Atlántico',1),(1106,'COR',7001,'',0,'COR','Córdoba',1),(1107,'SAP',7001,'',0,'SAP','San Andrés, Providencia y Santa Catalina',1),(1108,'ARA',7001,'',0,'ARA','Arauca',1),(1109,'CAS',7001,'',0,'CAS','Casanare',1),(1110,'AMA',7001,'',0,'AMA','Amazonas',1),(1111,'CAQ',7001,'',0,'CAQ','Caquetá',1),(1112,'CHO',7001,'',0,'CHO','Chocó',1),(1113,'GUA',7001,'',0,'GUA','Guainía',1),(1114,'GUV',7001,'',0,'GUV','Guaviare',1),(1115,'PUT',7001,'',0,'PUT','Putumayo',1),(1116,'QUI',7001,'',0,'QUI','Quindío',1),(1117,'VAU',7001,'',0,'VAU','Vaupés',1),(1118,'BOG',7001,'',0,'BOG','Bogotá',1),(1119,'VID',7001,'',0,'VID','Vichada',1),(1120,'CES',7001,'',0,'CES','Cesar',1),(1121,'MAG',7001,'',0,'MAG','Magdalena',1),(1122,'AT',11401,'',0,'AT','Atlántida',1),(1123,'CH',11401,'',0,'CH','Choluteca',1),(1124,'CL',11401,'',0,'CL','Colón',1),(1125,'CM',11401,'',0,'CM','Comayagua',1),(1126,'CO',11401,'',0,'CO','Copán',1),(1127,'CR',11401,'',0,'CR','Cortés',1),(1128,'EP',11401,'',0,'EP','El Paraíso',1),(1129,'FM',11401,'',0,'FM','Francisco Morazán',1),(1130,'GD',11401,'',0,'GD','Gracias a Dios',1),(1131,'IN',11401,'',0,'IN','Intibucá',1),(1132,'IB',11401,'',0,'IB','Islas de la Bahía',1),(1133,'LP',11401,'',0,'LP','La Paz',1),(1134,'LM',11401,'',0,'LM','Lempira',1),(1135,'OC',11401,'',0,'OC','Ocotepeque',1),(1136,'OL',11401,'',0,'OL','Olancho',1),(1137,'SB',11401,'',0,'SB','Santa Bárbara',1),(1138,'VL',11401,'',0,'VL','Valle',1),(1139,'YO',11401,'',0,'YO','Yoro',1),(1140,'DC',11401,'',0,'DC','Distrito Central',1),(1141,'AB',18801,'',0,'','Alba',1),(1142,'AR',18801,'',0,'','Arad',1),(1143,'AG',18801,'',0,'','Argeș',1),(1144,'BC',18801,'',0,'','Bacău',1),(1145,'BH',18801,'',0,'','Bihor',1),(1146,'BN',18801,'',0,'','Bistrița-Năsăud',1),(1147,'BT',18801,'',0,'','Botoșani',1),(1148,'BV',18801,'',0,'','Brașov',1),(1149,'BR',18801,'',0,'','Brăila',1),(1150,'BZ',18801,'',0,'','Buzău',1),(1151,'CL',18801,'',0,'','Călărași',1),(1152,'CS',18801,'',0,'','Caraș-Severin',1),(1153,'CJ',18801,'',0,'','Cluj',1),(1154,'CT',18801,'',0,'','Constanța',1),(1155,'CV',18801,'',0,'','Covasna',1),(1156,'DB',18801,'',0,'','Dâmbovița',1),(1157,'DJ',18801,'',0,'','Dolj',1),(1158,'GL',18801,'',0,'','Galați',1),(1159,'GR',18801,'',0,'','Giurgiu',1),(1160,'GJ',18801,'',0,'','Gorj',1),(1161,'HR',18801,'',0,'','Harghita',1),(1162,'HD',18801,'',0,'','Hunedoara',1),(1163,'IL',18801,'',0,'','Ialomița',1),(1164,'IS',18801,'',0,'','Iași',1),(1165,'IF',18801,'',0,'','Ilfov',1),(1166,'MM',18801,'',0,'','Maramureș',1),(1167,'MH',18801,'',0,'','Mehedinți',1),(1168,'MS',18801,'',0,'','Mureș',1),(1169,'NT',18801,'',0,'','Neamț',1),(1170,'OT',18801,'',0,'','Olt',1),(1171,'PH',18801,'',0,'','Prahova',1),(1172,'SM',18801,'',0,'','Satu Mare',1),(1173,'SJ',18801,'',0,'','Sălaj',1),(1174,'SB',18801,'',0,'','Sibiu',1),(1175,'SV',18801,'',0,'','Suceava',1),(1176,'TR',18801,'',0,'','Teleorman',1),(1177,'TM',18801,'',0,'','Timiș',1),(1178,'TL',18801,'',0,'','Tulcea',1),(1179,'VS',18801,'',0,'','Vaslui',1),(1180,'VL',18801,'',0,'','Vâlcea',1),(1181,'VN',18801,'',0,'','Vrancea',1),(1182,'BU',18801,'',0,'','Bucuresti',1),(1183,'VE-L',23201,'',0,'VE-L','Mérida',1),(1184,'VE-T',23201,'',0,'VE-T','Trujillo',1),(1185,'VE-E',23201,'',0,'VE-E','Barinas',1),(1186,'VE-M',23202,'',0,'VE-M','Miranda',1),(1187,'VE-W',23202,'',0,'VE-W','Vargas',1),(1188,'VE-A',23202,'',0,'VE-A','Distrito Capital',1),(1189,'VE-D',23203,'',0,'VE-D','Aragua',1),(1190,'VE-G',23203,'',0,'VE-G','Carabobo',1),(1191,'VE-I',23204,'',0,'VE-I','Falcón',1),(1192,'VE-K',23204,'',0,'VE-K','Lara',1),(1193,'VE-U',23204,'',0,'VE-U','Yaracuy',1),(1194,'VE-F',23205,'',0,'VE-F','Bolívar',1),(1195,'VE-X',23205,'',0,'VE-X','Amazonas',1),(1196,'VE-Y',23205,'',0,'VE-Y','Delta Amacuro',1),(1197,'VE-O',23206,'',0,'VE-O','Nueva Esparta',1),(1198,'VE-Z',23206,'',0,'VE-Z','Dependencias Federales',1),(1199,'VE-C',23207,'',0,'VE-C','Apure',1),(1200,'VE-J',23207,'',0,'VE-J','Guárico',1),(1201,'VE-H',23207,'',0,'VE-H','Cojedes',1),(1202,'VE-P',23207,'',0,'VE-P','Portuguesa',1),(1203,'VE-B',23208,'',0,'VE-B','Anzoátegui',1),(1204,'VE-N',23208,'',0,'VE-N','Monagas',1),(1205,'VE-R',23208,'',0,'VE-R','Sucre',1),(1206,'VE-V',23209,'',0,'VE-V','Zulia',1),(1207,'VE-S',23209,'',0,'VE-S','Táchira',1),(1208,'LU0001',14001,'',0,'','Clervaux',1),(1209,'LU0002',14001,'',0,'','Diekirch',1),(1210,'LU0003',14001,'',0,'','Redange',1),(1211,'LU0004',14001,'',0,'','Vianden',1),(1212,'LU0005',14001,'',0,'','Wiltz',1),(1213,'LU0006',14002,'',0,'','Echternach',1),(1214,'LU0007',14002,'',0,'','Grevenmacher',1),(1215,'LU0008',14002,'',0,'','Remich',1),(1216,'LU0009',14003,'',0,'','Capellen',1),(1217,'LU0010',14003,'',0,'','Esch-sur-Alzette',1),(1218,'LU0011',14003,'',0,'','Luxembourg',1),(1219,'LU0012',14003,'',0,'','Mersch',1),(1220,'0101',18101,'',0,'','Chachapoyas',1),(1221,'0102',18101,'',0,'','Bagua',1),(1222,'0103',18101,'',0,'','Bongará',1),(1223,'0104',18101,'',0,'','Condorcanqui',1),(1224,'0105',18101,'',0,'','Luya',1),(1225,'0106',18101,'',0,'','Rodríguez de Mendoza',1),(1226,'0107',18101,'',0,'','Utcubamba',1),(1227,'0201',18102,'',0,'','Huaraz',1),(1228,'0202',18102,'',0,'','Aija',1),(1229,'0203',18102,'',0,'','Antonio Raymondi',1),(1230,'0204',18102,'',0,'','Asunción',1),(1231,'0205',18102,'',0,'','Bolognesi',1),(1232,'0206',18102,'',0,'','Carhuaz',1),(1233,'0207',18102,'',0,'','Carlos Fermín Fitzcarrald',1),(1234,'0208',18102,'',0,'','Casma',1),(1235,'0209',18102,'',0,'','Corongo',1),(1236,'0210',18102,'',0,'','Huari',1),(1237,'0211',18102,'',0,'','Huarmey',1),(1238,'0212',18102,'',0,'','Huaylas',1),(1239,'0213',18102,'',0,'','Mariscal Luzuriaga',1),(1240,'0214',18102,'',0,'','Ocros',1),(1241,'0215',18102,'',0,'','Pallasca',1),(1242,'0216',18102,'',0,'','Pomabamba',1),(1243,'0217',18102,'',0,'','Recuay',1),(1244,'0218',18102,'',0,'','Papá',1),(1245,'0219',18102,'',0,'','Sihuas',1),(1246,'0220',18102,'',0,'','Yungay',1),(1247,'0301',18103,'',0,'','Abancay',1),(1248,'0302',18103,'',0,'','Andahuaylas',1),(1249,'0303',18103,'',0,'','Antabamba',1),(1250,'0304',18103,'',0,'','Aymaraes',1),(1251,'0305',18103,'',0,'','Cotabambas',1),(1252,'0306',18103,'',0,'','Chincheros',1),(1253,'0307',18103,'',0,'','Grau',1),(1254,'0401',18104,'',0,'','Arequipa',1),(1255,'0402',18104,'',0,'','Camaná',1),(1256,'0403',18104,'',0,'','Caravelí',1),(1257,'0404',18104,'',0,'','Castilla',1),(1258,'0405',18104,'',0,'','Caylloma',1),(1259,'0406',18104,'',0,'','Condesuyos',1),(1260,'0407',18104,'',0,'','Islay',1),(1261,'0408',18104,'',0,'','La Unión',1),(1262,'0501',18105,'',0,'','Huamanga',1),(1263,'0502',18105,'',0,'','Cangallo',1),(1264,'0503',18105,'',0,'','Huanca Sancos',1),(1265,'0504',18105,'',0,'','Huanta',1),(1266,'0505',18105,'',0,'','La Mar',1),(1267,'0506',18105,'',0,'','Lucanas',1),(1268,'0507',18105,'',0,'','Parinacochas',1),(1269,'0508',18105,'',0,'','Páucar del Sara Sara',1),(1270,'0509',18105,'',0,'','Sucre',1),(1271,'0510',18105,'',0,'','Víctor Fajardo',1),(1272,'0511',18105,'',0,'','Vilcas Huamán',1),(1273,'0601',18106,'',0,'','Cajamarca',1),(1274,'0602',18106,'',0,'','Cajabamba',1),(1275,'0603',18106,'',0,'','Celendín',1),(1276,'0604',18106,'',0,'','Chota',1),(1277,'0605',18106,'',0,'','Contumazá',1),(1278,'0606',18106,'',0,'','Cutervo',1),(1279,'0607',18106,'',0,'','Hualgayoc',1),(1280,'0608',18106,'',0,'','Jaén',1),(1281,'0609',18106,'',0,'','San Ignacio',1),(1282,'0610',18106,'',0,'','San Marcos',1),(1283,'0611',18106,'',0,'','San Miguel',1),(1284,'0612',18106,'',0,'','San Pablo',1),(1285,'0613',18106,'',0,'','Santa Cruz',1),(1286,'0701',18107,'',0,'','Callao',1),(1287,'0801',18108,'',0,'','Cusco',1),(1288,'0802',18108,'',0,'','Acomayo',1),(1289,'0803',18108,'',0,'','Anta',1),(1290,'0804',18108,'',0,'','Calca',1),(1291,'0805',18108,'',0,'','Canas',1),(1292,'0806',18108,'',0,'','Canchis',1),(1293,'0807',18108,'',0,'','Chumbivilcas',1),(1294,'0808',18108,'',0,'','Espinar',1),(1295,'0809',18108,'',0,'','La Convención',1),(1296,'0810',18108,'',0,'','Paruro',1),(1297,'0811',18108,'',0,'','Paucartambo',1),(1298,'0812',18108,'',0,'','Quispicanchi',1),(1299,'0813',18108,'',0,'','Urubamba',1),(1300,'0901',18109,'',0,'','Huancavelica',1),(1301,'0902',18109,'',0,'','Acobamba',1),(1302,'0903',18109,'',0,'','Angaraes',1),(1303,'0904',18109,'',0,'','Castrovirreyna',1),(1304,'0905',18109,'',0,'','Churcampa',1),(1305,'0906',18109,'',0,'','Huaytará',1),(1306,'0907',18109,'',0,'','Tayacaja',1),(1307,'1001',18110,'',0,'','Huánuco',1),(1308,'1002',18110,'',0,'','Ambón',1),(1309,'1003',18110,'',0,'','Dos de Mayo',1),(1310,'1004',18110,'',0,'','Huacaybamba',1),(1311,'1005',18110,'',0,'','Huamalíes',1),(1312,'1006',18110,'',0,'','Leoncio Prado',1),(1313,'1007',18110,'',0,'','Marañón',1),(1314,'1008',18110,'',0,'','Pachitea',1),(1315,'1009',18110,'',0,'','Puerto Inca',1),(1316,'1010',18110,'',0,'','Lauricocha',1),(1317,'1011',18110,'',0,'','Yarowilca',1),(1318,'1101',18111,'',0,'','Ica',1),(1319,'1102',18111,'',0,'','Chincha',1),(1320,'1103',18111,'',0,'','Nazca',1),(1321,'1104',18111,'',0,'','Palpa',1),(1322,'1105',18111,'',0,'','Pisco',1),(1323,'1201',18112,'',0,'','Huancayo',1),(1324,'1202',18112,'',0,'','Concepción',1),(1325,'1203',18112,'',0,'','Chanchamayo',1),(1326,'1204',18112,'',0,'','Jauja',1),(1327,'1205',18112,'',0,'','Junín',1),(1328,'1206',18112,'',0,'','Satipo',1),(1329,'1207',18112,'',0,'','Tarma',1),(1330,'1208',18112,'',0,'','Yauli',1),(1331,'1209',18112,'',0,'','Chupaca',1),(1332,'1301',18113,'',0,'','Trujillo',1),(1333,'1302',18113,'',0,'','Ascope',1),(1334,'1303',18113,'',0,'','Bolívar',1),(1335,'1304',18113,'',0,'','Chepén',1),(1336,'1305',18113,'',0,'','Julcán',1),(1337,'1306',18113,'',0,'','Otuzco',1),(1338,'1307',18113,'',0,'','Pacasmayo',1),(1339,'1308',18113,'',0,'','Pataz',1),(1340,'1309',18113,'',0,'','Sánchez Carrión',1),(1341,'1310',18113,'',0,'','Santiago de Chuco',1),(1342,'1311',18113,'',0,'','Gran Chimú',1),(1343,'1312',18113,'',0,'','Virú',1),(1344,'1401',18114,'',0,'','Chiclayo',1),(1345,'1402',18114,'',0,'','Ferreñafe',1),(1346,'1403',18114,'',0,'','Lambayeque',1),(1347,'1501',18115,'',0,'','Lima',1),(1348,'1502',18116,'',0,'','Huaura',1),(1349,'1503',18116,'',0,'','Barranca',1),(1350,'1504',18116,'',0,'','Cajatambo',1),(1351,'1505',18116,'',0,'','Canta',1),(1352,'1506',18116,'',0,'','Cañete',1),(1353,'1507',18116,'',0,'','Huaral',1),(1354,'1508',18116,'',0,'','Huarochirí',1),(1355,'1509',18116,'',0,'','Oyón',1),(1356,'1510',18116,'',0,'','Yauyos',1),(1357,'1601',18117,'',0,'','Maynas',1),(1358,'1602',18117,'',0,'','Alto Amazonas',1),(1359,'1603',18117,'',0,'','Loreto',1),(1360,'1604',18117,'',0,'','Mariscal Ramón Castilla',1),(1361,'1605',18117,'',0,'','Requena',1),(1362,'1606',18117,'',0,'','Ucayali',1),(1363,'1607',18117,'',0,'','Datem del Marañón',1),(1364,'1701',18118,'',0,'','Tambopata',1),(1365,'1702',18118,'',0,'','Manú',1),(1366,'1703',18118,'',0,'','Tahuamanu',1),(1367,'1801',18119,'',0,'','Mariscal Nieto',1),(1368,'1802',18119,'',0,'','General Sánchez Cerro',1),(1369,'1803',18119,'',0,'','Ilo',1),(1370,'1901',18120,'',0,'','Pasco',1),(1371,'1902',18120,'',0,'','Daniel Alcides Carrión',1),(1372,'1903',18120,'',0,'','Oxapampa',1),(1373,'2001',18121,'',0,'','Piura',1),(1374,'2002',18121,'',0,'','Ayabaca',1),(1375,'2003',18121,'',0,'','Huancabamba',1),(1376,'2004',18121,'',0,'','Morropón',1),(1377,'2005',18121,'',0,'','Paita',1),(1378,'2006',18121,'',0,'','Sullana',1),(1379,'2007',18121,'',0,'','Talara',1),(1380,'2008',18121,'',0,'','Sechura',1),(1381,'2101',18122,'',0,'','Puno',1),(1382,'2102',18122,'',0,'','Azángaro',1),(1383,'2103',18122,'',0,'','Carabaya',1),(1384,'2104',18122,'',0,'','Chucuito',1),(1385,'2105',18122,'',0,'','El Collao',1),(1386,'2106',18122,'',0,'','Huancané',1),(1387,'2107',18122,'',0,'','Lampa',1),(1388,'2108',18122,'',0,'','Melgar',1),(1389,'2109',18122,'',0,'','Moho',1),(1390,'2110',18122,'',0,'','San Antonio de Putina',1),(1391,'2111',18122,'',0,'','San Román',1),(1392,'2112',18122,'',0,'','Sandia',1),(1393,'2113',18122,'',0,'','Yunguyo',1),(1394,'2201',18123,'',0,'','Moyobamba',1),(1395,'2202',18123,'',0,'','Bellavista',1),(1396,'2203',18123,'',0,'','El Dorado',1),(1397,'2204',18123,'',0,'','Huallaga',1),(1398,'2205',18123,'',0,'','Lamas',1),(1399,'2206',18123,'',0,'','Mariscal Cáceres',1),(1400,'2207',18123,'',0,'','Picota',1),(1401,'2208',18123,'',0,'','La Rioja',1),(1402,'2209',18123,'',0,'','San Martín',1),(1403,'2210',18123,'',0,'','Tocache',1),(1404,'2301',18124,'',0,'','Tacna',1),(1405,'2302',18124,'',0,'','Candarave',1),(1406,'2303',18124,'',0,'','Jorge Basadre',1),(1407,'2304',18124,'',0,'','Tarata',1),(1408,'2401',18125,'',0,'','Tumbes',1),(1409,'2402',18125,'',0,'','Contralmirante Villar',1),(1410,'2403',18125,'',0,'','Zarumilla',1),(1411,'2501',18126,'',0,'','Coronel Portillo',1),(1412,'2502',18126,'',0,'','Atalaya',1),(1413,'2503',18126,'',0,'','Padre Abad',1),(1414,'2504',18126,'',0,'','Purús',1),(1415,'PA-1',17801,'',0,'','Bocas del Toro',1),(1416,'PA-2',17801,'',0,'','Coclé',1),(1417,'PA-3',17801,'',0,'','Colón',1),(1418,'PA-4',17801,'',0,'','Chiriquí',1),(1419,'PA-5',17801,'',0,'','Darién',1),(1420,'PA-6',17801,'',0,'','Herrera',1),(1421,'PA-7',17801,'',0,'','Los Santos',1),(1422,'PA-8',17801,'',0,'','Panamá',1),(1423,'PA-9',17801,'',0,'','Veraguas',1),(1424,'PA-13',17801,'',0,'','Panamá Oeste',1),(1425,'AE-1',22701,'',0,'','Abu Dhabi',1),(1426,'AE-2',22701,'',0,'','Dubai',1),(1427,'AE-3',22701,'',0,'','Ajman',1),(1428,'AE-4',22701,'',0,'','Fujairah',1),(1429,'AE-5',22701,'',0,'','Ras al-Khaimah',1),(1430,'AE-6',22701,'',0,'','Sharjah',1),(1431,'AE-7',22701,'',0,'','Umm al-Quwain',1),(1432,'AD-002',34000,'AD100',NULL,NULL,'Canillo',1),(1433,'AD-003',34000,'AD200',NULL,NULL,'Encamp',1),(1434,'AD-004',34000,'AD400',NULL,NULL,'La Massana',1),(1435,'AD-005',34000,'AD300',NULL,NULL,'Ordino',1),(1436,'AD-006',34000,'AD600',NULL,NULL,'Sant Julià de Lòria',1),(1437,'AD-007',34000,'AD500',NULL,NULL,'Andorra la Vella',1),(1438,'AD-008',34000,'AD700',NULL,NULL,'Escaldes-Engordany',1),(1439,'HU-BK',183300,'HU331',NULL,NULL,'Bács-Kiskun',1),(1440,'HU-BA',182300,'HU231',NULL,NULL,'Baranya',1),(1441,'HU-BE',183300,'HU332',NULL,NULL,'Békés',1),(1442,'HU-BZ',183100,'HU311',NULL,NULL,'Borsod-Abaúj-Zemplén',1),(1443,'HU-BU',180100,'HU101',NULL,NULL,'Budapest',1),(1444,'HU-CS',183300,'HU333',NULL,NULL,'Csongrád',1),(1445,'HU-FE',182100,'HU211',NULL,NULL,'Fejér',1),(1446,'HU-GS',182200,'HU221',NULL,NULL,'Győr-Moson-Sopron',1),(1447,'HU-HB',183200,'HU321',NULL,NULL,'Hajdú-Bihar',1),(1448,'HU-HE',183100,'HU312',NULL,NULL,'Heves',1),(1449,'HU-JN',183200,'HU322',NULL,NULL,'Jász-Nagykun-Szolnok',1),(1450,'HU-KE',182100,'HU212',NULL,NULL,'Komárom-Esztergom',1),(1451,'HU-NO',183100,'HU313',NULL,NULL,'Nógrád',1),(1452,'HU-PE',180100,'HU102',NULL,NULL,'Pest',1),(1453,'HU-SO',182300,'HU232',NULL,NULL,'Somogy',1),(1454,'HU-SZ',183200,'HU323',NULL,NULL,'Szabolcs-Szatmár-Bereg',1),(1455,'HU-TO',182300,'HU233',NULL,NULL,'Tolna',1),(1456,'HU-VA',182200,'HU222',NULL,NULL,'Vas',1),(1457,'HU-VE',182100,'HU213',NULL,NULL,'Veszprém',1),(1458,'HU-ZA',182200,'HU223',NULL,NULL,'Zala',1),(1459,'PT-AV',15001,NULL,NULL,'AVEIRO','Aveiro',1),(1460,'PT-AC',15002,NULL,NULL,'AZORES','Azores',1),(1461,'PT-BE',15001,NULL,NULL,'BEJA','Beja',1),(1462,'PT-BR',15001,NULL,NULL,'BRAGA','Braga',1),(1463,'PT-BA',15001,NULL,NULL,'BRAGANCA','Bragança',1),(1464,'PT-CB',15001,NULL,NULL,'CASTELO BRANCO','Castelo Branco',1),(1465,'PT-CO',15001,NULL,NULL,'COIMBRA','Coimbra',1),(1466,'PT-EV',15001,NULL,NULL,'EVORA','Évora',1),(1467,'PT-FA',15001,NULL,NULL,'FARO','Faro',1),(1468,'PT-GU',15001,NULL,NULL,'GUARDA','Guarda',1),(1469,'PT-LE',15001,NULL,NULL,'LEIRIA','Leiria',1),(1470,'PT-LI',15001,NULL,NULL,'LISBON','Lisboa',1),(1471,'PT-AML',15001,NULL,NULL,'AREA METROPOLITANA LISBOA','Área Metropolitana de Lisboa',1),(1472,'PT-MA',15002,NULL,NULL,'MADEIRA','Madeira',1),(1473,'PT-PA',15001,NULL,NULL,'PORTALEGRE','Portalegre',1),(1474,'PT-PO',15001,NULL,NULL,'PORTO','Porto',1),(1475,'PT-SA',15001,NULL,NULL,'SANTAREM','Santarém',1),(1476,'PT-SE',15001,NULL,NULL,'SETUBAL','Setúbal',1),(1477,'PT-VC',15001,NULL,NULL,'VIANA DO CASTELO','Viana Do Castelo',1),(1478,'PT-VR',15001,NULL,NULL,'VILA REAL','Vila Real',1),(1479,'PT-VI',15001,NULL,NULL,'VISEU','Viseu',1),(1480,'SI031',20203,NULL,NULL,'MURA','Mura',1),(1481,'SI032',20203,NULL,NULL,'DRAVA','Drava',1),(1482,'SI033',20203,NULL,NULL,'CARINTHIA','Carinthia',1),(1483,'SI034',20203,NULL,NULL,'SAVINJA','Savinja',1),(1484,'SI035',20203,NULL,NULL,'CENTRAL SAVA','Central Sava',1),(1485,'SI036',20203,NULL,NULL,'LOWER SAVA','Lower Sava',1),(1486,'SI037',20203,NULL,NULL,'SOUTHEAST SLOVENIA','Southeast Slovenia',1),(1487,'SI038',20203,NULL,NULL,'LITTORAL–INNER CARNIOLA','Littoral–Inner Carniola',1),(1488,'SI041',20204,NULL,NULL,'CENTRAL SLOVENIA','Central Slovenia',1),(1489,'SI038',20204,NULL,NULL,'UPPER CARNIOLA','Upper Carniola',1),(1490,'SI043',20204,NULL,NULL,'GORIZIA','Gorizia',1),(1491,'SI044',20204,NULL,NULL,'COASTAL–KARST','Coastal–Karst',1),(1492,'AO-ABO',35001,NULL,NULL,'BENGO','Bengo',1),(1493,'AO-BGU',35001,NULL,NULL,'BENGUELA','Benguela',1),(1494,'AO-BIE',35001,NULL,NULL,'BIÉ','Bié',1),(1495,'AO-CAB',35001,NULL,NULL,'CABINDA','Cabinda',1),(1496,'AO-CCU',35001,NULL,NULL,'KUANDO KUBANGO','Kuando Kubango',1),(1497,'AO-CNO',35001,NULL,NULL,'KWANZA NORTE','Kwanza Norte',1),(1498,'AO-CUS',35001,NULL,NULL,'KWANZA SUL','Kwanza Sul',1),(1499,'AO-CNN',35001,NULL,NULL,'CUNENE','Cunene',1),(1500,'AO-HUA',35001,NULL,NULL,'HUAMBO','Huambo',1),(1501,'AO-HUI',35001,NULL,NULL,'HUÍLA','Huila',1),(1502,'AO-LUA',35001,NULL,NULL,'LUANDA','Luanda',1),(1503,'AO-LNO',35001,NULL,NULL,'LUNDA-NORTE','Lunda-Norte',1),(1504,'AO-LSU',35001,NULL,NULL,'LUNDA-SUL','Lunda-Sul',1),(1505,'AO-MAL',35001,NULL,NULL,'MALANGE','Malange',1),(1506,'AO-MOX',35001,NULL,NULL,'MOXICO','Moxico',1),(1507,'AO-NAM',35001,NULL,NULL,'NAMÍBE','Namíbe',1),(1508,'AO-UIG',35001,NULL,NULL,'UÍGE','Uíge',1),(1509,'AO-ZAI',35001,NULL,NULL,'ZAÍRE','Zaíre',1),(3020,'01',1301,'',0,'','Adrar',1),(3021,'02',1301,'',0,'','Chlef',1),(3022,'03',1301,'',0,'','Laghouat',1),(3023,'04',1301,'',0,'','Oum El Bouaghi',1),(3024,'05',1301,'',0,'','Batna',1),(3025,'06',1301,'',0,'','Béjaïa',1),(3026,'07',1301,'',0,'','Biskra',1),(3027,'08',1301,'',0,'','Béchar',1),(3028,'09',1301,'',0,'','Blida',1),(3029,'10',1301,'',0,'','Bouira',1),(3030,'11',1301,'',0,'','Tamanrasset',1),(3031,'12',1301,'',0,'','Tébessa',1),(3032,'13',1301,'',0,'','Tlemcen',1),(3033,'14',1301,'',0,'','Tiaret',1),(3034,'15',1301,'',0,'','Tizi Ouzou',1),(3035,'16',1301,'',0,'','Alger',1),(3036,'17',1301,'',0,'','Djelfa',1),(3037,'18',1301,'',0,'','Jijel',1),(3038,'19',1301,'',0,'','Sétif',1),(3039,'20',1301,'',0,'','Saïda',1),(3040,'21',1301,'',0,'','Skikda',1),(3041,'22',1301,'',0,'','Sidi Bel Abbès',1),(3042,'23',1301,'',0,'','Annaba',1),(3043,'24',1301,'',0,'','Guelma',1),(3044,'25',1301,'',0,'','Constantine',1),(3045,'26',1301,'',0,'','Médéa',1),(3046,'27',1301,'',0,'','Mostaganem',1),(3047,'28',1301,'',0,'','M\'Sila',1),(3048,'29',1301,'',0,'','Mascara',1),(3049,'30',1301,'',0,'','Ouargla',1),(3050,'31',1301,'',0,'','Oran',1),(3051,'32',1301,'',0,'','El Bayadh',1),(3052,'33',1301,'',0,'','Illizi',1),(3053,'34',1301,'',0,'','Bordj Bou Arreridj',1),(3054,'35',1301,'',0,'','Boumerdès',1),(3055,'36',1301,'',0,'','El Tarf',1),(3056,'37',1301,'',0,'','Tindouf',1),(3057,'38',1301,'',0,'','Tissemsilt',1),(3058,'39',1301,'',0,'','El Oued',1),(3059,'40',1301,'',0,'','Khenchela',1),(3060,'41',1301,'',0,'','Souk Ahras',1),(3061,'42',1301,'',0,'','Tipaza',1),(3062,'43',1301,'',0,'','Mila',1),(3063,'44',1301,'',0,'','Aïn Defla',1),(3064,'45',1301,'',0,'','Naâma',1),(3065,'46',1301,'',0,'','Aïn Témouchent',1),(3066,'47',1301,'',0,'','Ghardaïa',1),(3067,'48',1301,'',0,'','Relizane',1),(3068,'49',1301,'',0,'','Timimoun',1),(3069,'50',1301,'',0,'','Bordj Badji Mokhtar',1),(3070,'51',1301,'',0,'','Ouled Djellal',1),(3071,'52',1301,'',0,'','Béni Abbès',1),(3072,'53',1301,'',0,'','In Salah',1),(3073,'54',1301,'',0,'','In Guezzam',1),(3074,'55',1301,'',0,'','Touggourt',1),(3075,'56',1301,'',0,'','Djanet',1),(3076,'57',1301,'',0,'','El M\'Ghair',1),(3077,'58',1301,'',0,'','El Ménéa',1),(3164,'08',202,'',2,'LIEGE','Liège',1),(3167,'11',202,'',2,'NAMUR','Namur',1),(3205,'YT',1401,'',1,'','Yukon',1),(3206,'NT',1401,'',1,'','Northwest Territories',1),(3207,'NU',1401,'',1,'','Nunavut',1),(3295,'HR-01',7601,'Bjelovar',0,NULL,'Bjelovarsko-bilogorska županija',1),(3296,'HR-02',7601,'Karlovac',0,NULL,'Karlovačka županija',1),(3297,'HR-03',7601,'Koprivnica',0,NULL,'Koprivničko-križevačka županija',1),(3298,'HR-04',7601,'Krapina',0,NULL,'Krapinsko-zagorska županija',1),(3299,'HR-05',7601,'Gospić',0,NULL,'Ličko-senjska županija',1),(3300,'HR-06',7601,'Čakovec',0,NULL,'Međimurska županija',1),(3301,'HR-07',7601,'Rijeka',0,NULL,'Primorsko-goranska županija',1),(3302,'HR-08',7601,'Sisak',0,NULL,'Sisačko-moslavačka županija',1),(3303,'HR-09',7601,'Varaždin',0,NULL,'Varaždinska županija',1),(3304,'HR-10',7601,'Zagreb',0,NULL,'Zagrebačka županija',1),(3305,'HR-11',7601,'Zagreb',0,NULL,'Grad Zagreb',1),(3306,'HR-12',7602,'Zadar',0,NULL,'Zadarska županija',1),(3307,'HR-13',7602,'Šibenik',0,NULL,'Šibensko-kninska županija',1),(3308,'HR-14',7602,'Split',0,NULL,'Splitsko-dalmatinska županija',1),(3309,'HR-15',7602,'Dubrovnik',0,NULL,'Dubrovačko-neretvanska županija',1),(3310,'HR-16',7603,'Slavonski Brod',0,NULL,'Brodsko-posavska županija',1),(3311,'HR-17',7603,'Osijek',0,NULL,'Osječko-baranjska županija',1),(3312,'HR-18',7603,'Požega',0,NULL,'Požeško-slavonska županija',1),(3313,'HR-19',7603,'Virovitica',0,NULL,'Virovitičko-podravska županija',1),(3314,'HR-20',7603,'Vukovar',0,NULL,'Vukovarsko-srijemska županija',1),(3315,'HR-21',7604,'Pazin',0,NULL,'Istarska županija',1),(3587,'LI',316,NULL,NULL,NULL,'LIVORNO',1),(3649,'01',12301,'',0,'北海','北海道',1),(3650,'02',12301,'',0,'青森','青森県',1),(3651,'03',12301,'',0,'岩手','岩手県',1),(3652,'04',12301,'',0,'宮城','宮城県',1),(3653,'05',12301,'',0,'秋田','秋田県',1),(3654,'06',12301,'',0,'山形','山形県',1),(3655,'07',12301,'',0,'福島','福島県',1),(3656,'08',12301,'',0,'茨城','茨城県',1),(3657,'09',12301,'',0,'栃木','栃木県',1),(3658,'10',12301,'',0,'群馬','群馬県',1),(3659,'11',12301,'',0,'埼玉','埼玉県',1),(3660,'12',12301,'',0,'千葉','千葉県',1),(3661,'13',12301,'',0,'東京','東京都',1),(3662,'14',12301,'',0,'神奈川','神奈川県',1),(3663,'15',12301,'',0,'新潟','新潟県',1),(3664,'16',12301,'',0,'富山','富山県',1),(3665,'17',12301,'',0,'石川','石川県',1),(3666,'18',12301,'',0,'福井','福井県',1),(3667,'19',12301,'',0,'山梨','山梨県',1),(3668,'20',12301,'',0,'長野','長野県',1),(3669,'21',12301,'',0,'岐阜','岐阜県',1),(3670,'22',12301,'',0,'静岡','静岡県',1),(3671,'23',12301,'',0,'愛知','愛知県',1),(3672,'24',12301,'',0,'三重','三重県',1),(3673,'25',12301,'',0,'滋賀','滋賀県',1),(3674,'26',12301,'',0,'京都','京都府',1),(3675,'27',12301,'',0,'大阪','大阪府',1),(3676,'28',12301,'',0,'兵庫','兵庫県',1),(3677,'29',12301,'',0,'奈良','奈良県',1),(3678,'30',12301,'',0,'和歌山','和歌山県',1),(3679,'31',12301,'',0,'鳥取','鳥取県',1),(3680,'32',12301,'',0,'島根','島根県',1),(3681,'33',12301,'',0,'岡山','岡山県',1),(3682,'34',12301,'',0,'広島','広島県',1),(3683,'35',12301,'',0,'山口','山口県',1),(3684,'36',12301,'',0,'徳島','徳島県',1),(3685,'37',12301,'',0,'香川','香川県',1),(3686,'38',12301,'',0,'愛媛','愛媛県',1),(3687,'39',12301,'',0,'高知','高知県',1),(3688,'40',12301,'',0,'福岡','福岡県',1),(3689,'41',12301,'',0,'佐賀','佐賀県',1),(3690,'42',12301,'',0,'長崎','長崎県',1),(3691,'43',12301,'',0,'熊本','熊本県',1),(3692,'44',12301,'',0,'大分','大分県',1),(3693,'45',12301,'',0,'宮崎','宮崎県',1),(3694,'46',12301,'',0,'鹿児島','鹿児島県',1),(3695,'47',12301,'',0,'沖縄','沖縄県',1),(4122,'TW-KLU',21301,'KLU',NULL,NULL,'基隆市',1),(4123,'TW-TPE',21301,'TPE',NULL,NULL,'臺北市',1),(4124,'TW-TPH',21301,'TPH',NULL,NULL,'新北市',1),(4125,'TW-TYC',21301,'TYC',NULL,NULL,'桃園市',1),(4126,'TW-HSH',21301,'HSH',NULL,NULL,'新竹縣',1),(4127,'TW-HSC',21301,'HSC',NULL,NULL,'新竹市',1),(4128,'TW-MAL',21301,'MAL',NULL,NULL,'苗栗縣',1),(4129,'TW-MAC',21301,'MAC',NULL,NULL,'苗栗市',1),(4130,'TW-TXG',21301,'TXG',NULL,NULL,'臺中市',1),(4131,'TW-CWH',21301,'CWH',NULL,NULL,'彰化縣',1),(4132,'TW-CWS',21301,'CWS',NULL,NULL,'彰化市',1),(4133,'TW-NTC',21301,'NTC',NULL,NULL,'南投市',1),(4134,'TW-NTO',21301,'NTO',NULL,NULL,'南投縣',1),(4135,'TW-YLH',21301,'YLH',NULL,NULL,'雲林縣',1),(4136,'TW-CHY',21301,'CHY',NULL,NULL,'嘉義縣',1),(4137,'TW-CYI',21301,'CYI',NULL,NULL,'嘉義市',1),(4138,'TW-TNN',21301,'TNN',NULL,NULL,'臺南市',1),(4139,'TW-KHH',21301,'KHH',NULL,NULL,'高雄市',1),(4140,'TW-IUH',21301,'IUH',NULL,NULL,'屏東縣',1),(4141,'TW-PTS',21301,'PTS',NULL,NULL,'屏東市',1),(4142,'TW-ILN',21301,'ILN',NULL,NULL,'宜蘭縣',1),(4143,'TW-ILC',21301,'ILC',NULL,NULL,'宜蘭市',1),(4144,'TW-HWA',21301,'HWA',NULL,NULL,'花蓮縣',1),(4145,'TW-HWC',21301,'HWC',NULL,NULL,'花蓮市',1),(4146,'TW-TTC',21301,'TTC',NULL,NULL,'臺東市',1),(4147,'TW-TTT',21301,'TTT',NULL,NULL,'臺東縣',1),(4148,'TW-PEH',21301,'PEH',NULL,NULL,'澎湖縣',1),(4149,'TW-GNI',21301,'GNI',NULL,NULL,'綠島',1),(4150,'TW-KYD',21301,'KYD',NULL,NULL,'蘭嶼',1),(4151,'TW-KMN',21301,'KMN',NULL,NULL,'金門縣',1),(4152,'TW-LNN',21301,'LNN',NULL,NULL,'連江縣',1),(4633,'BI0001',6101,'',0,'','Bubanza',1),(4634,'BI0002',6101,'',0,'','Gihanga',1),(4635,'BI0003',6101,'',0,'','Musigati',1),(4636,'BI0004',6101,'',0,'','Mpanda',1),(4637,'BI0005',6101,'',0,'','Rugazi',1),(4638,'BI0006',6102,'',0,'','Muha',1),(4639,'BI0007',6102,'',0,'','Mukaza',1),(4640,'BI0008',6102,'',0,'','Ntahangwa',1),(4641,'BI0009',6103,'',0,'','Isale',1),(4642,'BI0010',6103,'',0,'','Kabezi',1),(4643,'BI0011',6103,'',0,'','Kanyosha',1),(4644,'BI0012',6103,'',0,'','Mubimbi',1),(4645,'BI0013',6103,'',0,'','Mugongomanga',1),(4646,'BI0014',6103,'',0,'','Mukike',1),(4647,'BI0015',6103,'',0,'','Mutambu',1),(4648,'BI0016',6103,'',0,'','Mutimbuzi',1),(4649,'BI0017',6103,'',0,'','Nyabiraba',1),(4650,'BI0018',6104,'',0,'','Bururi',1),(4651,'BI0019',6104,'',0,'','Matana',1),(4652,'BI0020',6104,'',0,'','Mugamba',1),(4653,'BI0021',6104,'',0,'','Rutovu',1),(4654,'BI0022',6104,'',0,'','Songa',1),(4655,'BI0023',6104,'',0,'','Vyanda',1),(4656,'BI0024',6105,'',0,'','Cankuzo',1),(4657,'BI0025',6105,'',0,'','Cendajuru',1),(4658,'BI0026',6105,'',0,'','Gisagara',1),(4659,'BI0027',6105,'',0,'','Kigamba',1),(4660,'BI0028',6105,'',0,'','Mishiha',1),(4661,'BI0029',6106,'',0,'','Buganda',1),(4662,'BI0030',6106,'',0,'','Bukinanyana',1),(4663,'BI0031',6106,'',0,'','Mabayi',1),(4664,'BI0032',6106,'',0,'','Mugina',1),(4665,'BI0033',6106,'',0,'','Murwi',1),(4666,'BI0034',6106,'',0,'','Rugombo',1),(4667,'BI0035',6107,'',0,'','Bugendana',1),(4668,'BI0036',6107,'',0,'','Bukirasazi',1),(4669,'BI0037',6107,'',0,'','Buraza',1),(4670,'BI0038',6107,'',0,'','Giheta',1),(4671,'BI0039',6107,'',0,'','Gishubi',1),(4672,'BI0040',6107,'',0,'','Gitega',1),(4673,'BI0041',6107,'',0,'','Itaba',1),(4674,'BI0042',6107,'',0,'','Makebuko',1),(4675,'BI0043',6107,'',0,'','Mutaho',1),(4676,'BI0044',6107,'',0,'','Nyanrusange',1),(4677,'BI0045',6107,'',0,'','Ryansoro',1),(4678,'BI0046',6108,'',0,'','Bugenyuzi',1),(4679,'BI0047',6108,'',0,'','Buhiga',1),(4680,'BI0048',6108,'',0,'','Gihogazi',1),(4681,'BI0049',6108,'',0,'','Gitaramuka',1),(4682,'BI0050',6108,'',0,'','Mutumba',1),(4683,'BI0051',6108,'',0,'','Nyabikere',1),(4684,'BI0052',6108,'',0,'','Shombo',1),(4685,'BI0053',6109,'',0,'','Butaganzwa',1),(4686,'BI0054',6109,'',0,'','Gahombo',1),(4687,'BI0055',6109,'',0,'','Gatara',1),(4688,'BI0056',6109,'',0,'','Kabarore',1),(4689,'BI0057',6109,'',0,'','Kayanza',1),(4690,'BI0058',6109,'',0,'','Matongo',1),(4691,'BI0059',6109,'',0,'','Muhanga',1),(4692,'BI0060',6109,'',0,'','Muruta',1),(4693,'BI0061',6109,'',0,'','Rango',1),(4694,'BI0062',6110,'',0,'','Bugabira',1),(4695,'BI0063',6110,'',0,'','Busoni',1),(4696,'BI0064',6110,'',0,'','Bwambarangwe',1),(4697,'BI0065',6110,'',0,'','Gitobe',1),(4698,'BI0066',6110,'',0,'','Kirundo',1),(4699,'BI0067',6110,'',0,'','Ntega',1),(4700,'BI0068',6110,'',0,'','Vumbi',1),(4701,'BI0069',6111,'',0,'','Kayogoro',1),(4702,'BI0070',6111,'',0,'','Kibago',1),(4703,'BI0071',6111,'',0,'','Mabanda',1),(4704,'BI0072',6111,'',0,'','Makamba',1),(4705,'BI0073',6111,'',0,'','Nyanza-Lac',1),(4706,'BI0074',6111,'',0,'','Vugizo',1),(4707,'BI0075',6112,'',0,'','Bukeye',1),(4708,'BI0076',6112,'',0,'','Kiganda',1),(4709,'BI0077',6112,'',0,'','Mbuye',1),(4710,'BI0078',6112,'',0,'','Muramvya',1),(4711,'BI0079',6112,'',0,'','Rutegama',1),(4712,'BI0080',6113,'',0,'','Buhinyuza',1),(4713,'BI0081',6113,'',0,'','Butihinda',1),(4714,'BI0082',6113,'',0,'','Gashoho',1),(4715,'BI0083',6113,'',0,'','Gasorwe',1),(4716,'BI0084',6113,'',0,'','Giteranyi',1),(4717,'BI0085',6113,'',0,'','Muyinga',1),(4718,'BI0086',6113,'',0,'','Mwakiro',1),(4719,'BI0087',6114,'',0,'','Bisoro',1),(4720,'BI0088',6114,'',0,'','Gisozi',1),(4721,'BI0089',6114,'',0,'','Kayokwe',1),(4722,'BI0090',6114,'',0,'','Ndava',1),(4723,'BI0091',6114,'',0,'','Nyabihanga',1),(4724,'BI0092',6114,'',0,'','Rusaka',1),(4725,'BI0093',6115,'',0,'','Busiga',1),(4726,'BI0094',6115,'',0,'','Gashikanwa',1),(4727,'BI0095',6115,'',0,'','Kiremba',1),(4728,'BI0096',6115,'',0,'','Marangara',1),(4729,'BI0097',6115,'',0,'','Mwumba',1),(4730,'BI0098',6115,'',0,'','Ngozi',1),(4731,'BI0099',6115,'',0,'','Nyamurenza',1),(4732,'BI0100',6115,'',0,'','Ruhororo',1),(4733,'BI0101',6115,'',0,'','Tangara',1),(4734,'BI0102',6116,'',0,'','Bugarama',1),(4735,'BI0103',6116,'',0,'','Burambi',1),(4736,'BI0104',6116,'',0,'','Buyengero',1),(4737,'BI0105',6116,'',0,'','Muhuta',1),(4738,'BI0106',6116,'',0,'','Rumonge',1),(4739,'BI0107',6117,'',0,'','Bukemba',1),(4740,'BI0108',6117,'',0,'','Giharo',1),(4741,'BI0109',6117,'',0,'','Gitanga',1),(4742,'BI0110',6117,'',0,'','Mpinga-Kayove',1),(4743,'BI0111',6117,'',0,'','Musongati',1),(4744,'BI0112',6117,'',0,'','Rutana',1),(4745,'BI0113',6118,'',0,'','Butaganzwa',1),(4746,'BI0114',6118,'',0,'','Butezi',1),(4747,'BI0115',6118,'',0,'','Bweru',1),(4748,'BI0116',6118,'',0,'','Gisuru',1),(4749,'BI0117',6118,'',0,'','Kinyinya',1),(4750,'BI0118',6118,'',0,'','Nyabitsinda',1),(4751,'BI0119',6118,'',0,'','Ruyigi',1),(4759,'TR-01',22104,NULL,NULL,NULL,'Adana',1),(4760,'TR-02',22107,NULL,NULL,NULL,'Adıyaman',1),(4761,'TR-03',22103,NULL,NULL,NULL,'Afyon',1),(4762,'TR-04',22107,NULL,NULL,NULL,'Ağrı',1),(4763,'TR-05',22106,NULL,NULL,NULL,'Amasya',1),(4764,'TR-06',22102,NULL,NULL,NULL,'Ankara',1),(4765,'TR-07',22104,NULL,NULL,NULL,'Antalya',1),(4766,'TR-08',22106,NULL,NULL,NULL,'Artvin',1),(4767,'TR-09',22103,NULL,NULL,NULL,'Aydın',1),(4768,'TR-10',22101,NULL,NULL,NULL,'Balıkesir',1),(4769,'TR-11',22101,NULL,NULL,NULL,'Bilecik',1),(4770,'TR-12',22107,NULL,NULL,NULL,'Bingöl',1),(4771,'TR-13',22107,NULL,NULL,NULL,'Bitlis',1),(4772,'TR-14',22106,NULL,NULL,NULL,'Bolu',1),(4773,'TR-15',22104,NULL,NULL,NULL,'Burdur',1),(4774,'TR-16',22101,NULL,NULL,NULL,'Bursa',1),(4775,'TR-17',22101,NULL,NULL,NULL,'Çanakkale',1),(4776,'TR-18',22102,NULL,NULL,NULL,'Çankırı',1),(4777,'TR-19',22106,NULL,NULL,NULL,'Çorum',1),(4778,'TR-20',22104,NULL,NULL,NULL,'Denizli',1),(4779,'TR-21',22105,NULL,NULL,NULL,'Diyarbakır',1),(4780,'TR-22',22101,NULL,NULL,NULL,'Edirne',1),(4781,'TR-23',22107,NULL,NULL,NULL,'Elazığ',1),(4782,'TR-24',22107,NULL,NULL,NULL,'Erzincan',1),(4783,'TR-25',22107,NULL,NULL,NULL,'Erzurum',1),(4784,'TR-26',22102,NULL,NULL,NULL,'Eskişehir',1),(4785,'TR-27',22105,NULL,NULL,NULL,'Gaziantep',1),(4786,'TR-28',22106,NULL,NULL,NULL,'Giresun',1),(4787,'TR-29',22106,NULL,NULL,NULL,'Gümüşhane',1),(4788,'TR-30',22107,NULL,NULL,NULL,'Hakkari',1),(4789,'TR-31',22104,NULL,NULL,NULL,'Hatay',1),(4790,'TR-32',22104,NULL,NULL,NULL,'Isparta',1),(4791,'TR-33',22104,NULL,NULL,NULL,'İçel',1),(4792,'TR-34',22101,NULL,NULL,NULL,'İstanbul',1),(4793,'TR-35',22103,NULL,NULL,NULL,'İzmir',1),(4794,'TR-36',22107,NULL,NULL,NULL,'Kars',1),(4795,'TR-37',22106,NULL,NULL,NULL,'Kastamonu',1),(4796,'TR-38',22102,NULL,NULL,NULL,'Kayseri',1),(4797,'TR-39',22101,NULL,NULL,NULL,'Kırklareli',1),(4798,'TR-40',22102,NULL,NULL,NULL,'Kırşehir',1),(4799,'TR-41',22101,NULL,NULL,NULL,'Kocaeli',1),(4800,'TR-42',22102,NULL,NULL,NULL,'Konya',1),(4801,'TR-43',22103,NULL,NULL,NULL,'Kütahya',1),(4802,'TR-44',22107,NULL,NULL,NULL,'Malatya',1),(4803,'TR-45',22103,NULL,NULL,NULL,'Manisa',1),(4804,'TR-46',22104,NULL,NULL,NULL,'Kahramanmaraş',1),(4805,'TR-47',22105,NULL,NULL,NULL,'Mardin',1),(4806,'TR-48',22103,NULL,NULL,NULL,'Muğla',1),(4807,'TR-49',22107,NULL,NULL,NULL,'Muş',1),(4808,'TR-50',22102,NULL,NULL,NULL,'Nevşehir',1),(4809,'TR-51',22102,NULL,NULL,NULL,'Niğde',1),(4810,'TR-52',22106,NULL,NULL,NULL,'Ordu',1),(4811,'TR-53',22106,NULL,NULL,NULL,'Rize',1),(4812,'TR-54',22101,NULL,NULL,NULL,'Sakarya',1),(4813,'TR-55',22106,NULL,NULL,NULL,'Samsun',1),(4814,'TR-56',22105,NULL,NULL,NULL,'Siirt',1),(4815,'TR-57',22106,NULL,NULL,NULL,'Sinop',1),(4816,'TR-58',22102,NULL,NULL,NULL,'Sivas',1),(4817,'TR-59',22101,NULL,NULL,NULL,'Tekirdağ',1),(4818,'TR-60',22106,NULL,NULL,NULL,'Tokat',1),(4819,'TR-61',22106,NULL,NULL,NULL,'Trabzon',1),(4820,'TR-62',22107,NULL,NULL,NULL,'Tunceli',1),(4821,'TR-63',22105,NULL,NULL,NULL,'Şanlıurfa',1),(4822,'TR-63',22103,NULL,NULL,NULL,'Uşak',1),(4823,'TR-65',22107,NULL,NULL,NULL,'Van',1),(4824,'TR-66',22102,NULL,NULL,NULL,'Yozgat',1),(4825,'TR-67',22106,NULL,NULL,NULL,'Zonguldak',1),(4826,'TR-68',22102,NULL,NULL,NULL,'Aksaray',1),(4827,'TR-69',22106,NULL,NULL,NULL,'Bayburt',1),(4828,'TR-70',22102,NULL,NULL,NULL,'Karaman',1),(4829,'TR-71',22102,NULL,NULL,NULL,'Kırıkkale',1),(4830,'TR-72',22105,NULL,NULL,NULL,'Batman',1),(4831,'TR-73',22105,NULL,NULL,NULL,'Şırnak',1),(4832,'TR-74',22106,NULL,NULL,NULL,'Bartın',1),(4833,'TR-75',22107,NULL,NULL,NULL,'Ardahan',1),(4834,'TR-76',22107,NULL,NULL,NULL,'Iğdır',1),(4835,'TR-77',22101,NULL,NULL,NULL,'Yalova',1),(4836,'TR-78',22106,NULL,NULL,NULL,'Karabük',1),(4837,'TR-79',22105,NULL,NULL,NULL,'Kilis',1),(4838,'TR-80',22104,NULL,NULL,NULL,'Osmaniye',1),(4839,'TR-81',22106,NULL,NULL,NULL,'Düzce',1),(4840,'CU-PRI',7701,NULL,NULL,NULL,'Pinar del Rio',1),(4841,'CU-ART',7701,NULL,NULL,NULL,'Artemisa',1),(4842,'CU-HAB',7701,NULL,NULL,NULL,'La Habana',1),(4843,'CU-MYB',7701,NULL,NULL,NULL,'Mayabeque',1),(4844,'CU-MTZ',7701,NULL,NULL,NULL,'Matanzas',1),(4845,'CU-IJV',7701,NULL,NULL,NULL,'Isla de la Juventud',1),(4846,'CU-VLC',7702,NULL,NULL,NULL,'Villa Calra',1),(4847,'CU-CFG',7702,NULL,NULL,NULL,'Cienfuegos',1),(4848,'CU-SSP',7702,NULL,NULL,NULL,'Sancti Spiritus',1),(4849,'CU-CAV',7702,NULL,NULL,NULL,'Ciego de Avila',1),(4850,'CU-CMG',7702,NULL,NULL,NULL,'Camagüey',1),(4851,'CU-LTU',7703,NULL,NULL,NULL,'Las Tunas',1),(4852,'CU-GRM',7703,NULL,NULL,NULL,'Granma',1),(4853,'CU-SCU',7703,NULL,NULL,NULL,'Santiago de Cuba',1),(4854,'CU-GTM',7703,NULL,NULL,NULL,'Guantanamo',1),(4855,'CU-HLG',7703,NULL,NULL,NULL,'Holguin',1);

--
-- Table structure for table `llx_c_ecotaxe`
--

CREATE TABLE `llx_c_ecotaxe` (
  `rowid` int NOT NULL AUTO_INCREMENT,
  `code` varchar(64) CHARACTER SET utf8mb4 COLLATE utf8mb4_unicode_ci NOT NULL,
  `label` varchar(255) CHARACTER SET utf8mb4 COLLATE utf8mb4_unicode_ci DEFAULT NULL,
  `price` double(24,8) DEFAULT NULL,
  `organization` varchar(255) CHARACTER SET utf8mb4 COLLATE utf8mb4_unicode_ci DEFAULT NULL,
  `fk_pays` int NOT NULL,
  `active` tinyint NOT NULL DEFAULT '1',
  PRIMARY KEY (`rowid`),
  UNIQUE KEY `uk_c_ecotaxe` (`code`)
) ENGINE=InnoDB AUTO_INCREMENT=20 DEFAULT CHARSET=utf8mb4 COLLATE=utf8mb4_unicode_ci;

--
-- Dumping data for table `llx_c_ecotaxe`
--

INSERT INTO `llx_c_ecotaxe` (`rowid`, `code`, `label`, `price`, `organization`, `fk_pays`, `active`) VALUES (1,'25040','PETIT APPAREILS MENAGERS',0.25000000,'Eco-systèmes',1,1),(2,'25050','TRES PETIT APPAREILS MENAGERS',0.08000000,'Eco-systèmes',1,1),(3,'32070','ECRAN POIDS < 5 KG',2.08000000,'Eco-systèmes',1,1),(4,'32080','ECRAN POIDS > 5 KG',1.25000000,'Eco-systèmes',1,1),(5,'32051','ORDINATEUR PORTABLE',0.42000000,'Eco-systèmes',1,1),(6,'32061','TABLETTE INFORMATIQUE',0.84000000,'Eco-systèmes',1,1),(7,'36011','ORDINATEUR FIXE (UC)',1.15000000,'Eco-systèmes',1,1),(8,'36021','IMPRIMANTES',0.83000000,'Eco-systèmes',1,1),(9,'36030','IT (INFORMATIQUE ET TELECOMS)',0.83000000,'Eco-systèmes',1,1),(10,'36040','PETIT IT (CLAVIERS / SOURIS)',0.08000000,'Eco-systèmes',1,1),(11,'36050','TELEPHONIE MOBILE',0.02000000,'Eco-systèmes',1,1),(12,'36060','CONNECTIQUE CABLES',0.02000000,'Eco-systèmes',1,1),(13,'45010','GROS MATERIEL GRAND PUBLIC (TELEAGRANDISSEURS)',1.67000000,'Eco-systèmes',1,1),(14,'45020','MOYEN MATERIEL GRAND PUBLIC (LOUPES ELECTRONIQUES)',0.42000000,'Eco-systèmes',1,1),(15,'45030','PETIT MATERIEL GRAND PUBLIC (VIE QUOTIDIENNE)',0.08000000,'Eco-systèmes',1,1),(16,'75030','JOUETS < 0,5 KG',0.08000000,'Eco-systèmes',1,1),(17,'75040','JOUETS ENTRE 0,5 KG ET 10 KG',0.17000000,'Eco-systèmes',1,1),(18,'74050','JOUETS > 10 KG',1.67000000,'Eco-systèmes',1,1),(19,'85010','EQUIPEMENT MEDICAL < 0,5 KG',0.08000000,'Eco-systèmes',1,1);

--
-- Table structure for table `llx_c_effectif`
--

CREATE TABLE `llx_c_effectif` (
  `id` int NOT NULL,
  `code` varchar(12) CHARACTER SET utf8mb4 COLLATE utf8mb4_unicode_ci NOT NULL,
  `libelle` varchar(128) CHARACTER SET utf8mb4 COLLATE utf8mb4_unicode_ci DEFAULT NULL,
  `active` tinyint NOT NULL DEFAULT '1',
  `module` varchar(32) CHARACTER SET utf8mb4 COLLATE utf8mb4_unicode_ci DEFAULT NULL,
  PRIMARY KEY (`id`),
  UNIQUE KEY `uk_c_effectif` (`code`)
) ENGINE=InnoDB DEFAULT CHARSET=utf8mb4 COLLATE=utf8mb4_unicode_ci;

--
-- Dumping data for table `llx_c_effectif`
--

INSERT INTO `llx_c_effectif` (`id`, `code`, `libelle`, `active`, `module`) VALUES (0,'EF0','-',1,NULL),(1,'EF1-5','1 - 5',1,NULL),(2,'EF6-10','6 - 10',1,NULL),(3,'EF11-50','11 - 50',1,NULL),(4,'EF51-100','51 - 100',1,NULL),(5,'EF101-500','101 - 500',1,NULL),(6,'EF500-','> 500',1,NULL);

--
-- Table structure for table `llx_c_email_senderprofile`
--

CREATE TABLE `llx_c_email_senderprofile` (
  `rowid` int NOT NULL AUTO_INCREMENT,
  `entity` int NOT NULL DEFAULT '1',
  `private` smallint NOT NULL DEFAULT '0',
  `date_creation` datetime DEFAULT NULL,
  `tms` timestamp NOT NULL DEFAULT CURRENT_TIMESTAMP ON UPDATE CURRENT_TIMESTAMP,
  `label` varchar(255) CHARACTER SET utf8mb4 COLLATE utf8mb4_unicode_ci DEFAULT NULL,
  `email` varchar(255) CHARACTER SET utf8mb4 COLLATE utf8mb4_unicode_ci NOT NULL,
  `signature` text CHARACTER SET utf8mb4 COLLATE utf8mb4_unicode_ci,
  `position` smallint DEFAULT '0',
  `active` tinyint NOT NULL DEFAULT '1',
  PRIMARY KEY (`rowid`),
  UNIQUE KEY `uk_c_email_senderprofile` (`entity`,`label`,`email`)
) ENGINE=InnoDB AUTO_INCREMENT=3 DEFAULT CHARSET=utf8mb4 COLLATE=utf8mb4_unicode_ci;

--
-- Dumping data for table `llx_c_email_senderprofile`
--

INSERT INTO `llx_c_email_senderprofile` (`rowid`, `entity`, `private`, `date_creation`, `tms`, `label`, `email`, `signature`, `position`, `active`) VALUES (2,1,3,'2022-11-07 14:11:04','2022-11-07 13:11:04','Service Commercial EKWITECH','commercial@ekwitech.com',NULL,NULL,1);

--
-- Table structure for table `llx_c_email_templates`
--

CREATE TABLE `llx_c_email_templates` (
  `rowid` int NOT NULL AUTO_INCREMENT,
  `entity` int NOT NULL DEFAULT '1',
  `module` varchar(32) CHARACTER SET utf8mb4 COLLATE utf8mb4_unicode_ci DEFAULT NULL,
  `type_template` varchar(32) CHARACTER SET utf8mb4 COLLATE utf8mb4_unicode_ci DEFAULT NULL,
  `lang` varchar(6) CHARACTER SET utf8mb4 COLLATE utf8mb4_unicode_ci DEFAULT '',
  `private` smallint NOT NULL DEFAULT '0',
  `fk_user` int DEFAULT NULL,
  `datec` datetime DEFAULT NULL,
  `tms` timestamp NOT NULL DEFAULT CURRENT_TIMESTAMP ON UPDATE CURRENT_TIMESTAMP,
  `label` varchar(180) CHARACTER SET utf8mb4 COLLATE utf8mb4_unicode_ci DEFAULT NULL,
  `position` smallint DEFAULT NULL,
  `enabled` varchar(255) CHARACTER SET utf8mb4 COLLATE utf8mb4_unicode_ci DEFAULT '1',
  `active` tinyint NOT NULL DEFAULT '1',
  `topic` text CHARACTER SET utf8mb4 COLLATE utf8mb4_unicode_ci,
  `joinfiles` text CHARACTER SET utf8mb4 COLLATE utf8mb4_unicode_ci,
  `content` mediumtext CHARACTER SET utf8mb4 COLLATE utf8mb4_unicode_ci,
  `content_lines` text CHARACTER SET utf8mb4 COLLATE utf8mb4_unicode_ci,
  `email_from` varchar(255) CHARACTER SET utf8mb4 COLLATE utf8mb4_unicode_ci DEFAULT NULL,
  `email_to` varchar(255) CHARACTER SET utf8mb4 COLLATE utf8mb4_unicode_ci DEFAULT NULL,
  `email_tocc` varchar(255) CHARACTER SET utf8mb4 COLLATE utf8mb4_unicode_ci DEFAULT NULL,
  `email_tobcc` varchar(255) CHARACTER SET utf8mb4 COLLATE utf8mb4_unicode_ci DEFAULT NULL,
  `defaultfortype` smallint DEFAULT '0',
  PRIMARY KEY (`rowid`),
  UNIQUE KEY `uk_c_email_templates` (`entity`,`label`,`lang`),
  KEY `idx_type` (`type_template`)
) ENGINE=InnoDB AUTO_INCREMENT=72 DEFAULT CHARSET=utf8mb4 COLLATE=utf8mb4_unicode_ci;

--
-- Dumping data for table `llx_c_email_templates`
--

INSERT INTO `llx_c_email_templates` (`rowid`, `entity`, `module`, `type_template`, `lang`, `private`, `fk_user`, `datec`, `tms`, `label`, `position`, `enabled`, `active`, `topic`, `joinfiles`, `content`, `content_lines`, `email_from`, `email_to`, `email_tocc`, `email_tobcc`, `defaultfortype`) VALUES (1,0,'banque','thirdparty','',0,NULL,NULL,'2021-06-27 20:15:24','(YourSEPAMandate)',1,'$conf->societe->enabled && $conf->banque->enabled && $conf->prelevement->enabled',0,'__(YourSEPAMandate)__',NULL,'__(Hello)__,<br><br>\n\n__(FindYourSEPAMandate)__ :<br>\n__MYCOMPANY_NAME__<br>\n__MYCOMPANY_FULLADDRESS__<br><br>\n__(Sincerely)__<br>\n__USER_SIGNATURE__',NULL,NULL,NULL,NULL,NULL,0),(2,0,'adherent','member','',0,NULL,NULL,'2021-06-27 20:15:24','(SendingEmailOnAutoSubscription)',10,'$conf->adherent->enabled',1,'[__[MAIN_INFO_SOCIETE_NOM]__] __(YourMembershipRequestWasReceived)__','0','__(Hello)__ __MEMBER_FULLNAME__,<br><br>\n\n__(ThisIsContentOfYourMembershipRequestWasReceived)__<br>\n<br>__ONLINE_PAYMENT_TEXT_AND_URL__<br>\n<br><br>\n__(Sincerely)__<br>__USER_SIGNATURE__',NULL,NULL,NULL,NULL,NULL,0),(3,0,'adherent','member','',0,NULL,NULL,'2021-06-27 20:15:24','(SendingEmailOnMemberValidation)',20,'$conf->adherent->enabled',1,'[__[MAIN_INFO_SOCIETE_NOM]__] __(YourMembershipWasValidated)__','0','__(Hello)__ __MEMBER_FULLNAME__,<br><br>\n\n__(ThisIsContentOfYourMembershipWasValidated)__<br>__(FirstName)__ : __MEMBER_FIRSTNAME__<br>__(LastName)__ : __MEMBER_LASTNAME__<br>__(ID)__ : __MEMBER_ID__<br>\n<br>__ONLINE_PAYMENT_TEXT_AND_URL__<br>\n<br><br>\n__(Sincerely)__<br>__USER_SIGNATURE__',NULL,NULL,NULL,NULL,NULL,0),(4,0,'adherent','member','',0,NULL,NULL,'2021-06-27 20:15:24','(SendingEmailOnNewSubscription)',30,'$conf->adherent->enabled',1,'[__[MAIN_INFO_SOCIETE_NOM]__] __(YourSubscriptionWasRecorded)__','1','__(Hello)__ __MEMBER_FULLNAME__,<br><br>\n\n__(ThisIsContentOfYourSubscriptionWasRecorded)__<br>\n\n<br><br>\n__(Sincerely)__<br>__USER_SIGNATURE__',NULL,NULL,NULL,NULL,NULL,0),(5,0,'adherent','member','',0,NULL,NULL,'2021-06-27 20:15:24','(SendingReminderForExpiredSubscription)',40,'$conf->adherent->enabled',1,'[__[MAIN_INFO_SOCIETE_NOM]__] __(SubscriptionReminderEmail)__','0','__(Hello)__ __MEMBER_FULLNAME__,<br><br>\n\n__(ThisIsContentOfSubscriptionReminderEmail)__<br>\n<br>__ONLINE_PAYMENT_TEXT_AND_URL__<br>\n<br><br>\n__(Sincerely)__<br>__USER_SIGNATURE__',NULL,NULL,NULL,NULL,NULL,0),(6,0,'adherent','member','',0,NULL,NULL,'2021-06-27 20:15:24','(SendingEmailOnCancelation)',50,'$conf->adherent->enabled',1,'[__[MAIN_INFO_SOCIETE_NOM]__] __(YourMembershipWasCanceled)__','0','__(Hello)__ __MEMBER_FULLNAME__,<br><br>\n\n__(YourMembershipWasCanceled)__<br>\n<br><br>\n__(Sincerely)__<br>__USER_SIGNATURE__',NULL,NULL,NULL,NULL,NULL,0),(7,0,'adherent','member','',0,NULL,NULL,'2021-06-27 20:15:24','(SendingAnEMailToMember)',60,'$conf->adherent->enabled',1,'[__[MAIN_INFO_SOCIETE_NOM]__] __(CardContent)__','0','__(Hello)__,<br><br>\n\n__(ThisIsContentOfYourCard)__<br>\n__(ID)__ : __ID__<br>\n__(Civiliyty)__ : __MEMBER_CIVILITY__<br>\n__(Firstname)__ : __MEMBER_FIRSTNAME__<br>\n__(Lastname)__ : __MEMBER_LASTNAME__<br>\n__(Fullname)__ : __MEMBER_FULLNAME__<br>\n__(Company)__ : __MEMBER_COMPANY__<br>\n__(Address)__ : __MEMBER_ADDRESS__<br>\n__(Zip)__ : __MEMBER_ZIP__<br>\n__(Town)__ : __MEMBER_TOWN__<br>\n__(Country)__ : __MEMBER_COUNTRY__<br>\n__(Email)__ : __MEMBER_EMAIL__<br>\n__(Birthday)__ : __MEMBER_BIRTH__<br>\n__(Photo)__ : __MEMBER_PHOTO__<br>\n__(Login)__ : __MEMBER_LOGIN__<br>\n__(Password)__ : __MEMBER_PASSWORD__<br>\n__(Phone)__ : __MEMBER_PHONE__<br>\n__(PhonePerso)__ : __MEMBER_PHONEPRO__<br>\n__(PhoneMobile)__ : __MEMBER_PHONEMOBILE__<br><br>\n__(Sincerely)__<br>__USER_SIGNATURE__',NULL,NULL,NULL,NULL,NULL,0),(8,0,'recruitment','recruitmentcandidature_send','',0,NULL,NULL,'2021-06-27 20:15:24','(AnswerCandidature)',100,'$conf->recruitment->enabled',1,'[__[MAIN_INFO_SOCIETE_NOM]__] __(YourCandidature)__','0','__(Hello)__ __CANDIDATE_FULLNAME__,<br><br>\n\n__(YourCandidatureAnswerMessage)__<br>__ONLINE_INTERVIEW_SCHEDULER_TEXT_AND_URL__\n<br><br>\n__(Sincerely)__<br>__USER_SIGNATURE__',NULL,NULL,NULL,NULL,NULL,0),(17,0,'','conferenceorbooth','',0,NULL,NULL,'2022-11-03 23:13:32','(EventOrganizationEmailAskConf)',10,'1',1,'[__[MAIN_INFO_SOCIETE_NOM]__] __(EventOrganizationEmailAskConf)__',NULL,'__(Hello)__,<br /><br />__(OrganizationEventConfRequestWasReceived)__<br /><br /><br />__(Sincerely)__<br />__USER_SIGNATURE__',NULL,NULL,NULL,NULL,NULL,0),(18,0,'','conferenceorbooth','',0,NULL,NULL,'2022-11-03 23:13:32','(EventOrganizationEmailAskBooth)',20,'1',1,'[__[MAIN_INFO_SOCIETE_NOM]__] __(EventOrganizationEmailAskBooth)__',NULL,'__(Hello)__,<br /><br />__(OrganizationEventBoothRequestWasReceived)__<br /><br /><br />__(Sincerely)__<br />__USER_SIGNATURE__',NULL,NULL,NULL,NULL,NULL,0),(19,0,'','conferenceorbooth','',0,NULL,NULL,'2022-11-03 23:13:32','(EventOrganizationEmailSubsBooth)',30,'1',1,'[__[MAIN_INFO_SOCIETE_NOM]__] __(EventOrganizationEmailBoothPayment)__',NULL,'__(Hello)__,<br /><br />__(OrganizationEventPaymentOfBoothWasReceived)__<br /><br /><br />__(Sincerely)__<br />__USER_SIGNATURE__',NULL,NULL,NULL,NULL,NULL,0),(20,0,'','conferenceorbooth','',0,NULL,NULL,'2022-11-03 23:13:32','(EventOrganizationEmailSubsEvent)',40,'1',1,'[__[MAIN_INFO_SOCIETE_NOM]__] __(EventOrganizationEmailRegistrationPayment)__',NULL,'__(Hello)__,<br /><br />__(OrganizationEventPaymentOfRegistrationWasReceived)__<br /><br />__(Sincerely)__<br />__USER_SIGNATURE__',NULL,NULL,NULL,NULL,NULL,0),(21,0,'','conferenceorbooth','',0,NULL,NULL,'2022-11-03 23:13:32','(EventOrganizationMassEmailAttendees)',50,'1',1,'[__[MAIN_INFO_SOCIETE_NOM]__] __(EventOrganizationMassEmailAttendees)__',NULL,'__(Hello)__,<br /><br />__(OrganizationEventBulkMailToAttendees)__<br /><br />__(Sincerely)__<br />__USER_SIGNATURE__',NULL,NULL,NULL,NULL,NULL,0),(22,0,'','conferenceorbooth','',0,NULL,NULL,'2022-11-03 23:13:32','(EventOrganizationMassEmailSpeakers)',60,'1',1,'[__[MAIN_INFO_SOCIETE_NOM]__] __(EventOrganizationMassEmailSpeakers)__',NULL,'__(Hello)__,<br /><br />__(OrganizationEventBulkMailToSpeakers)__<br /><br />__(Sincerely)__<br />__USER_SIGNATURE__',NULL,NULL,NULL,NULL,NULL,0),(23,0,'partnership','partnership_send','',0,NULL,NULL,'2022-11-03 23:13:36','(SendingEmailOnPartnershipWillSoonBeCanceled)',100,'1',1,'[__[MAIN_INFO_SOCIETE_NOM]__] - __(YourPartnershipWillSoonBeCanceledTopic)__','0','<body>\n <p>Hello,<br><br>\n__(YourPartnershipWillSoonBeCanceledContent)__</p>\n<br />\n\n<br />\n\n            __(Sincerely)__ <br />\n            __[MAIN_INFO_SOCIETE_NOM]__ <br />\n </body>\n',NULL,NULL,NULL,NULL,NULL,0),(24,0,'partnership','partnership_send','',0,NULL,NULL,'2022-11-03 23:13:36','(SendingEmailOnPartnershipCanceled)',100,'1',1,'[__[MAIN_INFO_SOCIETE_NOM]__] - __(YourPartnershipCanceledTopic)__','0','<body>\n <p>Hello,<br><br>\n__(YourPartnershipCanceledContent)__</p>\n<br />\n\n<br />\n\n            __(Sincerely)__ <br />\n            __[MAIN_INFO_SOCIETE_NOM]__ <br />\n </body>\n',NULL,NULL,NULL,NULL,NULL,0),(25,0,'partnership','partnership_send','',0,NULL,NULL,'2022-11-03 23:13:36','(SendingEmailOnPartnershipRefused)',100,'1',1,'[__[MAIN_INFO_SOCIETE_NOM]__] - __(YourPartnershipRefusedTopic)__','0','<body>\n <p>Hello,<br><br>\n__(YourPartnershipRefusedContent)__</p>\n<br />\n\n<br />\n\n            __(Sincerely)__ <br />\n            __[MAIN_INFO_SOCIETE_NOM]__ <br />\n </body>\n',NULL,NULL,NULL,NULL,NULL,0),(26,0,'partnership','partnership_send','',0,NULL,NULL,'2022-11-03 23:13:36','(SendingEmailOnPartnershipAccepted)',100,'1',1,'[__[MAIN_INFO_SOCIETE_NOM]__] - __(YourPartnershipAcceptedTopic)__','0','<body>\n <p>Hello,<br><br>\n__(YourPartnershipAcceptedContent)__</p>\n<br />\n\n<br />\n\n            __(Sincerely)__ <br />\n            __[MAIN_INFO_SOCIETE_NOM]__ <br />\n </body>\n',NULL,NULL,NULL,NULL,NULL,0),(29,0,'','conferenceorbooth','',0,NULL,NULL,'2022-11-03 23:14:09','(EventOrganizationEmailBoothPayment)',30,'1',1,'[__[MAIN_INFO_SOCIETE_NOM]__] __(EventOrganizationEmailBoothPayment)__',NULL,'__(Hello)__,<br /><br />__(OrganizationEventPaymentOfBoothWasReceived)__<br /><br /><br />__(Sincerely)__<br />__USER_SIGNATURE__',NULL,NULL,NULL,NULL,NULL,0),(30,0,'','conferenceorbooth','',0,NULL,NULL,'2022-11-03 23:14:09','(EventOrganizationEmailRegistrationPayment)',40,'1',1,'[__[MAIN_INFO_SOCIETE_NOM]__] __(EventOrganizationEmailRegistrationPayment)__',NULL,'__(Hello)__,<br /><br />__(OrganizationEventPaymentOfRegistrationWasReceived)__<br /><br />__(Sincerely)__<br />__USER_SIGNATURE__',NULL,NULL,NULL,NULL,NULL,0),(33,1,NULL,'facture_send',NULL,1,3,NULL,'2023-05-02 23:03:14','Envoi FA',1,'1',1,'Facture FA','1','Bonjour,<br />\r\n<br />\r\nSuite &agrave; , vous trouverez en pi&egrave;ce jointe la facture <strong>FA</strong><br />\r\n<br />\r\n<span style=\"font-size:11pt\"><span style=\"font-family:&quot;Calibri&quot;,sans-serif\">En vous remerciant d&#39;avance,</span></span><br />\r\n<span style=\"font-size:11pt\"><span style=\"font-family:&quot;Calibri&quot;,sans-serif\">--<br />\r\n<br />\r\n<img src=\"data:image/png;base64,[encoded data, 9704 characters]\" style=\"height:38px; width:150px\" /></span></span><br />\r\n<span style=\"font-size:11pt\"><span style=\"font-family:&quot;Calibri&quot;,sans-serif\"><strong>Service Commercial</strong><br />\r\n<em><u><span style=\"color:blue\"><a href=\"mailto:alexandre@ekwitech.com\" style=\"color:#0563c1; text-decoration:underline\"><span style=\"color:blue\">alexandre@ekwitech.com</span></a></span></u>&nbsp;| (+59) 0690 813&nbsp;816</em></span></span>',NULL,NULL,NULL,NULL,NULL,0),(70,1,NULL,'propal_send','',0,NULL,NULL,'2024-08-21 02:12:43','Test',1,'1',1,'Test','0','Bonjour Alexandre, Votre carte X (se terminant par 5957) expirera le 31 oct. 2024. Pour que vous puissiez continuer &agrave; g&eacute;rer votre entreprise comme d&#39;habitude, vous recevrez votre nouvelle carte au minimum un mois avant l&#39;expiration de votre carte actuelle. Elle sera exp&eacute;di&eacute;e &agrave; l&#39;adresse suivan2, R&eacute;sidence Baimbridgt Appt. 212 97139 Les Abymes FRANC Ce n&#39;est pas la bonne adresse de livraison ? Contactez-nous d&egrave;s que possible Quelques informations sur votre nouvelle carte :&mdash; Elle peut d&eacute;j&agrave; &ecirc;tre utilis&eacute;e en ligne et en magasin avec Apple Pay ou Googl&mdash; Son code PIN et ses param&egrave;tres resteront inchang&mdash; Pour activer la carte d&egrave;s sa r&eacute;ception ainsi que le sans contact, vous devrez effectuer une premi&egrave;re transaction en saisissant votre code CARTE | 20 AO&Ucirc;T 2024 | RENOUVELLEMENT DE LA CARTE | La nouvelle carte X qui remplacera votre carte X sera bient&ocirc;t exp&eacute;di | Bonjour Alexandre,Votre carte X (se terminant par 5957) expirera le 31 oct. 2024.Pour que vous puissiez continuer &agrave; g&eacute;rer votre entreprise comme d&#39;habitude, vous recevrez votre nouvelle carte au minimum un mois avant l&#39;expiration de votre carte actuelle. Elle sera exp&eacute;di&eacute;e &agrave; l&#39;adresse suivan2, R&eacute;sidence Baimbridgt Appt. 212 97139 Les Abymes FRANCCe n&#39;est pas la bonne adresse de livraison ? Contactez-nous d&egrave;s que possibleQuelques informations sur votre nouvelle carte :&mdash; Elle peut d&eacute;j&agrave; &ecirc;tre utilis&eacute;e en ligne et en magasin avec Apple Pay ou Googl&mdash; Son code PIN et ses param&egrave;tres resteront inchang&mdash; Pour activer la carte d&egrave;s sa r&eacute;ception ainsi que le sans contact, vous devrez effectuer une premi&egrave;re transaction en saisissant votre codeAller &agrave; la section CartesPour plus de d&eacute;tails, vous pouvez consulter cet article&Agrave; bient&ocirc;L&rsquo;&eacute;quipe Qo Your business, powered up. Vous pouvez g&eacute;rer vos notifications dans les param&egrave;tres de votre compte &bull; Qonto (Olinda SAS), 18 rue de Navarin, 75009 Paris, FRANCE',NULL,NULL,NULL,NULL,NULL,0),(71,0,'supplier_invoice','invoice_supplier_send','',0,NULL,NULL,'2025-03-05 02:52:26','(SendingReminderEmailOnUnpaidSupplierInvoice)',100,'isModEnabled(\"supplier_invoice\")',1,'[__[MAIN_INFO_SOCIETE_NOM]__] - __(SupplierInvoice)__','0','__(Hello)__,<br /><br />__(SupplierInvoiceUnpaidContent)__<br />__URL_SUPPLIER_INVOICE__<br /><br />__(Sincerely)__<br />__USER_SIGNATURE__',NULL,NULL,NULL,NULL,NULL,0);

--
-- Table structure for table `llx_c_exp_tax_cat`
--

CREATE TABLE `llx_c_exp_tax_cat` (
  `rowid` int NOT NULL AUTO_INCREMENT,
  `label` varchar(128) CHARACTER SET utf8mb4 COLLATE utf8mb4_unicode_ci DEFAULT NULL,
  `entity` int NOT NULL DEFAULT '1',
  `active` int NOT NULL DEFAULT '1',
  PRIMARY KEY (`rowid`)
) ENGINE=InnoDB AUTO_INCREMENT=29 DEFAULT CHARSET=utf8mb4 COLLATE=utf8mb4_unicode_ci;

--
-- Dumping data for table `llx_c_exp_tax_cat`
--

INSERT INTO `llx_c_exp_tax_cat` (`rowid`, `label`, `entity`, `active`) VALUES (1,'ExpAutoCat',1,0),(2,'ExpCycloCat',1,0),(3,'ExpMotoCat',1,0),(4,'ExpAuto3CV',1,1),(5,'ExpAuto4CV',1,1),(6,'ExpAuto5CV',1,1),(7,'ExpAuto6CV',1,1),(8,'ExpAuto7CV',1,1),(9,'ExpAuto8CV',1,1),(10,'ExpAuto9CV',1,0),(11,'ExpAuto10CV',1,0),(12,'ExpAuto11CV',1,0),(13,'ExpAuto12CV',1,0),(14,'ExpAuto3PCV',1,0),(15,'ExpAuto4PCV',1,0),(16,'ExpAuto5PCV',1,0),(17,'ExpAuto6PCV',1,0),(18,'ExpAuto7PCV',1,0),(19,'ExpAuto8PCV',1,0),(20,'ExpAuto9PCV',1,0),(21,'ExpAuto10PCV',1,0),(22,'ExpAuto11PCV',1,0),(23,'ExpAuto12PCV',1,0),(24,'ExpAuto13PCV',1,0),(25,'ExpCyclo',1,0),(26,'ExpMoto12CV',1,0),(27,'ExpMoto345CV',1,0),(28,'ExpMoto5PCV',1,0);

--
-- Table structure for table `llx_c_exp_tax_range`
--

CREATE TABLE `llx_c_exp_tax_range` (
  `rowid` int NOT NULL AUTO_INCREMENT,
  `fk_c_exp_tax_cat` int NOT NULL DEFAULT '1',
  `range_ik` double NOT NULL DEFAULT '0',
  `entity` int NOT NULL DEFAULT '1',
  `active` int NOT NULL DEFAULT '1',
  PRIMARY KEY (`rowid`)
) ENGINE=InnoDB AUTO_INCREMENT=16 DEFAULT CHARSET=utf8mb4 COLLATE=utf8mb4_unicode_ci;

--
-- Dumping data for table `llx_c_exp_tax_range`
--

INSERT INTO `llx_c_exp_tax_range` (`rowid`, `fk_c_exp_tax_cat`, `range_ik`, `entity`, `active`) VALUES (1,4,0,1,1),(2,4,5000,1,1),(3,4,20000,1,1),(4,5,0,1,1),(5,5,5000,1,1),(6,5,20000,1,1),(7,6,0,1,1),(8,6,5000,1,1),(9,6,20000,1,1),(10,7,0,1,1),(11,7,5000,1,1),(12,7,20000,1,1),(13,8,0,1,1),(14,8,5000,1,1),(15,8,20000,1,1);

--
-- Table structure for table `llx_c_field_list`
--

CREATE TABLE `llx_c_field_list` (
  `rowid` int NOT NULL AUTO_INCREMENT,
  `tms` timestamp NOT NULL DEFAULT CURRENT_TIMESTAMP ON UPDATE CURRENT_TIMESTAMP,
  `element` varchar(64) CHARACTER SET utf8mb4 COLLATE utf8mb4_unicode_ci NOT NULL,
  `entity` int NOT NULL DEFAULT '1',
  `name` varchar(32) CHARACTER SET utf8mb4 COLLATE utf8mb4_unicode_ci NOT NULL,
  `alias` varchar(32) CHARACTER SET utf8mb4 COLLATE utf8mb4_unicode_ci NOT NULL,
  `title` varchar(32) CHARACTER SET utf8mb4 COLLATE utf8mb4_unicode_ci NOT NULL,
  `align` varchar(6) CHARACTER SET utf8mb4 COLLATE utf8mb4_unicode_ci DEFAULT 'left',
  `sort` tinyint NOT NULL DEFAULT '1',
  `search` tinyint NOT NULL DEFAULT '0',
  `visible` tinyint NOT NULL DEFAULT '1',
  `enabled` varchar(255) CHARACTER SET utf8mb4 COLLATE utf8mb4_unicode_ci DEFAULT '1',
  `rang` int DEFAULT '0',
  PRIMARY KEY (`rowid`)
) ENGINE=InnoDB DEFAULT CHARSET=utf8mb4 COLLATE=utf8mb4_unicode_ci;

--
-- Dumping data for table `llx_c_field_list`
--


--
-- Table structure for table `llx_c_format_cards`
--

CREATE TABLE `llx_c_format_cards` (
  `rowid` int NOT NULL AUTO_INCREMENT,
  `code` varchar(50) CHARACTER SET utf8mb4 COLLATE utf8mb4_unicode_ci NOT NULL,
  `name` varchar(50) CHARACTER SET utf8mb4 COLLATE utf8mb4_unicode_ci NOT NULL,
  `paper_size` varchar(20) CHARACTER SET utf8mb4 COLLATE utf8mb4_unicode_ci NOT NULL,
  `orientation` varchar(1) CHARACTER SET utf8mb4 COLLATE utf8mb4_unicode_ci NOT NULL,
  `metric` varchar(5) CHARACTER SET utf8mb4 COLLATE utf8mb4_unicode_ci NOT NULL,
  `leftmargin` double(24,8) NOT NULL,
  `topmargin` double(24,8) NOT NULL,
  `nx` int NOT NULL,
  `ny` int NOT NULL,
  `spacex` double(24,8) NOT NULL,
  `spacey` double(24,8) NOT NULL,
  `width` double(24,8) NOT NULL,
  `height` double(24,8) NOT NULL,
  `font_size` int NOT NULL,
  `custom_x` double(24,8) NOT NULL,
  `custom_y` double(24,8) NOT NULL,
  `active` int NOT NULL,
  PRIMARY KEY (`rowid`)
) ENGINE=InnoDB AUTO_INCREMENT=12 DEFAULT CHARSET=utf8mb4 COLLATE=utf8mb4_unicode_ci;

--
-- Dumping data for table `llx_c_format_cards`
--

INSERT INTO `llx_c_format_cards` (`rowid`, `code`, `name`, `paper_size`, `orientation`, `metric`, `leftmargin`, `topmargin`, `nx`, `ny`, `spacex`, `spacey`, `width`, `height`, `font_size`, `custom_x`, `custom_y`, `active`) VALUES (1,'5160','Avery-5160, WL-875WX','letter','P','mm',5.58165000,12.70000000,3,10,3.55600000,0.00000000,65.87490000,25.40000000,7,0.00000000,0.00000000,1),(2,'5161','Avery-5161, WL-75WX','letter','P','mm',4.44500000,12.70000000,2,10,3.96800000,0.00000000,101.60000000,25.40000000,7,0.00000000,0.00000000,1),(3,'5162','Avery-5162, WL-100WX','letter','P','mm',3.87350000,22.35200000,2,7,4.95400000,0.00000000,101.60000000,33.78100000,8,0.00000000,0.00000000,1),(4,'5163','Avery-5163, WL-125WX','letter','P','mm',4.57200000,12.70000000,2,5,3.55600000,0.00000000,101.60000000,50.80000000,10,0.00000000,0.00000000,1),(5,'5164','5164 (Letter)','letter','P','in',0.14800000,0.50000000,2,3,0.20310000,0.00000000,4.00000000,3.33000000,12,0.00000000,0.00000000,0),(6,'8600','Avery-8600','letter','P','mm',7.10000000,19.00000000,3,10,9.50000000,3.10000000,66.60000000,25.40000000,7,0.00000000,0.00000000,1),(7,'99012','DYMO 99012 89*36mm','custom','L','mm',1.00000000,1.00000000,1,1,0.00000000,0.00000000,36.00000000,89.00000000,10,36.00000000,89.00000000,1),(8,'99014','DYMO 99014 101*54mm','custom','L','mm',1.00000000,1.00000000,1,1,0.00000000,0.00000000,54.00000000,101.00000000,10,54.00000000,101.00000000,1),(9,'AVERYC32010','Avery-C32010','A4','P','mm',15.00000000,13.00000000,2,5,10.00000000,0.00000000,85.00000000,54.00000000,10,0.00000000,0.00000000,1),(10,'CARD','Dolibarr Business cards','A4','P','mm',15.00000000,15.00000000,2,5,0.00000000,0.00000000,85.00000000,54.00000000,10,0.00000000,0.00000000,1),(11,'L7163','Avery-L7163','A4','P','mm',5.00000000,15.00000000,2,7,2.50000000,0.00000000,99.10000000,38.10000000,8,0.00000000,0.00000000,1);

--
-- Table structure for table `llx_c_forme_juridique`
--

CREATE TABLE `llx_c_forme_juridique` (
  `rowid` int NOT NULL AUTO_INCREMENT,
  `code` int NOT NULL,
  `fk_pays` int NOT NULL,
  `libelle` varchar(255) CHARACTER SET utf8mb4 COLLATE utf8mb4_unicode_ci DEFAULT NULL,
  `isvatexempted` tinyint NOT NULL DEFAULT '0',
  `active` tinyint NOT NULL DEFAULT '1',
  `module` varchar(32) CHARACTER SET utf8mb4 COLLATE utf8mb4_unicode_ci DEFAULT NULL,
  `position` int NOT NULL DEFAULT '0',
  PRIMARY KEY (`rowid`),
  UNIQUE KEY `uk_c_forme_juridique` (`code`)
) ENGINE=InnoDB AUTO_INCREMENT=918 DEFAULT CHARSET=utf8mb4 COLLATE=utf8mb4_unicode_ci;

--
-- Dumping data for table `llx_c_forme_juridique`
--

INSERT INTO `llx_c_forme_juridique` (`rowid`, `code`, `fk_pays`, `libelle`, `isvatexempted`, `active`, `module`, `position`) VALUES (590,0,0,'-',0,1,NULL,0),(591,2301,23,'Monotributista',0,1,NULL,0),(592,2302,23,'Sociedad Civil',0,1,NULL,0),(593,2303,23,'Sociedades Comerciales',0,1,NULL,0),(594,2304,23,'Sociedades de Hecho',0,1,NULL,0),(595,2305,23,'Sociedades Irregulares',0,1,NULL,0),(596,2306,23,'Sociedad Colectiva',0,1,NULL,0),(597,2307,23,'Sociedad en Comandita Simple',0,1,NULL,0),(598,2308,23,'Sociedad de Capital e Industria',0,1,NULL,0),(599,2309,23,'Sociedad Accidental o en participación',0,1,NULL,0),(600,2310,23,'Sociedad de Responsabilidad Limitada',0,1,NULL,0),(601,2311,23,'Sociedad Anónima',0,1,NULL,0),(602,2312,23,'Sociedad Anónima con Participación Estatal Mayoritaria',0,1,NULL,0),(603,2313,23,'Sociedad en Comandita por Acciones (arts. 315 a 324, LSC)',0,1,NULL,0),(604,4100,41,'GmbH - Gesellschaft mit beschränkter Haftung',0,1,NULL,0),(605,4101,41,'GesmbH - Gesellschaft mit beschränkter Haftung',0,1,NULL,0),(606,4102,41,'AG - Aktiengesellschaft',0,1,NULL,0),(607,4103,41,'EWIV - Europäische wirtschaftliche Interessenvereinigung',0,1,NULL,0),(608,4104,41,'KEG - Kommanditerwerbsgesellschaft',0,1,NULL,0),(609,4105,41,'OEG - Offene Erwerbsgesellschaft',0,1,NULL,0),(610,4106,41,'OHG - Offene Handelsgesellschaft',0,1,NULL,0),(611,4107,41,'AG & Co KG - Kommanditgesellschaft',0,1,NULL,0),(612,4108,41,'GmbH & Co KG - Kommanditgesellschaft',0,1,NULL,0),(613,4109,41,'KG - Kommanditgesellschaft',0,1,NULL,0),(614,4110,41,'OG - Offene Gesellschaft',0,1,NULL,0),(615,4111,41,'GbR - Gesellschaft nach bürgerlichem Recht',0,1,NULL,0),(616,4112,41,'GesbR - Gesellschaft nach bürgerlichem Recht',0,1,NULL,0),(617,4113,41,'GesnbR - Gesellschaft nach bürgerlichem Recht',0,1,NULL,0),(618,4114,41,'e.U. - eingetragener Einzelunternehmer',0,1,NULL,0),(619,200,2,'Indépendant',0,1,NULL,0),(620,201,2,'SRL - Société à responsabilité limitée',0,1,NULL,0),(621,202,2,'SA   - Société Anonyme',0,1,NULL,0),(622,203,2,'SCRL - Société coopérative à responsabilité limitée',0,1,NULL,0),(623,204,2,'ASBL - Association sans but Lucratif',0,1,NULL,0),(624,205,2,'SCRI - Société coopérative à responsabilité illimitée',0,1,NULL,0),(625,206,2,'SCS  - Société en commandite simple',0,1,NULL,0),(626,207,2,'SCA  - Société en commandite par action',0,1,NULL,0),(627,208,2,'SNC  - Société en nom collectif',0,1,NULL,0),(628,209,2,'GIE  - Groupement d intérêt économique',0,1,NULL,0),(629,210,2,'GEIE - Groupement européen d intérêt économique',0,1,NULL,0),(630,220,2,'Eenmanszaak',0,1,NULL,0),(631,221,2,'BVBA - Besloten vennootschap met beperkte aansprakelijkheid',0,1,NULL,0),(632,222,2,'NV   - Naamloze Vennootschap',0,1,NULL,0),(633,223,2,'CVBA - Coöperatieve vennootschap met beperkte aansprakelijkheid',0,1,NULL,0),(634,224,2,'VZW  - Vereniging zonder winstoogmerk',0,1,NULL,0),(635,225,2,'CVOA - Coöperatieve vennootschap met onbeperkte aansprakelijkheid ',0,1,NULL,0),(636,226,2,'GCV  - Gewone commanditaire vennootschap',0,1,NULL,0),(637,227,2,'Comm.VA - Commanditaire vennootschap op aandelen',0,1,NULL,0),(638,228,2,'VOF  - Vennootschap onder firma',0,1,NULL,0),(639,229,2,'VS0  - Vennootschap met sociaal oogmerk',0,1,NULL,0),(640,9,1,'Organisme de placement collectif en valeurs mobilières sans personnalité morale',0,1,NULL,0),(641,10,1,'Entrepreneur individuel',0,1,NULL,0),(642,21,1,'Indivision',0,1,NULL,0),(643,22,1,'Société créée de fait',0,1,NULL,0),(644,23,1,'Société en participation',0,1,NULL,0),(645,24,1,'Fiducie',0,1,NULL,0),(646,27,1,'Paroisse hors zone concordataire',0,1,NULL,0),(647,28,1,'Assujetti unique à la TVA',0,1,NULL,0),(648,29,1,'Autre groupement de droit privé non doté de la personnalité morale',0,1,NULL,0),(649,31,1,'Personne morale de droit étranger, immatriculée au RCS',0,1,NULL,0),(650,32,1,'Personne morale de droit étranger, non immatriculée au RCS',0,1,NULL,0),(651,41,1,'Etablissement public ou régie à caractère industriel ou commercial',0,1,NULL,0),(652,51,1,'Société coopérative commerciale particulière',0,1,NULL,0),(653,52,1,'Société en nom collectif',0,1,NULL,0),(654,53,1,'Société en commandite',0,1,NULL,0),(655,54,1,'Société à responsabilité limitée (SARL)',0,1,NULL,0),(656,55,1,'Société anonyme à conseil d\'administration',0,1,NULL,0),(657,56,1,'Société anonyme à directoire',0,1,NULL,0),(658,57,1,'Société par actions simplifiée (SAS)',0,1,NULL,0),(659,58,1,'Société européenne',0,1,NULL,0),(660,61,1,'Caisse d\'épargne et de prévoyance',0,1,NULL,0),(661,62,1,'Groupement d\'intérêt économique (GIE)',0,1,NULL,0),(662,63,1,'Société coopérative agricole',0,1,NULL,0),(663,64,1,'Société d\'assurance mutuelle',0,1,NULL,0),(664,65,1,'Société civile',0,1,NULL,0),(665,66,1,'Société publiques locales',0,1,NULL,0),(666,69,1,'Autre personne morale de droit privé inscrite au RCS',0,1,NULL,0),(667,71,1,'Administration de l état',0,1,NULL,0),(668,72,1,'Collectivité territoriale',0,1,NULL,0),(669,73,1,'Etablissement public administratif',0,1,NULL,0),(670,74,1,'Personne morale de droit public administratif',0,1,NULL,0),(671,81,1,'Organisme gérant régime de protection social à adhésion obligatoire',0,1,NULL,0),(672,82,1,'Organisme mutualiste',0,1,NULL,0),(673,83,1,'Comité d entreprise',0,1,NULL,0),(674,84,1,'Organisme professionnel',0,1,NULL,0),(675,85,1,'Organisme de retraite à adhésion non obligatoire',0,1,NULL,0),(676,91,1,'Syndicat de propriétaires',0,1,NULL,0),(677,92,1,'Association loi 1901 ou assimilé',0,1,NULL,0),(678,93,1,'Fondation',0,1,NULL,0),(679,99,1,'Autre personne morale de droit privé',0,1,NULL,0),(680,500,5,'GmbH - Gesellschaft mit beschränkter Haftung',0,1,NULL,0),(681,501,5,'AG - Aktiengesellschaft ',0,1,NULL,0),(682,502,5,'GmbH&Co. KG - Gesellschaft mit beschränkter Haftung & Compagnie Kommanditgesellschaft',0,1,NULL,0),(683,503,5,'Gewerbe - Personengesellschaft',0,1,NULL,0),(684,504,5,'UG - Unternehmergesellschaft -haftungsbeschränkt-',0,1,NULL,0),(685,505,5,'GbR - Gesellschaft des bürgerlichen Rechts',0,1,NULL,0),(686,506,5,'KG - Kommanditgesellschaft',0,1,NULL,0),(687,507,5,'Ltd. - Limited Company',0,1,NULL,0),(688,508,5,'OHG - Offene Handelsgesellschaft',0,1,NULL,0),(689,509,5,'eG - eingetragene Genossenschaft',0,1,NULL,0),(690,510,5,'e.V. - eingetragener Verein',0,1,NULL,0),(691,8001,80,'Aktieselvskab A/S',0,1,NULL,0),(692,8002,80,'Anparts Selvskab ApS',0,1,NULL,0),(693,8003,80,'Personlig ejet selvskab',0,1,NULL,0),(694,8004,80,'Iværksætterselvskab IVS',0,1,NULL,0),(695,8005,80,'Interessentskab I/S',0,1,NULL,0),(696,8006,80,'Holdingselskab',0,1,NULL,0),(697,8007,80,'Selskab Med Begrænset Hæftelse SMBA',0,1,NULL,0),(698,8008,80,'Kommanditselskab K/S',0,1,NULL,0),(699,8009,80,'SPE-selskab',0,1,NULL,0),(700,8010,80,'Forening med begrænset ansvar (f.m.b.a.)',0,1,NULL,0),(701,8011,80,'Frivillig forening',0,1,NULL,0),(702,8012,80,'Almindelig forening',0,1,NULL,0),(703,8013,80,'Andelsboligforening',0,1,NULL,0),(704,8014,80,'Særlig forening',0,1,NULL,0),(705,10201,102,'Ατομική επιχείρηση',0,1,NULL,0),(706,10202,102,'Εταιρική  επιχείρηση',0,1,NULL,0),(707,10203,102,'Ομόρρυθμη Εταιρεία Ο.Ε',0,1,NULL,0),(708,10204,102,'Ετερόρρυθμη Εταιρεία Ε.Ε',0,1,NULL,0),(709,10205,102,'Εταιρεία Περιορισμένης Ευθύνης Ε.Π.Ε',0,1,NULL,0),(710,10206,102,'Ανώνυμη Εταιρεία Α.Ε',0,1,NULL,0),(711,10207,102,'Ανώνυμη ναυτιλιακή εταιρεία Α.Ν.Ε',0,1,NULL,0),(712,10208,102,'Συνεταιρισμός',0,1,NULL,0),(713,10209,102,'Συμπλοιοκτησία',0,1,NULL,0),(714,301,3,'Società semplice',0,1,NULL,0),(715,302,3,'Società in nome collettivo s.n.c.',0,1,NULL,0),(716,303,3,'Società in accomandita semplice s.a.s.',0,1,NULL,0),(717,304,3,'Società per azioni s.p.a.',0,1,NULL,0),(718,305,3,'Società a responsabilità limitata s.r.l.',0,1,NULL,0),(719,306,3,'Società in accomandita per azioni s.a.p.a.',0,1,NULL,0),(720,307,3,'Società cooperativa a r.l.',0,1,NULL,0),(721,308,3,'Società consortile',0,1,NULL,0),(722,309,3,'Società europea',0,1,NULL,0),(723,310,3,'Società cooperativa europea',0,1,NULL,0),(724,311,3,'Società unipersonale',0,1,NULL,0),(725,312,3,'Società di professionisti',0,1,NULL,0),(726,313,3,'Società di fatto',0,1,NULL,0),(727,315,3,'Società apparente',0,1,NULL,0),(728,316,3,'Impresa individuale ',0,1,NULL,0),(729,317,3,'Impresa coniugale',0,1,NULL,0),(730,318,3,'Impresa familiare',0,1,NULL,0),(731,319,3,'Consorzio cooperativo',0,1,NULL,0),(732,320,3,'Società cooperativa sociale',0,1,NULL,0),(733,321,3,'Società cooperativa di consumo',0,1,NULL,0),(734,322,3,'Società cooperativa agricola',0,1,NULL,0),(735,323,3,'A.T.I. Associazione temporanea di imprese',0,1,NULL,0),(736,324,3,'R.T.I. Raggruppamento temporaneo di imprese',0,1,NULL,0),(737,325,3,'Studio associato',0,1,NULL,0),(738,600,6,'Raison Individuelle',0,1,NULL,0),(739,601,6,'Société Simple',0,1,NULL,0),(740,602,6,'Société en nom collectif',0,1,NULL,0),(741,603,6,'Société en commandite',0,1,NULL,0),(742,604,6,'Société anonyme (SA)',0,1,NULL,0),(743,605,6,'Société en commandite par actions',0,1,NULL,0),(744,606,6,'Société à responsabilité limitée (SARL)',0,1,NULL,0),(745,607,6,'Société coopérative',0,1,NULL,0),(746,608,6,'Association',0,1,NULL,0),(747,609,6,'Fondation',0,1,NULL,0),(748,700,7,'Sole Trader',0,1,NULL,0),(749,701,7,'Partnership',0,1,NULL,0),(750,702,7,'Private Limited Company by shares (LTD)',0,1,NULL,0),(751,703,7,'Public Limited Company',0,1,NULL,0),(752,704,7,'Workers Cooperative',0,1,NULL,0),(753,705,7,'Limited Liability Partnership',0,1,NULL,0),(754,706,7,'Franchise',0,1,NULL,0),(755,1000,10,'Société à responsabilité limitée (SARL)',0,1,NULL,0),(756,1001,10,'Société en Nom Collectif (SNC)',0,1,NULL,0),(757,1002,10,'Société en Commandite Simple (SCS)',0,1,NULL,0),(758,1003,10,'société en participation',0,1,NULL,0),(759,1004,10,'Société Anonyme (SA)',0,1,NULL,0),(760,1005,10,'Société Unipersonnelle à Responsabilité Limitée (SUARL)',0,1,NULL,0),(761,1006,10,'Groupement d\'intérêt économique (GEI)',0,1,NULL,0),(762,1007,10,'Groupe de sociétés',0,1,NULL,0),(763,1701,17,'Eenmanszaak',0,1,NULL,0),(764,1702,17,'Maatschap',0,1,NULL,0),(765,1703,17,'Vennootschap onder firma',0,1,NULL,0),(766,1704,17,'Commanditaire vennootschap',0,1,NULL,0),(767,1705,17,'Besloten vennootschap (BV)',0,1,NULL,0),(768,1706,17,'Naamloze Vennootschap (NV)',0,1,NULL,0),(769,1707,17,'Vereniging',0,1,NULL,0),(770,1708,17,'Stichting',0,1,NULL,0),(771,1709,17,'Coöperatie met beperkte aansprakelijkheid (BA)',0,1,NULL,0),(772,1710,17,'Coöperatie met uitgesloten aansprakelijkheid (UA)',0,1,NULL,0),(773,1711,17,'Coöperatie met wettelijke aansprakelijkheid (WA)',0,1,NULL,0),(774,1712,17,'Onderlinge waarborgmaatschappij',0,1,NULL,0),(775,401,4,'Empresario Individual',0,1,NULL,0),(776,402,4,'Comunidad de Bienes',0,1,NULL,0),(777,403,4,'Sociedad Civil',0,1,NULL,0),(778,404,4,'Sociedad Colectiva',0,1,NULL,0),(779,405,4,'Sociedad Limitada',0,1,NULL,0),(780,406,4,'Sociedad Anónima',0,1,NULL,0),(781,407,4,'Sociedad Comanditaria por Acciones',0,1,NULL,0),(782,408,4,'Sociedad Comanditaria Simple',0,1,NULL,0),(783,409,4,'Sociedad Laboral',0,1,NULL,0),(784,410,4,'Sociedad Cooperativa',0,1,NULL,0),(785,411,4,'Sociedad de Garantía Recíproca',0,1,NULL,0),(786,412,4,'Entidad de Capital-Riesgo',0,1,NULL,0),(787,413,4,'Agrupación de Interés Económico',0,1,NULL,0),(788,414,4,'Sociedad de Inversión Mobiliaria',0,1,NULL,0),(789,415,4,'Agrupación sin Ánimo de Lucro',0,1,NULL,0),(790,15201,152,'Mauritius Private Company Limited By Shares',0,1,NULL,0),(791,15202,152,'Mauritius Company Limited By Guarantee',0,1,NULL,0),(792,15203,152,'Mauritius Public Company Limited By Shares',0,1,NULL,0),(793,15204,152,'Mauritius Foreign Company',0,1,NULL,0),(794,15205,152,'Mauritius GBC1 (Offshore Company)',0,1,NULL,0),(795,15206,152,'Mauritius GBC2 (International Company)',0,1,NULL,0),(796,15207,152,'Mauritius General Partnership',0,1,NULL,0),(797,15208,152,'Mauritius Limited Partnership',0,1,NULL,0),(798,15209,152,'Mauritius Sole Proprietorship',0,1,NULL,0),(799,15210,152,'Mauritius Trusts',0,1,NULL,0),(800,15401,154,'601 - General de Ley Personas Morales',0,1,NULL,0),(801,15402,154,'603 - Personas Morales con Fines no Lucrativos',0,1,NULL,0),(802,15403,154,'605 - Sueldos y Salarios e Ingresos Asimilados a Salarios',0,1,NULL,0),(803,15404,154,'606 - Arrendamiento',0,1,NULL,0),(804,15405,154,'607 - Régimen de Enajenación o Adquisición de Bienes',0,1,NULL,0),(805,15406,154,'608 - Demás ingresos',0,1,NULL,0),(806,15407,154,'610 - Residentes en el Extranjero sin Establecimiento Permanente en México',0,1,NULL,0),(807,15408,154,'611 - Ingresos por Dividendos (socios y accionistas)',0,1,NULL,0),(808,15409,154,'612 - Personas Físicas con Actividades Empresariales y Profesionales',0,1,NULL,0),(809,15410,154,'614 - Ingresos por intereses',0,1,NULL,0),(810,15411,154,'615 - Régimen de los ingresos por obtención de premios',0,1,NULL,0),(811,15412,154,'616 - Sin obligaciones fiscales',0,1,NULL,0),(812,15413,154,'620 - Sociedades Cooperativas de Producción que optan por diferir sus ingresos',0,1,NULL,0),(813,15414,154,'621 - Incorporación Fiscal',0,1,NULL,0),(814,15415,154,'622 - Actividades Agrícolas, Ganaderas, Silvícolas y Pesqueras',0,1,NULL,0),(815,15416,154,'623 - Opcional para Grupos de Sociedades',0,1,NULL,0),(816,15417,154,'624 - Coordinados',0,1,NULL,0),(817,15418,154,'625 - Régimen de las Actividades Empresariales con ingresos a través de Plataformas Tecnológicas',0,1,NULL,0),(818,15419,154,'626 - Régimen Simplificado de Confianza',0,1,NULL,0),(819,14001,140,'Entreprise individuelle',0,1,NULL,0),(820,14002,140,'Société en nom collectif (SENC)',0,1,NULL,0),(821,14003,140,'Société en commandite simple (SECS)',0,1,NULL,0),(822,14004,140,'Société en commandite par actions (SECA)',0,1,NULL,0),(823,14005,140,'Société à responsabilité limitée (SARL)',0,1,NULL,0),(824,14006,140,'Société anonyme (SA)',0,1,NULL,0),(825,14007,140,'Société coopérative (SC)',0,1,NULL,0),(826,14008,140,'Société européenne (SE)',0,1,NULL,0),(827,14009,140,'Société à responsabilité limitée simplifiée (SARL-S)',0,1,NULL,0),(828,18801,188,'AFJ - Alte forme juridice',0,1,NULL,0),(829,18802,188,'ASF - Asociatie familialã',0,1,NULL,0),(830,18803,188,'CON - Concesiune',0,1,NULL,0),(831,18804,188,'CRL - Soc civilã profesionala cu pers. juridica si rãspundere limitata (SPRL)',0,1,NULL,0),(832,18805,188,'INC - Închiriere',0,1,NULL,0),(833,18806,188,'LOC - Locaţie de gestiune',0,1,NULL,0),(834,18807,188,'OC1 - Organizaţie cooperatistã meşteşugãreascã',0,1,NULL,0),(835,18808,188,'OC2 - Organizaţie cooperatistã de consum',0,1,NULL,0),(836,18809,188,'OC3 - Organizaţie cooperatistã de credit',0,1,NULL,0),(837,18810,188,'PFA - Persoanã fizicã independentã',0,1,NULL,0),(838,18811,188,'RA - Regie autonomã',0,1,NULL,0),(839,18812,188,'SA - Societate comercialã pe acţiuni',0,1,NULL,0),(840,18813,188,'SCS - Societate comercialã în comanditã simplã',0,1,NULL,0),(841,18814,188,'SNC - Societate comercialã în nume colectiv',0,1,NULL,0),(842,18815,188,'SPI - Societate profesionala practicieni in insolventa (SPPI)',0,1,NULL,0),(843,18816,188,'SRL - Societate comercialã cu rãspundere limitatã',0,1,NULL,0),(844,18817,188,'URL - Intreprindere profesionala unipersonala cu rãspundere limitata (IPURL)',0,1,NULL,0),(845,17801,178,'Empresa individual',0,1,NULL,0),(846,17802,178,'Asociación General',0,1,NULL,0),(847,17803,178,'Sociedad de Responsabilidad Limitada',0,1,NULL,0),(848,17804,178,'Sociedad Civil',0,1,NULL,0),(849,17805,178,'Sociedad Anónima',0,1,NULL,0),(850,1300,13,'Personne physique',0,1,NULL,0),(851,1301,13,'Société à responsabilité limitée (SARL)',0,1,NULL,0),(852,1302,13,'Entreprise unipersonnelle à responsabilité limitée (EURL)',0,1,NULL,0),(853,1303,13,'Société en Nom Collectif (SNC)',0,1,NULL,0),(854,1304,13,'société par actions (SPA)',0,1,NULL,0),(855,1305,13,'Société en Commandite Simple (SCS)',0,1,NULL,0),(856,1306,13,'Société en commandite par actions (SCA)',0,1,NULL,0),(857,1307,13,'Société en participation',0,1,NULL,0),(858,1308,13,'Groupe de sociétés',0,1,NULL,0),(859,2001,20,'Aktiebolag',0,1,NULL,0),(860,2002,20,'Publikt aktiebolag (AB publ)',0,1,NULL,0),(861,2003,20,'Ekonomisk förening (ek. för.)',0,1,NULL,0),(862,2004,20,'Bostadsrättsförening (BRF)',0,1,NULL,0),(863,2005,20,'Hyresrättsförening (HRF)',0,1,NULL,0),(864,2006,20,'Kooperativ',0,1,NULL,0),(865,2007,20,'Enskild firma (EF)',0,1,NULL,0),(866,2008,20,'Handelsbolag (HB)',0,1,NULL,0),(867,2009,20,'Kommanditbolag (KB)',0,1,NULL,0),(868,2010,20,'Enkelt bolag',0,1,NULL,0),(869,2011,20,'Ideell förening',0,1,NULL,0),(870,2012,20,'Stiftelse',0,1,NULL,0),(871,6100,61,'Indépendant - Personne physique',0,1,NULL,0),(872,6101,61,'Société Unipersonnelle',0,1,NULL,0),(873,6102,61,'Société de personne à responsabilité limité (SPRL)',0,1,NULL,0),(874,6103,61,'Société anonyme (SA)',0,1,NULL,0),(875,6104,61,'Société coopérative',0,1,NULL,0),(876,7601,76,'Društvo s ograničenom odgovornošću (d.o.o.)',0,1,NULL,0),(877,7602,76,'Jednostavno društvo s ograničenom odgovornošću (j.d.o.o.)',0,1,NULL,0),(878,7603,76,'Dioničko društvo (d.d.)',0,1,NULL,0),(879,7604,76,'Obrt',0,1,NULL,0),(880,7605,76,'Javno trgovačko društvo (j.t.d.)',0,1,NULL,0),(881,7606,76,'Komanditno društvo (k.d.)',0,1,NULL,0),(882,7607,76,'Gospodarsko interesno udruženje (GIU)',0,1,NULL,0),(883,7608,76,'Predstavništvo',0,1,NULL,0),(884,7609,76,'Državno tijelo',0,1,NULL,0),(885,7610,76,'Kućna radinost',0,1,NULL,0),(886,7611,76,'Sporedno zanimanje',0,1,NULL,0),(887,12301,123,'株式会社',0,1,NULL,0),(888,12302,123,'有限会社',0,1,NULL,0),(889,12303,123,'合資会社',0,1,NULL,0),(890,12304,123,'合名会社',0,1,NULL,0),(891,12305,123,'相互会社',0,1,NULL,0),(892,12306,123,'医療法人',0,1,NULL,0),(893,12307,123,'財団法人',0,1,NULL,0),(894,12308,123,'社団法人',0,1,NULL,0),(895,12309,123,'社会福祉法人',0,1,NULL,0),(896,12310,123,'学校法人',0,1,NULL,0),(897,12311,123,'特定非営利活動法人',0,1,NULL,0),(898,12312,123,'ＮＰＯ法人',0,1,NULL,0),(899,12313,123,'商工組合',0,1,NULL,0),(900,12314,123,'林業組合',0,1,NULL,0),(901,12315,123,'同業組合',0,1,NULL,0),(902,12316,123,'農業協同組合',0,1,NULL,0),(903,12317,123,'漁業協同組合',0,1,NULL,0),(904,12318,123,'農事組合法人',0,1,NULL,0),(905,12319,123,'生活互助会',0,1,NULL,0),(906,12320,123,'協業組合',0,1,NULL,0),(907,12321,123,'協同組合',0,1,NULL,0),(908,12322,123,'生活協同組合',0,1,NULL,0),(909,12323,123,'連合会',0,1,NULL,0),(910,12324,123,'組合連合会',0,1,NULL,0),(911,12325,123,'協同組合連合会',0,1,NULL,0),(912,12329,123,'一般社団法人',0,1,NULL,0),(913,12330,123,'公益社団法人',0,1,NULL,0),(914,12331,123,'一般財団法人',0,1,NULL,0),(915,12332,123,'公益財団法人',0,1,NULL,0),(916,12333,123,'合同会社',0,1,NULL,0),(917,12399,123,'個人又はその他の法人',0,1,NULL,0);

--
-- Table structure for table `llx_c_holiday_types`
--

CREATE TABLE `llx_c_holiday_types` (
  `rowid` int NOT NULL AUTO_INCREMENT,
  `entity` int NOT NULL DEFAULT '1',
  `code` varchar(16) CHARACTER SET utf8mb4 COLLATE utf8mb4_unicode_ci NOT NULL,
  `label` varchar(255) CHARACTER SET utf8mb4 COLLATE utf8mb4_unicode_ci NOT NULL,
  `affect` int NOT NULL,
  `delay` int NOT NULL,
  `newbymonth` double(8,5) NOT NULL DEFAULT '0.00000',
  `fk_country` int DEFAULT NULL,
  `block_if_negative` int NOT NULL DEFAULT '0',
  `active` int DEFAULT '1',
  `sortorder` smallint DEFAULT NULL,
  PRIMARY KEY (`rowid`),
  UNIQUE KEY `uk_c_holiday_types` (`entity`,`code`)
) ENGINE=InnoDB AUTO_INCREMENT=261 DEFAULT CHARSET=utf8mb4 COLLATE=utf8mb4_unicode_ci;

--
-- Dumping data for table `llx_c_holiday_types`
--

INSERT INTO `llx_c_holiday_types` (`rowid`, `entity`, `code`, `label`, `affect`, `delay`, `newbymonth`, `fk_country`, `block_if_negative`, `active`, `sortorder`) VALUES (1,1,'LEAVE_SICK','Sick leave',0,0,0.00000,NULL,0,1,NULL),(2,1,'LEAVE_OTHER','Other leave',0,0,0.00000,NULL,0,1,NULL),(3,1,'LEAVE_PAID','Paid vacation',1,7,0.00000,NULL,0,0,NULL),(4,1,'LEAVE_RTT_FR','RTT',1,7,0.83000,1,0,1,NULL),(5,1,'LEAVE_PAID_FR','Paid vacation',1,30,2.08334,1,0,1,NULL),(11,1,'5D1Y','Κανονική άδεια(Πενθήμερο 1ο έτος)',1,0,1.66700,102,0,1,6),(12,1,'5D2Y','Κανονική άδεια(Πενθήμερο 2ο έτος)',1,0,1.75000,102,0,1,7),(13,1,'5D3-10Y','Κανονική άδεια(Πενθήμερο 3ο έως 10ο έτος)',1,0,1.83300,102,0,1,8),(14,1,'5D10-25Y','Κανονική άδεια(Πενθήμερο 10ο έως 25ο έτος)',1,0,2.08300,102,0,1,9),(15,1,'5D25+Y','Κανονική άδεια(Πενθήμερο 25+ έτη)',1,0,2.16600,102,0,1,10),(16,1,'6D1Y','Κανονική άδεια(Εξαήμερο 1ο έτος)',1,0,2.00000,102,0,1,11),(17,1,'6D2Y','Κανονική άδεια(Εξαήμερο 2ο έτος)',1,0,2.08300,102,0,1,12),(18,1,'6D3-10Y','Κανονική άδεια(Εξαήμερο 3ο έως 10ο έτος)',1,0,2.16600,102,0,1,13),(19,1,'6D10-25Y','Κανονική άδεια(Εξαήμερο 10ο έως 25ο έτος)',1,0,2.08300,102,0,1,14),(20,1,'6D25+Y','Κανονική άδεια(Εξαήμερο 25+ έτη)',1,0,2.16600,102,0,1,15),(21,1,'5D-WED','Πενθήμερη άδεια γάμου(με αποδοχές)',0,0,0.00000,102,0,0,16),(22,1,'6D-WED','Εξαήμερη άδεια γάμου(με αποδοχές)',0,0,0.00000,102,0,0,17),(23,1,'7D-AR','Επταήμερη άδεια ιατρικώς υποβοηθούμενης αναπαραγωγής(με αποδοχές)',0,0,0.00000,102,0,0,18),(24,1,'1D-BC','Μονοήμερη άδεια προγεννητικών εξετάσεων(με αποδοχές)',0,0,0.00000,102,0,0,19),(25,1,'1D-GYN','Μονοήμερη άδεια γυναικολογικού ελέγχου(με αποδοχές)',0,0,0.00000,102,0,0,20),(26,1,'149D-ML','Άδεια Μητρότητας (Άδεια κύησης – λοχείας)56 ημέρες πριν-93 ημέρες μετα(με αποδοχές)',0,0,0.00000,102,0,0,21),(27,1,'14D-PL','14ήμερη Άδεια πατρότητας(με αποδοχές)',0,0,0.00000,102,0,0,22),(28,1,'1-2H-CC','Άδεια φροντίδας παιδιών (μειωμένο ωράριο  https://www.kepea.gr/aarticle.php?id=1984)',0,0,0.00000,102,0,0,23),(29,1,'9M-M','Ειδική άδεια προστασίας μητρότητας 9 μηνών(χωρίς αποδοχές)',0,0,0.00000,102,0,0,24),(30,1,'4M-M','Τετράμηνη γονική Άδεια Ανατροφής Τέκνων(χωρίς αποδοχές)',0,0,0.00000,102,0,0,25),(31,1,'6-8D-SP','Εξαήμερη ή Οκταήμερη Άδεια για μονογονεϊκές οικογένειες(με αποδοχές)',0,0,0.00000,102,0,0,26),(32,1,'6-8-14D-FC','Άδεια για ασθένεια μελών οικογένειας(χωρίς αποδοχές, 6 ημέρες/έτος ένα παιδί - 8 ημέρες/έτος δύο παιδιά και σε 14 ημέρες/έτος τρία (3) παιδιά και πάνω',0,0,0.00000,102,0,0,27),(33,1,'10D-CD','Δεκαήμερη Γονική Άδεια για παιδί με σοβαρά νοσήματα και λόγω νοσηλείας παιδιών(με αποδοχές)',0,0,0.00000,102,0,0,28),(34,1,'30D-CD','Άδεια λόγω νοσηλείας των παιδιών(έως 30 ημέρες/έτος χωρίς αποδοχές)',0,0,0.00000,102,0,0,29),(35,1,'5D-CG','Άδεια φροντιστή(έως 5 ημέρες/έτος χωρίς αποδοχές)',0,0,0.00000,102,0,0,30),(36,1,'2D-CG','Άδεια απουσίας από την εργασία για λόγους ανωτέρας βίας(έως 2 ημέρες/έτος με αποδοχές)',0,0,0.00000,102,0,0,31),(37,1,'2D-SC','Άδεια για παρακολούθηση σχολικής επίδοσης(έως 2 ημέρες/έτος με αποδοχές)',0,0,0.00000,102,0,0,32),(38,1,'1D-BD','Μονοήμερη άδεια αιμοδοσίας(με αποδοχές)',0,0,0.00000,102,0,0,33),(39,1,'22D-BT','Άδεια για μετάγγιση αίματος & αιμοκάθαρση(έως 22 ημέρες/έτος με αποδοχές)',0,0,0.00000,102,0,0,34),(40,1,'30D-HIV','Άδεια λόγω AIDS(έως ένα (1) μήνα/έτος με αποδοχές)',0,0,0.00000,102,0,0,35),(41,1,'20D-CD','Άδεια πενθούντων γονέων(20 ημέρες με αποδοχές)',0,0,0.00000,102,0,0,36),(42,1,'2D-FD','Άδεια λόγω θανάτου συγγενούς(2 ημέρες με αποδοχές)',0,0,0.00000,102,0,0,37),(43,1,'DIS','Άδειες αναπήρων(30 ημέρες με αποδοχές)',0,0,0.00000,102,0,0,38),(44,1,'SE','Άδεια εξετάσεων μαθητών, σπουδαστών, φοιτητών(30 ημέρες χωρίς αποδοχές)',0,0,0.00000,102,0,0,39),(45,1,'NOT PAID','Άδεια άνευ αποδοχών(έως ένα (1) έτος)',0,0,0.00000,102,0,0,40);

--
-- Table structure for table `llx_c_hrm_department`
--

CREATE TABLE `llx_c_hrm_department` (
  `rowid` int NOT NULL,
  `pos` tinyint NOT NULL DEFAULT '0',
  `code` varchar(16) CHARACTER SET utf8mb4 COLLATE utf8mb4_unicode_ci NOT NULL,
  `label` varchar(128) CHARACTER SET utf8mb4 COLLATE utf8mb4_unicode_ci DEFAULT NULL,
  `active` tinyint NOT NULL DEFAULT '1',
  PRIMARY KEY (`rowid`)
) ENGINE=InnoDB DEFAULT CHARSET=utf8mb4 COLLATE=utf8mb4_unicode_ci;

--
-- Dumping data for table `llx_c_hrm_department`
--

INSERT INTO `llx_c_hrm_department` (`rowid`, `pos`, `code`, `label`, `active`) VALUES (1,5,'MANAGEMENT','Management',1),(3,15,'TRAINING','Training',1),(4,20,'IT','Inform. Technology (IT)',0),(5,25,'MARKETING','Marketing',0),(6,30,'SALES','Sales',1),(7,35,'LEGAL','Legal',0),(8,40,'FINANCIAL','Financial accounting',1),(9,45,'HUMANRES','Human resources',1),(10,50,'PURCHASING','Purchasing',1),(12,60,'CUSTOMSERV','Customer service',0),(14,70,'LOGISTIC','Logistics',1),(15,75,'CONSTRUCT','Engineering/design',0),(16,80,'PRODUCTION','Production',1),(17,85,'QUALITY','Quality assurance',0);

--
-- Table structure for table `llx_c_hrm_function`
--

CREATE TABLE `llx_c_hrm_function` (
  `rowid` int NOT NULL,
  `pos` tinyint NOT NULL DEFAULT '0',
  `code` varchar(16) CHARACTER SET utf8mb4 COLLATE utf8mb4_unicode_ci NOT NULL,
  `label` varchar(128) CHARACTER SET utf8mb4 COLLATE utf8mb4_unicode_ci DEFAULT NULL,
  `c_level` tinyint NOT NULL DEFAULT '0',
  `active` tinyint NOT NULL DEFAULT '1',
  PRIMARY KEY (`rowid`)
) ENGINE=InnoDB DEFAULT CHARSET=utf8mb4 COLLATE=utf8mb4_unicode_ci;

--
-- Dumping data for table `llx_c_hrm_function`
--

INSERT INTO `llx_c_hrm_function` (`rowid`, `pos`, `code`, `label`, `c_level`, `active`) VALUES (1,5,'EXECBOARD','Executive board',0,1),(2,10,'MANAGDIR','Managing director',1,1),(3,15,'ACCOUNTMANAG','Account manager',0,1),(4,20,'ENGAGDIR','Engagement director',1,1),(5,25,'DIRECTOR','Director',1,1),(6,30,'PROJMANAG','Project manager',0,1),(7,35,'DEPHEAD','Department head',0,1),(8,40,'SECRETAR','Secretary',0,1),(9,45,'EMPLOYEE','Department employee',0,1);

--
-- Table structure for table `llx_c_hrm_public_holiday`
--

CREATE TABLE `llx_c_hrm_public_holiday` (
  `id` int NOT NULL AUTO_INCREMENT,
  `entity` int NOT NULL DEFAULT '1',
  `fk_country` int DEFAULT NULL,
  `code` varchar(62) CHARACTER SET utf8mb4 COLLATE utf8mb4_unicode_ci DEFAULT NULL,
  `dayrule` varchar(64) CHARACTER SET utf8mb4 COLLATE utf8mb4_unicode_ci DEFAULT '',
  `day` int DEFAULT NULL,
  `month` int DEFAULT NULL,
  `year` int DEFAULT NULL,
  `active` int DEFAULT '1',
  `import_key` varchar(14) CHARACTER SET utf8mb4 COLLATE utf8mb4_unicode_ci DEFAULT NULL,
  PRIMARY KEY (`id`),
  UNIQUE KEY `uk_c_hrm_public_holiday` (`entity`,`code`),
  UNIQUE KEY `uk_c_hrm_public_holiday2` (`entity`,`fk_country`,`dayrule`,`day`,`month`,`year`)
) ENGINE=InnoDB AUTO_INCREMENT=156 DEFAULT CHARSET=utf8mb4 COLLATE=utf8mb4_unicode_ci;

--
-- Dumping data for table `llx_c_hrm_public_holiday`
--

INSERT INTO `llx_c_hrm_public_holiday` (`id`, `entity`, `fk_country`, `code`, `dayrule`, `day`, `month`, `year`, `active`, `import_key`) VALUES (1,1,0,'NEWYEARDAY1','',1,1,0,1,NULL),(2,1,0,'LABORDAY1','',1,5,0,1,NULL),(3,1,0,'ASSOMPTIONDAY1','',15,8,0,1,NULL),(4,1,0,'CHRISTMASDAY1','',25,12,0,1,NULL),(5,1,1,'FR-VICTORYDAY','',8,5,0,1,NULL),(6,1,1,'FR-NATIONALDAY','',14,7,0,1,NULL),(7,1,1,'FR-ASSOMPTION','',15,8,0,1,NULL),(8,1,1,'FR-TOUSSAINT','',1,11,0,1,NULL),(9,1,1,'FR-ARMISTICE','',11,11,0,1,NULL),(10,1,1,'FR-EASTER','eastermonday',0,0,0,1,NULL),(11,1,1,'FR-ASCENSION','ascension',0,0,0,1,NULL),(12,1,1,'FR-PENTECOST','pentecost',0,0,0,1,NULL),(13,1,3,'IT-LIBEAZIONE','',25,4,0,1,NULL),(14,1,3,'IT-EPIPHANY','',1,6,0,1,NULL),(15,1,3,'IT-REPUBBLICA','',2,6,0,1,NULL),(16,1,3,'IT-TUTTISANTIT','',1,11,0,1,NULL),(17,1,3,'IT-IMMACULE','',8,12,0,1,NULL),(18,1,3,'IT-SAINTSTEFAN','',26,12,0,1,NULL),(19,1,4,'ES-EASTER','easter',0,0,0,1,NULL),(20,1,4,'ES-REYE','',1,6,0,1,NULL),(21,1,4,'ES-HISPANIDAD','',12,10,0,1,NULL),(22,1,4,'ES-TOUSSAINT','',1,11,0,1,NULL),(23,1,4,'ES-CONSTITUIZION','',6,12,0,1,NULL),(24,1,4,'ES-IMMACULE','',8,12,0,1,NULL),(25,1,41,'AT-EASTER','eastermonday',0,0,0,1,NULL),(26,1,41,'AT-ASCENSION','ascension',0,0,0,1,NULL),(27,1,41,'AT-PENTECOST','pentecost',0,0,0,1,NULL),(28,1,41,'AT-FRONLEICHNAM','fronleichnam',0,0,0,1,NULL),(29,1,41,'AT-KONEGIE','',1,6,0,1,NULL),(30,1,41,'AT-26OKT','',26,10,0,1,NULL),(31,1,41,'AT-TOUSSAINT','',1,11,0,1,NULL),(32,1,41,'AT-IMMACULE','',8,12,0,1,NULL),(33,1,41,'AT-24DEC','',24,12,0,1,NULL),(34,1,41,'AT-SAINTSTEFAN','',26,12,0,1,NULL),(35,1,41,'AT-Silvester','',31,12,0,1,NULL),(36,1,117,'IN-REPUBLICDAY','',26,1,0,1,NULL),(37,1,117,'IN-GANDI','',2,10,0,1,NULL),(75,1,2,'BE-VICTORYDAY','',8,5,0,1,NULL),(76,1,2,'BE-NATIONALDAY','',21,7,0,1,NULL),(77,1,2,'BE-ASSOMPTION','',15,8,0,1,NULL),(78,1,2,'BE-TOUSSAINT','',1,11,0,1,NULL),(79,1,2,'BE-ARMISTICE','',11,11,0,1,NULL),(80,1,2,'BE-EASTER','eastermonday',0,0,0,1,NULL),(81,1,2,'BE-ASCENSION','ascension',0,0,0,1,NULL),(82,1,2,'BE-PENTECOST','pentecost',0,0,0,1,NULL),(115,1,5,'DE-NEUJAHR','',1,1,0,1,NULL),(116,1,5,'DE-HL3KOEN--TLW','',6,1,0,0,NULL),(117,1,5,'DE-INTFRAUENTAG--TLW','',8,3,0,0,NULL),(118,1,5,'DE-KARFREITAG','goodfriday',0,0,0,1,NULL),(119,1,5,'DE-OSTERMONTAG','eastermonday',0,0,0,1,NULL),(120,1,5,'DE-TAGDERARBEIT','',1,5,0,1,NULL),(121,1,5,'DE-HIMMELFAHRT','ascension',0,0,0,1,NULL),(122,1,5,'DE-PFINGSTEN','pentecotemonday',0,0,0,1,NULL),(123,1,5,'DE-FRONLEICHNAM--TLW','fronleichnam',0,0,0,0,NULL),(124,1,5,'DE-MARIAEHIMMEL--TLW','',15,8,0,0,NULL),(125,1,5,'DE-WELTKINDERTAG--TLW','',20,9,0,0,NULL),(126,1,5,'DE-TAGDERDEUTEINHEIT','',3,10,0,1,NULL),(127,1,5,'DE-REFORMATIONSTAG--TLW','',31,10,0,0,NULL),(128,1,5,'DE-ALLERHEILIGEN--TLW','',1,11,0,0,NULL),(129,1,5,'DE-WEIHNACHTSTAG1','',25,12,0,1,NULL),(130,1,5,'DE-WEIHNACHTSTAG2','',26,12,0,1,NULL),(142,1,102,'GR-ΠΡΩΤΟΧΡΟΝΙΑ','',1,1,0,1,NULL),(143,1,102,'GR-ΘΕΟΦΑΝΕΙΑ','',6,1,0,1,NULL),(144,1,102,'GR-25Η ΜΑΡΤΙΟΥ','',25,3,0,1,NULL),(145,1,102,'GR-ΠΡΩΤΟΜΑΓΙΑ','',1,5,0,1,NULL),(146,1,102,'GR-ΚΑΘΑΡΑ ΔΕΥΤΕΡΑ','ΚΑΘΑΡΑ_ΔΕΥΤΕΡΑ',0,0,0,1,NULL),(147,1,102,'GR-ΜΕΓΑΛΗ ΠΑΡΑΣΚΕΥΗ','ΜΕΓΑΛΗ_ΠΑΡΑΣΚΕΥΗ',0,0,0,1,NULL),(148,1,102,'GR-ΔΕΥΤΕΡΑ ΤΟΥ ΠΑΣΧΑ','ΔΕΥΤΕΡΑ_ΤΟΥ_ΠΑΣΧΑ',0,0,0,1,NULL),(149,1,102,'GR-ΤΟΥ ΑΓΙΟΥ ΠΝΕΥΜΑΤΟΣ','ΤΟΥ_ΑΓΙΟΥ_ΠΝΕΥΜΑΤΟΣ',0,0,0,1,NULL),(150,1,102,'GR-ΚΟΙΜΗΣΗ ΤΗΣ ΘΕΟΤΟΚΟΥ','',15,8,0,1,NULL),(151,1,102,'GR-28Η ΟΚΤΩΒΡΙΟΥ','',28,10,0,1,NULL),(152,1,102,'GR-ΧΡΙΣΤΟΥΓΕΝΝΑ','',25,12,0,1,NULL),(153,1,102,'GR-ΣΥΝΑΞΗ ΘΕΟΤΟΚΟΥ','',26,12,0,1,NULL);

--
-- Table structure for table `llx_c_incoterms`
--

CREATE TABLE `llx_c_incoterms` (
  `rowid` int NOT NULL AUTO_INCREMENT,
  `code` varchar(3) CHARACTER SET utf8mb4 COLLATE utf8mb4_unicode_ci NOT NULL,
  `label` varchar(100) CHARACTER SET utf8mb4 COLLATE utf8mb4_unicode_ci DEFAULT NULL,
  `libelle` varchar(255) CHARACTER SET utf8mb4 COLLATE utf8mb4_unicode_ci NOT NULL,
  `active` tinyint NOT NULL DEFAULT '1',
  PRIMARY KEY (`rowid`),
  UNIQUE KEY `uk_c_incoterms` (`code`)
) ENGINE=InnoDB AUTO_INCREMENT=37 DEFAULT CHARSET=utf8mb4 COLLATE=utf8mb4_unicode_ci;

--
-- Dumping data for table `llx_c_incoterms`
--

INSERT INTO `llx_c_incoterms` (`rowid`, `code`, `label`, `libelle`, `active`) VALUES (1,'EXW','Ex Works','Ex Works, au départ non chargé, non dédouané sortie d\'usine (uniquement adapté aux flux domestiques, nationaux)',1),(2,'FCA','Free Carrier','Free Carrier, marchandises dédouanées et chargées dans le pays de départ, chez le vendeur ou chez le commissionnaire de transport de l\'acheteur',1),(3,'FAS','Free Alongside Ship','Free Alongside Ship, sur le quai du port de départ',1),(4,'FOB','Free On Board','Free On Board, chargé sur le bateau, les frais de chargement dans celui-ci étant fonction du liner term indiqué par la compagnie maritime (à la charge du vendeur)',1),(5,'CFR','Cost and Freight','Cost and Freight, chargé dans le bateau, livraison au port de départ, frais payés jusqu\'au port d\'arrivée, sans assurance pour le transport, non déchargé du navire à destination (les frais de déchargement sont inclus ou non au port d\'arrivée)',1),(6,'CIF','Cost, Insurance, Freight','Cost, Insurance and Freight, chargé sur le bateau, frais jusqu\'au port d\'arrivée, avec l\'assurance marchandise transportée souscrite par le vendeur pour le compte de l\'acheteur',1),(7,'CPT','Carriage Paid To','Carriage Paid To, livraison au premier transporteur, frais jusqu\'au déchargement du mode de transport, sans assurance pour le transport',1),(8,'CIP','Carriage Insurance Paid','Carriage and Insurance Paid to, idem CPT, avec assurance marchandise transportée souscrite par le vendeur pour le compte de l\'acheteur',1),(9,'DAT','Delivered At Terminal','Delivered At Terminal, marchandises (déchargées) livrées sur quai, dans un terminal maritime, fluvial, aérien, routier ou ferroviaire désigné (dédouanement import, et post-acheminement payés par l\'acheteur)',1),(10,'DAP','Delivered At Place','Delivered At Place, marchandises (non déchargées) mises à disposition de l\'acheteur dans le pays d\'importation au lieu précisé dans le contrat (déchargement, dédouanement import payé par l\'acheteur)',1),(11,'DDP','Delivered Duty Paid','Delivered Duty Paid, marchandises (non déchargées) livrées à destination finale, dédouanement import et taxes à la charge du vendeur ; l\'acheteur prend en charge uniquement le déchargement (si exclusion des taxes type TVA, le préciser clairement)',1),(12,'DPU','Delivered at Place Unloaded','Delivered at Place unloaded',1);

--
-- Table structure for table `llx_c_input_method`
--

CREATE TABLE `llx_c_input_method` (
  `rowid` int NOT NULL AUTO_INCREMENT,
  `code` varchar(30) CHARACTER SET utf8mb4 COLLATE utf8mb4_unicode_ci DEFAULT NULL,
  `libelle` varchar(128) CHARACTER SET utf8mb4 COLLATE utf8mb4_unicode_ci DEFAULT NULL,
  `active` tinyint NOT NULL DEFAULT '1',
  `module` varchar(32) CHARACTER SET utf8mb4 COLLATE utf8mb4_unicode_ci DEFAULT NULL,
  PRIMARY KEY (`rowid`),
  UNIQUE KEY `uk_c_input_method` (`code`)
) ENGINE=InnoDB AUTO_INCREMENT=6 DEFAULT CHARSET=utf8mb4 COLLATE=utf8mb4_unicode_ci;

--
-- Dumping data for table `llx_c_input_method`
--

INSERT INTO `llx_c_input_method` (`rowid`, `code`, `libelle`, `active`, `module`) VALUES (1,'OrderByMail','Courrier',1,NULL),(2,'OrderByFax','Fax',1,NULL),(3,'OrderByEMail','EMail',1,NULL),(4,'OrderByPhone','Téléphone',1,NULL),(5,'OrderByWWW','En ligne',1,NULL);

--
-- Table structure for table `llx_c_input_reason`
--

CREATE TABLE `llx_c_input_reason` (
  `rowid` int NOT NULL AUTO_INCREMENT,
  `code` varchar(30) CHARACTER SET utf8mb4 COLLATE utf8mb4_unicode_ci DEFAULT NULL,
  `label` varchar(128) CHARACTER SET utf8mb4 COLLATE utf8mb4_unicode_ci DEFAULT NULL,
  `active` tinyint NOT NULL DEFAULT '1',
  `module` varchar(32) CHARACTER SET utf8mb4 COLLATE utf8mb4_unicode_ci DEFAULT NULL,
  PRIMARY KEY (`rowid`),
  UNIQUE KEY `uk_c_input_reason` (`code`)
) ENGINE=InnoDB AUTO_INCREMENT=13 DEFAULT CHARSET=utf8mb4 COLLATE=utf8mb4_unicode_ci;

--
-- Dumping data for table `llx_c_input_reason`
--

INSERT INTO `llx_c_input_reason` (`rowid`, `code`, `label`, `active`, `module`) VALUES (1,'SRC_INTE','Web site',1,NULL),(2,'SRC_CAMP_MAIL','Mailing campaign',1,NULL),(3,'SRC_CAMP_PHO','Phone campaign',1,NULL),(4,'SRC_CAMP_FAX','Fax campaign',1,NULL),(5,'SRC_COMM','Commercial contact',1,NULL),(6,'SRC_SHOP','Shop contact',1,NULL),(7,'SRC_CAMP_EMAIL','EMailing campaign',1,NULL),(8,'SRC_WOM','Word of mouth',1,NULL),(9,'SRC_PARTNER','Partner',1,NULL),(10,'SRC_EMPLOYEE','Employee',1,NULL),(11,'SRC_SPONSORING','Sponsorship',1,NULL),(12,'SRC_CUSTOMER','Incoming contact of a customer',1,NULL);

--
-- Table structure for table `llx_c_invoice_subtype`
--

CREATE TABLE `llx_c_invoice_subtype` (
  `rowid` int NOT NULL AUTO_INCREMENT,
  `entity` int NOT NULL DEFAULT '1',
  `fk_country` int NOT NULL,
  `code` varchar(5) NOT NULL,
  `label` varchar(100) DEFAULT NULL,
  `active` tinyint NOT NULL DEFAULT '1',
  PRIMARY KEY (`rowid`),
  UNIQUE KEY `uk_c_invoice_subtype` (`entity`,`code`,`fk_country`)
) ENGINE=InnoDB AUTO_INCREMENT=145 DEFAULT CHARSET=latin1;

--
-- Dumping data for table `llx_c_invoice_subtype`
--

INSERT INTO `llx_c_invoice_subtype` (`rowid`, `entity`, `fk_country`, `code`, `label`, `active`) VALUES (1,1,102,'1.1','????????? ???????',1),(2,1,102,'1.2','????????? ??????? / ?????????????? ??????????',1),(3,1,102,'1.3','????????? ??????? / ?????????? ?????? ?????',1),(4,1,102,'1.4','????????? ??????? / ?????? ??? ?????????? ??????',0),(5,1,102,'1.5','????????? ??????? / ?????????? ???????? ?????? - ?????? ??? ???????? ??????',0),(6,1,102,'1.6','????????? ??????? / ?????????????? ???????????',0),(7,1,102,'2.1','????????? ???????',1),(8,1,102,'2.2','????????? ??????? / ????????????? ?????? ?????????',1),(9,1,102,'2.3','????????? ??????? / ?????? ????????? ?? ????? ?????? ?????',1),(10,1,102,'2.4','????????? ??????? / ?????????????? ???????????',0),(11,1,102,'3.1','?????? ?????? (?? ???????? ???????)',0),(12,1,102,'3.2','?????? ?????? (?????? ??????? ??? ??????? ??????)',0),(13,1,102,'6.1','???????? ?????????????',0),(14,1,102,'6.2','???????? ??????????????????',0),(15,1,102,'7.1','????????? - ?????',0),(16,1,102,'8.1','??????? - ?????',0),(17,1,102,'8.2','?????? ???????? – ????????? ????????? ????? ????????',0),(18,1,102,'11.1','???',1),(19,1,102,'11.2','???',1),(20,1,102,'11.3','???????????? ?????????',0),(21,1,102,'11.5','???????? ???????? ??????? ??? ???/??? ??????',0),(127,1,102,'5.1','????????? ????????? / ?????????????',0),(128,1,102,'5.2','????????? ????????? / ?? ?????????????',1),(129,1,102,'11.4','????????? ?????. ????????',1);

--
-- Table structure for table `llx_c_lead_status`
--

CREATE TABLE `llx_c_lead_status` (
  `rowid` int NOT NULL AUTO_INCREMENT,
  `code` varchar(10) CHARACTER SET utf8mb4 COLLATE utf8mb4_unicode_ci DEFAULT NULL,
  `label` varchar(128) CHARACTER SET utf8mb4 COLLATE utf8mb4_unicode_ci DEFAULT NULL,
  `position` int DEFAULT NULL,
  `percent` double(5,2) DEFAULT NULL,
  `active` tinyint NOT NULL DEFAULT '1',
  PRIMARY KEY (`rowid`),
  UNIQUE KEY `uk_c_lead_status_code` (`code`)
) ENGINE=InnoDB AUTO_INCREMENT=8 DEFAULT CHARSET=utf8mb4 COLLATE=utf8mb4_unicode_ci;

--
-- Dumping data for table `llx_c_lead_status`
--

INSERT INTO `llx_c_lead_status` (`rowid`, `code`, `label`, `position`, `percent`, `active`) VALUES (1,'PROSP','Prospection',10,0.00,1),(2,'QUAL','Qualification',20,20.00,1),(3,'PROPO','Proposal',30,40.00,1),(4,'NEGO','Negotiation',40,60.00,1),(5,'PENDING','Pending',50,50.00,0),(6,'WON','Won',60,100.00,1),(7,'LOST','Lost',70,0.00,1);

--
-- Table structure for table `llx_c_paiement`
--

CREATE TABLE `llx_c_paiement` (
  `id` int NOT NULL AUTO_INCREMENT,
  `entity` int NOT NULL DEFAULT '1',
  `code` varchar(6) CHARACTER SET utf8mb4 COLLATE utf8mb4_unicode_ci NOT NULL,
  `libelle` varchar(128) CHARACTER SET utf8mb4 COLLATE utf8mb4_unicode_ci DEFAULT NULL,
  `type` smallint DEFAULT NULL,
  `active` tinyint NOT NULL DEFAULT '1',
  `accountancy_code` varchar(32) CHARACTER SET utf8mb4 COLLATE utf8mb4_unicode_ci DEFAULT NULL,
  `module` varchar(32) CHARACTER SET utf8mb4 COLLATE utf8mb4_unicode_ci DEFAULT NULL,
  `position` int NOT NULL DEFAULT '0',
  PRIMARY KEY (`id`),
  UNIQUE KEY `uk_c_paiement_code` (`entity`,`code`)
) ENGINE=InnoDB AUTO_INCREMENT=112 DEFAULT CHARSET=utf8mb4 COLLATE=utf8mb4_unicode_ci;

--
-- Dumping data for table `llx_c_paiement`
--

INSERT INTO `llx_c_paiement` (`id`, `entity`, `code`, `libelle`, `type`, `active`, `accountancy_code`, `module`, `position`) VALUES (2,1,'VIR','Transfer',2,1,NULL,NULL,0),(4,1,'LIQ','Cash',2,1,NULL,NULL,0),(7,1,'CHQ','Cheque',0,1,NULL,NULL,0),(106,1,'WEB','En ligne',2,1,NULL,NULL,0),(108,1,'ALMA3','En 3 fois',0,1,NULL,NULL,0),(109,1,'ALMA4','En 4 fois',0,1,NULL,NULL,0),(110,1,'ALMA2','En 2 fois',0,1,NULL,NULL,0),(111,1,'TPE','Terminal de paiement',2,1,NULL,NULL,0);

--
-- Table structure for table `llx_c_paper_format`
--

CREATE TABLE `llx_c_paper_format` (
  `rowid` int NOT NULL AUTO_INCREMENT,
  `code` varchar(16) CHARACTER SET utf8mb4 COLLATE utf8mb4_unicode_ci NOT NULL,
  `label` varchar(128) CHARACTER SET utf8mb4 COLLATE utf8mb4_unicode_ci DEFAULT NULL,
  `width` float(6,2) DEFAULT '0.00',
  `height` float(6,2) DEFAULT '0.00',
  `unit` varchar(5) CHARACTER SET utf8mb4 COLLATE utf8mb4_unicode_ci NOT NULL,
  `active` tinyint NOT NULL DEFAULT '1',
  `module` varchar(32) CHARACTER SET utf8mb4 COLLATE utf8mb4_unicode_ci DEFAULT NULL,
  PRIMARY KEY (`rowid`)
) ENGINE=InnoDB AUTO_INCREMENT=226 DEFAULT CHARSET=utf8mb4 COLLATE=utf8mb4_unicode_ci;

--
-- Dumping data for table `llx_c_paper_format`
--

INSERT INTO `llx_c_paper_format` (`rowid`, `code`, `label`, `width`, `height`, `unit`, `active`, `module`) VALUES (1,'EU4A0','Format 4A0',1682.00,2378.00,'mm',1,NULL),(2,'EU2A0','Format 2A0',1189.00,1682.00,'mm',1,NULL),(3,'EUA0','Format A0',840.00,1189.00,'mm',1,NULL),(4,'EUA1','Format A1',594.00,840.00,'mm',1,NULL),(5,'EUA2','Format A2',420.00,594.00,'mm',1,NULL),(6,'EUA3','Format A3',297.00,420.00,'mm',1,NULL),(7,'EUA4','Format A4',210.00,297.00,'mm',1,NULL),(8,'EUA5','Format A5',148.00,210.00,'mm',1,NULL),(9,'EUA6','Format A6',105.00,148.00,'mm',1,NULL),(100,'USLetter','Format Letter (A)',216.00,279.00,'mm',1,NULL),(105,'USLegal','Format Legal',216.00,356.00,'mm',1,NULL),(110,'USExecutive','Format Executive',190.00,254.00,'mm',1,NULL),(115,'USLedger','Format Ledger/Tabloid (B)',279.00,432.00,'mm',1,NULL),(200,'CAP1','Format Canadian P1',560.00,860.00,'mm',1,NULL),(205,'CAP2','Format Canadian P2',430.00,560.00,'mm',1,NULL),(210,'CAP3','Format Canadian P3',280.00,430.00,'mm',1,NULL),(215,'CAP4','Format Canadian P4',215.00,280.00,'mm',1,NULL),(220,'CAP5','Format Canadian P5',140.00,215.00,'mm',1,NULL),(225,'CAP6','Format Canadian P6',107.00,140.00,'mm',1,NULL);

--
-- Table structure for table `llx_c_partnership_type`
--

CREATE TABLE `llx_c_partnership_type` (
  `rowid` int NOT NULL AUTO_INCREMENT,
  `entity` int NOT NULL DEFAULT '1',
  `code` varchar(32) CHARACTER SET utf8mb4 COLLATE utf8mb4_general_ci NOT NULL,
  `label` varchar(128) CHARACTER SET utf8mb4 COLLATE utf8mb4_general_ci DEFAULT NULL,
  `active` tinyint NOT NULL DEFAULT '1',
  `keyword` varchar(128) CHARACTER SET utf8mb4 COLLATE utf8mb4_general_ci DEFAULT NULL,
  PRIMARY KEY (`rowid`),
  UNIQUE KEY `uk_c_partnership_type` (`entity`,`code`)
) ENGINE=InnoDB AUTO_INCREMENT=2 DEFAULT CHARSET=utf8mb4 COLLATE=utf8mb4_general_ci;

--
-- Dumping data for table `llx_c_partnership_type`
--

INSERT INTO `llx_c_partnership_type` (`rowid`, `entity`, `code`, `label`, `active`, `keyword`) VALUES (1,1,'DEFAULT','Default',1,NULL);

--
-- Table structure for table `llx_c_payment_term`
--

CREATE TABLE `llx_c_payment_term` (
  `rowid` int NOT NULL AUTO_INCREMENT,
  `entity` int NOT NULL DEFAULT '1',
  `code` varchar(16) CHARACTER SET utf8mb4 COLLATE utf8mb4_unicode_ci DEFAULT NULL,
  `sortorder` smallint DEFAULT NULL,
  `active` tinyint DEFAULT '1',
  `libelle` varchar(255) CHARACTER SET utf8mb4 COLLATE utf8mb4_unicode_ci DEFAULT NULL,
  `libelle_facture` text CHARACTER SET utf8mb4 COLLATE utf8mb4_unicode_ci,
  `type_cdr` tinyint DEFAULT NULL,
  `nbjour` smallint DEFAULT NULL,
  `decalage` smallint DEFAULT NULL,
  `deposit_percent` varchar(63) CHARACTER SET utf8mb4 COLLATE utf8mb4_unicode_ci DEFAULT NULL,
  `module` varchar(32) CHARACTER SET utf8mb4 COLLATE utf8mb4_unicode_ci DEFAULT NULL,
  `position` int NOT NULL DEFAULT '0',
  PRIMARY KEY (`rowid`),
  UNIQUE KEY `uk_c_payment_term_code` (`entity`,`code`)
) ENGINE=InnoDB AUTO_INCREMENT=15 DEFAULT CHARSET=utf8mb4 COLLATE=utf8mb4_unicode_ci;

--
-- Dumping data for table `llx_c_payment_term`
--

INSERT INTO `llx_c_payment_term` (`rowid`, `entity`, `code`, `sortorder`, `active`, `libelle`, `libelle_facture`, `type_cdr`, `nbjour`, `decalage`, `deposit_percent`, `module`, `position`) VALUES (1,1,'RECEP',1,1,'Due upon receipt','Due upon receipt',0,1,NULL,NULL,NULL,0),(2,1,'30D',2,1,'30 days','Due in 30 days',0,30,NULL,NULL,NULL,0),(6,1,'PT_ORDER',6,1,'Due on order','Due on order',0,1,NULL,NULL,NULL,0),(8,1,'PT_5050',8,1,'50 and 50','50% on order, 50% on delivery',0,1,NULL,NULL,NULL,0),(13,1,'DEP30PCTDEL',13,0,'__DEPOSIT_PERCENT__% deposit','__DEPOSIT_PERCENT__% deposit, remainder on delivery',0,1,NULL,'30',NULL,0);

--
-- Table structure for table `llx_c_price_expression`
--

CREATE TABLE `llx_c_price_expression` (
  `rowid` int NOT NULL AUTO_INCREMENT,
  `title` varchar(20) CHARACTER SET utf8mb4 COLLATE utf8mb4_unicode_ci NOT NULL,
  `expression` varchar(255) CHARACTER SET utf8mb4 COLLATE utf8mb4_unicode_ci NOT NULL,
  PRIMARY KEY (`rowid`)
) ENGINE=InnoDB DEFAULT CHARSET=utf8mb4 COLLATE=utf8mb4_unicode_ci;

--
-- Dumping data for table `llx_c_price_expression`
--


--
-- Table structure for table `llx_c_price_global_variable`
--

CREATE TABLE `llx_c_price_global_variable` (
  `rowid` int NOT NULL AUTO_INCREMENT,
  `code` varchar(20) CHARACTER SET utf8mb4 COLLATE utf8mb4_unicode_ci NOT NULL,
  `description` text CHARACTER SET utf8mb4 COLLATE utf8mb4_unicode_ci,
  `value` double(24,8) DEFAULT '0.00000000',
  PRIMARY KEY (`rowid`)
) ENGINE=InnoDB DEFAULT CHARSET=utf8mb4 COLLATE=utf8mb4_unicode_ci;

--
-- Dumping data for table `llx_c_price_global_variable`
--


--
-- Table structure for table `llx_c_price_global_variable_updater`
--

CREATE TABLE `llx_c_price_global_variable_updater` (
  `rowid` int NOT NULL AUTO_INCREMENT,
  `type` int NOT NULL,
  `description` text CHARACTER SET utf8mb4 COLLATE utf8mb4_unicode_ci,
  `parameters` text CHARACTER SET utf8mb4 COLLATE utf8mb4_unicode_ci,
  `fk_variable` int NOT NULL,
  `update_interval` int DEFAULT '0',
  `next_update` int DEFAULT '0',
  `last_status` text CHARACTER SET utf8mb4 COLLATE utf8mb4_unicode_ci,
  PRIMARY KEY (`rowid`)
) ENGINE=InnoDB DEFAULT CHARSET=utf8mb4 COLLATE=utf8mb4_unicode_ci;

--
-- Dumping data for table `llx_c_price_global_variable_updater`
--


--
-- Table structure for table `llx_c_product_nature`
--

CREATE TABLE `llx_c_product_nature` (
  `rowid` int NOT NULL AUTO_INCREMENT,
  `code` tinyint NOT NULL,
  `label` varchar(128) CHARACTER SET utf8mb4 COLLATE utf8mb4_unicode_ci DEFAULT NULL,
  `active` tinyint NOT NULL DEFAULT '1',
  PRIMARY KEY (`rowid`),
  UNIQUE KEY `uk_c_product_nature` (`code`)
) ENGINE=InnoDB AUTO_INCREMENT=7 DEFAULT CHARSET=utf8mb4 COLLATE=utf8mb4_unicode_ci;

--
-- Dumping data for table `llx_c_product_nature`
--

INSERT INTO `llx_c_product_nature` (`rowid`, `code`, `label`, `active`) VALUES (1,0,'RowMaterial',1),(2,1,'Finished',1);

--
-- Table structure for table `llx_c_product_thirdparty_relation_type`
--

CREATE TABLE `llx_c_product_thirdparty_relation_type` (
  `rowid` int NOT NULL AUTO_INCREMENT,
  `code` varchar(24) NOT NULL,
  `label` varchar(128) DEFAULT NULL,
  `active` tinyint NOT NULL DEFAULT '1',
  PRIMARY KEY (`rowid`)
) ENGINE=InnoDB DEFAULT CHARSET=utf8mb4 COLLATE=utf8mb4_0900_ai_ci;

--
-- Dumping data for table `llx_c_product_thirdparty_relation_type`
--


--
-- Table structure for table `llx_c_productbatch_qcstatus`
--

CREATE TABLE `llx_c_productbatch_qcstatus` (
  `rowid` int NOT NULL AUTO_INCREMENT,
  `entity` int NOT NULL DEFAULT '1',
  `code` varchar(16) CHARACTER SET utf8mb4 COLLATE utf8mb4_general_ci NOT NULL,
  `label` varchar(128) CHARACTER SET utf8mb4 COLLATE utf8mb4_general_ci DEFAULT NULL,
  `active` int NOT NULL DEFAULT '1',
  PRIMARY KEY (`rowid`),
  UNIQUE KEY `uk_c_productbatch_qcstatus` (`code`,`entity`)
) ENGINE=InnoDB AUTO_INCREMENT=5 DEFAULT CHARSET=utf8mb4 COLLATE=utf8mb4_general_ci;

--
-- Dumping data for table `llx_c_productbatch_qcstatus`
--

INSERT INTO `llx_c_productbatch_qcstatus` (`rowid`, `entity`, `code`, `label`, `active`) VALUES (1,1,'OK','InWorkingOrder',1),(2,1,'KO','OutOfOrder',1);

--
-- Table structure for table `llx_c_propalst`
--

CREATE TABLE `llx_c_propalst` (
  `id` smallint NOT NULL,
  `code` varchar(12) CHARACTER SET utf8mb4 COLLATE utf8mb4_unicode_ci NOT NULL,
  `label` varchar(128) CHARACTER SET utf8mb4 COLLATE utf8mb4_unicode_ci DEFAULT NULL,
  `active` tinyint NOT NULL DEFAULT '1',
  `sortorder` smallint DEFAULT '0',
  PRIMARY KEY (`id`),
  UNIQUE KEY `uk_c_propalst` (`code`)
) ENGINE=InnoDB DEFAULT CHARSET=utf8mb4 COLLATE=utf8mb4_unicode_ci;

--
-- Dumping data for table `llx_c_propalst`
--

INSERT INTO `llx_c_propalst` (`id`, `code`, `label`, `active`, `sortorder`) VALUES (0,'PR_DRAFT','Brouillon',1,0),(1,'PR_OPEN','Ouverte',1,0),(2,'PR_SIGNED','Signée',1,0),(3,'PR_NOTSIGNED','Non Signée',1,0),(4,'PR_FAC','Facturée',1,0);

--
-- Table structure for table `llx_c_prospectcontactlevel`
--

CREATE TABLE `llx_c_prospectcontactlevel` (
  `code` varchar(12) CHARACTER SET utf8mb4 COLLATE utf8mb4_unicode_ci NOT NULL,
  `label` varchar(128) CHARACTER SET utf8mb4 COLLATE utf8mb4_unicode_ci DEFAULT NULL,
  `sortorder` smallint DEFAULT NULL,
  `active` smallint NOT NULL DEFAULT '1',
  `module` varchar(32) CHARACTER SET utf8mb4 COLLATE utf8mb4_unicode_ci DEFAULT NULL,
  PRIMARY KEY (`code`)
) ENGINE=InnoDB DEFAULT CHARSET=utf8mb4 COLLATE=utf8mb4_unicode_ci;

--
-- Dumping data for table `llx_c_prospectcontactlevel`
--

INSERT INTO `llx_c_prospectcontactlevel` (`code`, `label`, `sortorder`, `active`, `module`) VALUES ('PL_HIGH','High',4,1,NULL),('PL_LOW','Low',2,1,NULL),('PL_MEDIUM','Medium',3,1,NULL),('PL_NONE','None',1,1,NULL);

--
-- Table structure for table `llx_c_prospectlevel`
--

CREATE TABLE `llx_c_prospectlevel` (
  `code` varchar(12) CHARACTER SET utf8mb4 COLLATE utf8mb4_unicode_ci NOT NULL,
  `label` varchar(128) CHARACTER SET utf8mb4 COLLATE utf8mb4_unicode_ci DEFAULT NULL,
  `sortorder` smallint DEFAULT NULL,
  `active` smallint NOT NULL DEFAULT '1',
  `module` varchar(32) CHARACTER SET utf8mb4 COLLATE utf8mb4_unicode_ci DEFAULT NULL,
  PRIMARY KEY (`code`)
) ENGINE=InnoDB DEFAULT CHARSET=utf8mb4 COLLATE=utf8mb4_unicode_ci;

--
-- Dumping data for table `llx_c_prospectlevel`
--

INSERT INTO `llx_c_prospectlevel` (`code`, `label`, `sortorder`, `active`, `module`) VALUES ('PL_HIGH','High',4,1,NULL),('PL_LOW','Low',2,1,NULL),('PL_MEDIUM','Medium',3,1,NULL),('PL_NONE','None',1,1,NULL);

--
-- Table structure for table `llx_c_recruitment_origin`
--

CREATE TABLE `llx_c_recruitment_origin` (
  `rowid` int NOT NULL AUTO_INCREMENT,
  `code` varchar(32) CHARACTER SET utf8mb4 COLLATE utf8mb4_unicode_ci NOT NULL,
  `label` varchar(128) CHARACTER SET utf8mb4 COLLATE utf8mb4_unicode_ci DEFAULT NULL,
  `active` tinyint NOT NULL DEFAULT '1',
  PRIMARY KEY (`rowid`)
) ENGINE=InnoDB DEFAULT CHARSET=utf8mb4 COLLATE=utf8mb4_unicode_ci;

--
-- Dumping data for table `llx_c_recruitment_origin`
--


--
-- Table structure for table `llx_c_regions`
--

CREATE TABLE `llx_c_regions` (
  `rowid` int NOT NULL AUTO_INCREMENT,
  `code_region` int NOT NULL,
  `fk_pays` int NOT NULL,
  `cheflieu` varchar(50) CHARACTER SET utf8mb4 COLLATE utf8mb4_unicode_ci DEFAULT NULL,
  `tncc` int DEFAULT NULL,
  `nom` varchar(100) CHARACTER SET utf8mb4 COLLATE utf8mb4_unicode_ci DEFAULT NULL,
  `active` tinyint NOT NULL DEFAULT '1',
  PRIMARY KEY (`rowid`),
  UNIQUE KEY `uk_code_region` (`code_region`),
  KEY `idx_c_regions_fk_pays` (`fk_pays`),
  CONSTRAINT `fk_c_regions_fk_pays` FOREIGN KEY (`fk_pays`) REFERENCES `llx_c_country` (`rowid`)
) ENGINE=InnoDB AUTO_INCREMENT=843 DEFAULT CHARSET=utf8mb4 COLLATE=utf8mb4_unicode_ci;

--
-- Dumping data for table `llx_c_regions`
--

INSERT INTO `llx_c_regions` (`rowid`, `code_region`, `fk_pays`, `cheflieu`, `tncc`, `nom`, `active`) VALUES (1,0,0,'0',0,'-',1),(2,1,1,'97105',3,'Guadeloupe',1),(3,2,1,'97209',3,'Martinique',1),(4,3,1,'97302',3,'Guyane',1),(5,4,1,'97411',3,'Réunion',1),(6,6,1,'97601',3,'Mayotte',1),(7,11,1,'75056',1,'Île-de-France',1),(8,24,1,'45234',2,'Centre-Val de Loire',1),(9,27,1,'21231',0,'Bourgogne-Franche-Comté',1),(10,28,1,'76540',0,'Normandie',1),(11,32,1,'59350',4,'Hauts-de-France',1),(12,44,1,'67482',2,'Grand Est',1),(13,52,1,'44109',4,'Pays de la Loire',1),(14,53,1,'35238',0,'Bretagne',1),(15,75,1,'33063',0,'Nouvelle-Aquitaine',1),(16,76,1,'31355',1,'Occitanie',1),(17,84,1,'69123',1,'Auvergne-Rhône-Alpes',1),(18,93,1,'13055',0,'Provence-Alpes-Côte d\'Azur',1),(19,94,1,'2A004',0,'Corse',1),(20,4101,41,'',0,'Österreich',1),(21,201,2,'',1,'Flandre',1),(22,202,2,'',2,'Wallonie',1),(23,203,2,'',3,'Bruxelles-Capitale',1),(24,301,3,NULL,1,'Abruzzo',1),(25,302,3,NULL,1,'Basilicata',1),(26,303,3,NULL,1,'Calabria',1),(27,304,3,NULL,1,'Campania',1),(28,305,3,NULL,1,'Emilia-Romagna',1),(29,306,3,NULL,1,'Friuli-Venezia Giulia',1),(30,307,3,NULL,1,'Lazio',1),(31,308,3,NULL,1,'Liguria',1),(32,309,3,NULL,1,'Lombardia',1),(33,310,3,NULL,1,'Marche',1),(34,311,3,NULL,1,'Molise',1),(35,312,3,NULL,1,'Piemonte',1),(36,313,3,NULL,1,'Puglia',1),(37,314,3,NULL,1,'Sardegna',1),(38,315,3,NULL,1,'Sicilia',1),(39,316,3,NULL,1,'Toscana',1),(40,317,3,NULL,1,'Trentino-Alto Adige',1),(41,318,3,NULL,1,'Umbria',1),(42,319,3,NULL,1,'Valle d Aosta',1),(43,320,3,NULL,1,'Veneto',1),(44,401,4,'',0,'Andalucia',1),(45,402,4,'',0,'Aragón',1),(46,403,4,'',0,'Castilla y León',1),(47,404,4,'',0,'Castilla la Mancha',1),(48,405,4,'',0,'Canarias',1),(49,406,4,'',0,'Cataluña',1),(50,407,4,'',0,'Comunidad de Ceuta',1),(51,408,4,'',0,'Comunidad Foral de Navarra',1),(52,409,4,'',0,'Comunidad de Melilla',1),(53,410,4,'',0,'Cantabria',1),(54,411,4,'',0,'Comunidad Valenciana',1),(55,412,4,'',0,'Extemadura',1),(56,413,4,'',0,'Galicia',1),(57,414,4,'',0,'Islas Baleares',1),(58,415,4,'',0,'La Rioja',1),(59,416,4,'',0,'Comunidad de Madrid',1),(60,417,4,'',0,'Región de Murcia',1),(61,418,4,'',0,'Principado de Asturias',1),(62,419,4,'',0,'Pais Vasco',1),(63,420,4,'',0,'Otros',1),(64,501,5,'',0,'Deutschland',1),(65,10201,102,NULL,NULL,'Αττική',1),(66,10202,102,NULL,NULL,'Στερεά Ελλάδα',1),(67,10203,102,NULL,NULL,'Κεντρική Μακεδονία',1),(68,10204,102,NULL,NULL,'Κρήτη',1),(69,10205,102,NULL,NULL,'Ανατολική Μακεδονία και Θράκη',1),(70,10206,102,NULL,NULL,'Ήπειρος',1),(71,10207,102,NULL,NULL,'Ιόνια νησιά',1),(72,10208,102,NULL,NULL,'Βόρειο Αιγαίο',1),(73,10209,102,NULL,NULL,'Πελοπόννησος',1),(74,10210,102,NULL,NULL,'Νότιο Αιγαίο',1),(75,10211,102,NULL,NULL,'Δυτική Ελλάδα',1),(76,10212,102,NULL,NULL,'Θεσσαλία',1),(77,10213,102,NULL,NULL,'Δυτική Μακεδονία',1),(78,601,6,'',1,'Cantons',1),(79,701,7,'',0,'England',1),(80,702,7,'',0,'Wales',1),(81,703,7,'',0,'Scotland',1),(82,704,7,'',0,'Northern Ireland',1),(83,1001,10,'',0,'Ariana',1),(84,1002,10,'',0,'Béja',1),(85,1003,10,'',0,'Ben Arous',1),(86,1004,10,'',0,'Bizerte',1),(87,1005,10,'',0,'Gabès',1),(88,1006,10,'',0,'Gafsa',1),(89,1007,10,'',0,'Jendouba',1),(90,1008,10,'',0,'Kairouan',1),(91,1009,10,'',0,'Kasserine',1),(92,1010,10,'',0,'Kébili',1),(93,1011,10,'',0,'La Manouba',1),(94,1012,10,'',0,'Le Kef',1),(95,1013,10,'',0,'Mahdia',1),(96,1014,10,'',0,'Médenine',1),(97,1015,10,'',0,'Monastir',1),(98,1016,10,'',0,'Nabeul',1),(99,1017,10,'',0,'Sfax',1),(100,1018,10,'',0,'Sidi Bouzid',1),(101,1019,10,'',0,'Siliana',1),(102,1020,10,'',0,'Sousse',1),(103,1021,10,'',0,'Tataouine',1),(104,1022,10,'',0,'Tozeur',1),(105,1023,10,'',0,'Tunis',1),(106,1024,10,'',0,'Zaghouan',1),(107,1101,11,'',0,'United-States',1),(108,1301,13,'',0,'Algerie',1),(109,1401,14,'',0,'Canada',1),(110,1701,17,'',0,'Provincies van Nederland ',1),(111,2301,23,'',0,'Norte',1),(112,2302,23,'',0,'Litoral',1),(113,2303,23,'',0,'Cuyana',1),(114,2304,23,'',0,'Central',1),(115,2305,23,'',0,'Patagonia',1),(116,2801,28,'',0,'Australia',1),(117,4601,46,'',0,'Barbados',1),(118,5201,52,'',0,'Chuquisaca',1),(119,5202,52,'',0,'La Paz',1),(120,5203,52,'',0,'Cochabamba',1),(121,5204,52,'',0,'Oruro',1),(122,5205,52,'',0,'Potosí',1),(123,5206,52,'',0,'Tarija',1),(124,5207,52,'',0,'Santa Cruz',1),(125,5208,52,'',0,'El Beni',1),(126,5209,52,'',0,'Pando',1),(127,5601,56,'',0,'Brasil',1),(128,7001,70,'',0,'Colombie',1),(129,6701,67,NULL,NULL,'Tarapacá',1),(130,6702,67,NULL,NULL,'Antofagasta',1),(131,6703,67,NULL,NULL,'Atacama',1),(132,6704,67,NULL,NULL,'Coquimbo',1),(133,6705,67,NULL,NULL,'Valparaíso',1),(134,6706,67,NULL,NULL,'General Bernardo O Higgins',1),(135,6707,67,NULL,NULL,'Maule',1),(136,6708,67,NULL,NULL,'Biobío',1),(137,6709,67,NULL,NULL,'Raucanía',1),(138,6710,67,NULL,NULL,'Los Lagos',1),(139,6711,67,NULL,NULL,'Aysén General Carlos Ibáñez del Campo',1),(140,6712,67,NULL,NULL,'Magallanes y Antártica Chilena',1),(141,6713,67,NULL,NULL,'Metropolitana de Santiago',1),(142,6714,67,NULL,NULL,'Los Ríos',1),(143,6715,67,NULL,NULL,'Arica y Parinacota',1),(144,8601,86,NULL,NULL,'Central',1),(145,8602,86,NULL,NULL,'Oriental',1),(146,8603,86,NULL,NULL,'Occidental',1),(147,11401,114,'',0,'Honduras',1),(148,11701,117,'',0,'India',1),(149,11801,118,'',0,'Indonesia',1),(150,1201,12,'',0,'Tanger-Tétouan',1),(151,1202,12,'',0,'Gharb-Chrarda-Beni Hssen',1),(152,1203,12,'',0,'Taza-Al Hoceima-Taounate',1),(153,1204,12,'',0,'L\'Oriental',1),(154,1205,12,'',0,'Fès-Boulemane',1),(155,1206,12,'',0,'Meknès-Tafialet',1),(156,1207,12,'',0,'Rabat-Salé-Zemour-Zaër',1),(157,1208,12,'',0,'Grand Cassablanca',1),(158,1209,12,'',0,'Chaouia-Ouardigha',1),(159,1210,12,'',0,'Doukahla-Adba',1),(160,1211,12,'',0,'Marrakech-Tensift-Al Haouz',1),(161,1212,12,'',0,'Tadla-Azilal',1),(162,1213,12,'',0,'Sous-Massa-Drâa',1),(163,1214,12,'',0,'Guelmim-Es Smara',1),(164,1215,12,'',0,'Laâyoune-Boujdour-Sakia el Hamra',1),(165,1216,12,'',0,'Oued Ed-Dahab Lagouira',1),(166,14001,140,'',0,'Diekirch',1),(167,14002,140,'',0,'Grevenmacher',1),(168,14003,140,'',0,'Luxembourg',1),(169,15201,152,'',0,'Rivière Noire',1),(170,15202,152,'',0,'Flacq',1),(171,15203,152,'',0,'Grand Port',1),(172,15204,152,'',0,'Moka',1),(173,15205,152,'',0,'Pamplemousses',1),(174,15206,152,'',0,'Plaines Wilhems',1),(175,15207,152,'',0,'Port-Louis',1),(176,15208,152,'',0,'Rivière du Rempart',1),(177,15209,152,'',0,'Savanne',1),(178,15210,152,'',0,'Rodrigues',1),(179,15211,152,'',0,'Les îles Agaléga',1),(180,15212,152,'',0,'Les écueils des Cargados Carajos',1),(181,15401,154,'',0,'Mexique',1),(182,18801,188,'',0,'Romania',1),(183,23201,232,'',0,'Los Andes',1),(184,23202,232,'',0,'Capital',1),(185,23203,232,'',0,'Central',1),(186,23204,232,'',0,'Cento Occidental',1),(187,23205,232,'',0,'Guayana',1),(188,23206,232,'',0,'Insular',1),(189,23207,232,'',0,'Los Llanos',1),(190,23208,232,'',0,'Nor-Oriental',1),(191,23209,232,'',0,'Zuliana',1),(192,18101,181,'',0,'Amazonas',1),(193,18102,181,'',0,'Ancash',1),(194,18103,181,'',0,'Apurimac',1),(195,18104,181,'',0,'Arequipa',1),(196,18105,181,'',0,'Ayacucho',1),(197,18106,181,'',0,'Cajamarca',1),(198,18107,181,'',0,'Callao',1),(199,18108,181,'',0,'Cuzco',1),(200,18109,181,'',0,'Huancavelica',1),(201,18110,181,'',0,'Huanuco',1),(202,18111,181,'',0,'Ica',1),(203,18112,181,'',0,'Junin',1),(204,18113,181,'',0,'La Libertad',1),(205,18114,181,'',0,'Lambayeque',1),(206,18115,181,'',0,'Lima Metropolitana',1),(207,18116,181,'',0,'Lima',1),(208,18117,181,'',0,'Loreto',1),(209,18118,181,'',0,'Madre de Dios',1),(210,18119,181,'',0,'Moquegua',1),(211,18120,181,'',0,'Pasco',1),(212,18121,181,'',0,'Piura',1),(213,18122,181,'',0,'Puno',1),(214,18123,181,'',0,'San Martín',1),(215,18124,181,'',0,'Tacna',1),(216,18125,181,'',0,'Tumbes',1),(217,18126,181,'',0,'Ucayali',1),(218,17801,178,'',0,'Panama',1),(219,22701,227,'',0,'United Arab Emirates',1),(220,34000,34,'AD',NULL,'Andorra',1),(221,183100,18,'HU31',NULL,'Northern Hungary',1),(222,183200,18,'HU32',NULL,'Northern Great Plain',1),(223,183300,18,'HU33',NULL,'Southern Great Plain',1),(224,180100,18,'HU1',NULL,'Central Hungary',1),(225,182100,18,'HU21',NULL,'Central Transdanubia',1),(226,182200,18,'HU22',NULL,'Western Transdanubia',1),(227,182300,18,'HU23',NULL,'Southern Transdanubia',1),(228,15001,25,'PT',NULL,'Portugal',1),(229,15002,25,'PT9',NULL,'Azores-Madeira',1),(230,20203,202,'SI03',NULL,'East Slovenia',1),(231,20204,202,'SI04',NULL,'West Slovenia',1),(232,901,9,'京',0,'北京市',1),(233,902,9,'津',0,'天津市',1),(234,903,9,'沪',0,'上海市',1),(235,904,9,'渝',0,'重庆市',1),(236,905,9,'冀',0,'河北省',1),(237,906,9,'晋',0,'山西省',1),(238,907,9,'辽',0,'辽宁省',1),(239,908,9,'吉',0,'吉林省',1),(240,909,9,'黑',0,'黑龙江省',1),(241,910,9,'苏',0,'江苏省',1),(242,911,9,'浙',0,'浙江省',1),(243,912,9,'皖',0,'安徽省',1),(244,913,9,'闽',0,'福建省',1),(245,914,9,'赣',0,'江西省',1),(246,915,9,'鲁',0,'山东省',1),(247,916,9,'豫',0,'河南省',1),(248,917,9,'鄂',0,'湖北省',1),(249,918,9,'湘',0,'湖南省',1),(250,919,9,'粤',0,'广东省',1),(251,920,9,'琼',0,'海南省',1),(252,921,9,'川',0,'四川省',1),(253,922,9,'贵',0,'贵州省',1),(254,923,9,'云',0,'云南省',1),(255,924,9,'陕',0,'陕西省',1),(256,925,9,'甘',0,'甘肃省',1),(257,926,9,'青',0,'青海省',1),(258,927,9,'台',0,'台湾省',1),(259,928,9,'蒙',0,'内蒙古自治区',1),(260,929,9,'桂',0,'广西壮族自治区',1),(261,930,9,'藏',0,'西藏自治区',1),(262,931,9,'宁',0,'宁夏回族自治区',1),(263,932,9,'新',0,'新疆维吾尔自治区',1),(264,933,9,'港',0,'香港特别行政区',1),(265,934,9,'澳',0,'澳门特别行政区',1),(266,35001,35,'AO',NULL,'Angola',1),(558,6101,61,'',0,'Bubanza',1),(559,6102,61,'',0,'Bujumbura Mairie',1),(560,6103,61,'',0,'Bujumbura Rural',1),(561,6104,61,'',0,'Bururi',1),(562,6105,61,'',0,'Cankuzo',1),(563,6106,61,'',0,'Cibitoke',1),(564,6107,61,'',0,'Gitega',1),(565,6108,61,'',0,'Karuzi',1),(566,6109,61,'',0,'Kayanza',1),(567,6110,61,'',0,'Kirundo',1),(568,6111,61,'',0,'Makamba',1),(569,6112,61,'',0,'Muramvya',1),(570,6113,61,'',0,'Muyinga',1),(571,6114,61,'',0,'Mwaro',1),(572,6115,61,'',0,'Ngozi',1),(573,6116,61,'',0,'Rumonge',1),(574,6117,61,'',0,'Rutana',1),(575,6118,61,'',0,'Ruyigi',1),(627,7601,76,'',0,'Središnja',1),(628,7602,76,'',0,'Dalmacija',1),(629,7603,76,'',0,'Slavonija',1),(630,7604,76,'',0,'Istra',1),(631,8001,80,'',0,'Nordjylland',1),(632,8002,80,'',0,'Midtjylland',1),(633,8003,80,'',0,'Syddanmark',1),(634,8004,80,'',0,'Hovedstaden',1),(635,8005,80,'',0,'Sjælland',1),(698,12301,123,'',0,'日本',1),(765,20101,201,'SK01',NULL,'Bratislava Region',1),(766,20102,201,'SK02',NULL,'Western Slovakia',1),(767,20103,201,'SK03',NULL,'Central Slovakia',1),(768,20104,201,'SK04',NULL,'Eastern Slovakia',1),(792,21301,213,'TW',NULL,'Taiwan',1),(817,22101,221,'',0,'Marmara',1),(818,22102,221,'',0,'İç Anadolu',1),(819,22103,221,'',0,'Ege',1),(820,22104,221,'',0,'Akdeniz',1),(821,22105,221,'',0,'Güneydoğu',1),(822,22106,221,'',0,'Karadeniz',1),(823,22107,221,'',0,'Doğu Anadolu',1),(839,7700,77,'',0,'Cuba',1),(840,7701,77,'',0,'Occidente',1),(841,7702,77,'',0,'Centro',1),(842,7703,77,'',0,'Occidente',1);

--
